000
CXUS53 KARX 041457
CF6PDC
PRELIMINARY LOCAL CLIMATOLOGICAL DATA (WS FORM: F-6)
STATION: PRAIRIE_DU_CHIEN_MUN
MONTH: NOVEMBER
YEAR: 2021
LATITUDE: 43 1 N
LONGITUDE: 91 7 W
TEMPERATURE IN F: :PCPN: SNOW: WIND :SUNSHINE: SKY :PK WND
================================================================================
1 2 3 4 5 6A 6B 7 8 9 10 11 12 13 14 15 16 17 18
12Z AVG MX 2MIN
DY MAX MIN AVG DEP HDD CDD WTR SNW DPTH SPD SPD DIR MIN PSBL S-S WX SPD DR
================================================================================
1 M M M M M M M 0.0 0 M M M M M 0 M M
2 M M M M M M 0.00 0.0 0 M M M M M M M M
3 M M M M M M M 0.0 0 M M M M M M M M
4 M M M M M M M 0.0 0 M M M M M M M M
5 M M M M M M 0.00 0.0 0 M M M M M M M M
6 M M M M M M 0.00 0.0 0 M M M M M M M M
7 M M M M M M 0.00 0.0 0 M M M M M M M M
8 64 40 52 M 13 0 0.00 0.0 0 3.7 7 360 M M 0 M M
9 58 33 46 M 19 0 0.00 0.0 0 2.8 7 330 M M 0 M M
10 55 30 43 M 22 0 0.24 0.0 0 7.5 16 120 M M 4 18 24 120
11 56 37 47 M 18 0 0.46 0.0 0 11.6 20 280 M M 8 30 280
12 39 34 37 M 28 0 0.05 0.0 0 10.4 16 300 M M 5 1 27 270
13 37 32 35 M 30 0 0.00 0.0 0 10.2 18 290 M M 9 23 290
14 37 32 35 M 30 0 0.00 0.0 0 11.9 21 280 M M 9 27 290
15 39 27 33 M 32 0 0.00 0.0 0 2.7 7 70 M M 1 M M
16 48 26 37 M 28 0 0.00 0.0 0 6.0 15 120 M M 0 22 120
17 48 33 41 M 24 0 0.00 0.0 0 6.5 15 290 M M 1 23 270
18 M M M M M M M M 0 M M M M M 3 M M
19 M M M M M M 0.00 0.0 0 M M M M M 0 M M
20 M M M M M M 0.00 0.0 0 M M M M M M M M
21 M M M M M M 0.00 0.0 0 M M M M M M M M
22 M M M M M M 0.00 0.0 0 M M M M M M M M
23 M M M M M M 0.00 0.0 0 M M M M M M M M
24 56 37 47 M 18 0 0.00 0.0 0 7.2 12 310 M M 3 18 310
25 37 17 27 M 38 0 M M 0 11.7 18 290 M M 5 25 310
26 32 15 24 M 41 0 0.00 0.0 0 4.3 9 110 M M 8 M M
27 47 28 38 M 27 0 0.00 0.0 0 4.0 8 350 M M 2 16 320
28 41 26 34 M 31 0 0.00 0.0 0 6.5 13 310 M M 1 18 330
29 52 28 40 M 25 0 0.00 0.0 0 4.8 12 300 M M 5 16 180
30 51 26 39 M 26 0 0.00 0.0 0 3.5 9 300 M M 2 16 310
================================================================================
SM 797 501 450 0 0.75 0.0 115.3 M 66
================================================================================
AV 46.9 29.5 6.8 FASTST M M 3 MAX(MPH)
MISC ----> 21 280 30 280
================================================================================
NOTES:
# LAST OF SEVERAL OCCURRENCES
COLUMN 17 PEAK WIND IN M.P.H.
PRELIMINARY LOCAL CLIMATOLOGICAL DATA (WS FORM: F-6) , PAGE 2
STATION: PRAIRIE_DU_CHIEN_MUN
MONTH: NOVEMBER
YEAR: 2021
LATITUDE: 43 1 N
LONGITUDE: 91 7 W
[TEMPERATURE DATA] [PRECIPITATION DATA] SYMBOLS USED IN COLUMN 16
AVERAGE MONTHLY: 38.2 TOTAL FOR MONTH: 0.75 1 = FOG OR MIST
DPTR FM NORMAL: 0.0 DPTR FM NORMAL: M 2 = FOG REDUCING VISIBILITY
HIGHEST: 64 ON 8 GRTST 24HR 0.46 ON 11-11 TO 1/4 MILE OR LESS
LOWEST: 15 ON 26 3 = THUNDER
SNOW, ICE PELLETS, HAIL 4 = ICE PELLETS
TOTAL MONTH: 0.0 INCH 5 = HAIL
GRTST 24HR 0.0 6 = FREEZING RAIN OR DRIZZLE
GRTST DEPTH: 0 7 = DUSTSTORM OR SANDSTORM:
VSBY 1/2 MILE OR LESS
8 = SMOKE OR HAZE
[NO. OF DAYS WITH] [WEATHER - DAYS WITH] 9 = BLOWING SNOW
X = TORNADO
MAX 32 OR BELOW: 1 0.01 INCH OR MORE: 3
MAX 90 OR ABOVE: 0 0.10 INCH OR MORE: 2
MIN 32 OR BELOW: 11 0.50 INCH OR MORE: 0
MIN 0 OR BELOW: 0 1.00 INCH OR MORE: 0
[HDD (BASE 65) ]
TOTAL THIS MO. 450 CLEAR (SCALE 0-3) 11
DPTR FM NORMAL M PTCLDY (SCALE 4-7) 7
TOTAL FM JUL 1 797 CLOUDY (SCALE 8-10) 12
DPTR FM NORMAL M
[CDD (BASE 65) ]
TOTAL THIS MO. 0
DPTR FM NORMAL M [PRESSURE DATA]
TOTAL FM JAN 1 941 HIGHEST SLP M ON M
DPTR FM NORMAL M LOWEST SLP M ON M
[REMARKS]
#FINAL-11-21#