000
CXUS53 KARX 011535
CF6PDC
PRELIMINARY LOCAL CLIMATOLOGICAL DATA (WS FORM: F-6)
STATION: PRAIRIE_DU_CHIEN_MUN
MONTH: OCTOBER
YEAR: 2023
LATITUDE: 43 1 N
LONGITUDE: 91 7 W
TEMPERATURE IN F: :PCPN: SNOW: WIND :SUNSHINE: SKY :PK WND
================================================================================
1 2 3 4 5 6A 6B 7 8 9 10 11 12 13 14 15 16 17 18
12Z AVG MX 2MIN
DY MAX MIN AVG DEP HDD CDD WTR SNW DPTH SPD SPD DIR MIN PSBL S-S WX SPD DR
================================================================================
1 89 65 77 M 0 12 0.00 0.0 0 2.8 9 140 M M 0 M M
2 85 56 71 M 0 6 0.00 0.0 0 1.6 7 140 M M 0 1 M M
3 86 58 72 M 0 7 0.00 0.0 0 3.0 15 170 M M 2 22 170
4 78 56 67 M 0 2 T 0.0 0 7.7 12 240 M M 4 21 150
5 74 47 61 M 4 0 0.00 0.0 0 6.8 20 280 M M 2 27 280
6 53 42 48 M 17 0 0.01 0.0 0 7.2 21 260 M M 6 25 260
7 54 39 47 M 18 0 0.00 0.0 0 2.8 13 300 M M 5 18 21 330
8 59 40 50 M 15 0 0.00 0.0 0 0.9 8 320 M M 7 1 M M
9 58 36 47 M 18 0 0.00 0.0 0 4.3 15 300 M M 2 23 310
10 61 32 47 M 18 0 0.00 0.0 0 2.9 14 290 M M 0 21 290
11 65 31 48 M 17 0 0.01 0.0 0 0.3 7 230 M M 5 1 M M
12 51 47 49 M 16 0 M 0.0 0 10.2 18 90 M M 10 1 24 60
13 55 50 53 M 12 0 M 0.0 0 12.6 23 80 M M 10 1 32 80
14 58 49 54 M 11 0 M 0.0 0 7.9 13 360 M M 10 23 20
15 57 45 51 M 14 0 0.00 0.0 0 8.7 15 290 M M 6 22 350
16 58 37 48 M 17 0 0.00 0.0 0 2.3 8 330 M M 1 M M
17 67 35 51 M 14 0 0.00 0.0 0 1.7 9 220 M M 4 12 M M
18 63 47 55 M 10 0 M 0.0 0 5.3 13 200 M M 2 21 0
19 59 44 52 M 13 0 0.01 0.0 0 1.7 10 280 M M 6 1 M M
20 66 39 53 M 12 0 0.00 0.0 0 2.0 12 320 M M 1 1 16 300
21 65 42 54 M 11 0 0.00 0.0 0 6.0 20 320 M M 3 32 350
22 58 36 47 M 18 0 0.00 0.0 0 0.1 4 60 M M 2 M M
23 68 45 57 M 8 0 0.01 0.0 0 3.0 12 120 M M 7 8 18 110
24 80 63 72 M 0 7 0.01 0.0 0 8.0 20 210 M M 8 27 210
25 67 60 64 M 1 0 0.00 0.0 0 1.2 14 190 M M 10 1 22 190
26 70 62 66 M 0 1 0.59 0.0 0 2.4 13 170 M M 10 1 20 170
27 65 37 51 M 14 0 0.10 0.0 0 10.4 18 300 M M 10 30 300
28 38 35 37 M 28 0 M M 0 6.5 13 330 M M 10 18 290
29 38 30 34 M 31 0 0.00 0.0 M 6.5 12 330 M M 7 17 340
30 39 26 33 M 32 0 0.00 0.0 0 7.5 15 270 M M 2 25 250
31 37 29 33 M 32 0 M M M 11.7 24 310 M M 9 36 310
================================================================================
SM 1921 1360 401 35 0.74 0.0 156.0 M 161
================================================================================
AV 62.0 43.9 5.0 FASTST M M 5 MAX(MPH)
MISC ----> 24 310 36 310
================================================================================
NOTES:
# LAST OF SEVERAL OCCURRENCES
COLUMN 17 PEAK WIND IN M.P.H.
PRELIMINARY LOCAL CLIMATOLOGICAL DATA (WS FORM: F-6) , PAGE 2
STATION: PRAIRIE_DU_CHIEN_MUN
MONTH: OCTOBER
YEAR: 2023
LATITUDE: 43 1 N
LONGITUDE: 91 7 W
[TEMPERATURE DATA] [PRECIPITATION DATA] SYMBOLS USED IN COLUMN 16
AVERAGE MONTHLY: 52.9 TOTAL FOR MONTH: 0.74 1 = FOG OR MIST
DPTR FM NORMAL: 0.0 DPTR FM NORMAL: M 2 = FOG REDUCING VISIBILITY
HIGHEST: 89 ON 1 GRTST 24HR 0.59 ON 26-26 TO 1/4 MILE OR LESS
LOWEST: 26 ON 30 3 = THUNDER
SNOW, ICE PELLETS, HAIL 4 = ICE PELLETS
TOTAL MONTH: 0.0 INCH 5 = HAIL
GRTST 24HR 0.0 6 = FREEZING RAIN OR DRIZZLE
GRTST DEPTH: 0 7 = DUSTSTORM OR SANDSTORM:
VSBY 1/2 MILE OR LESS
8 = SMOKE OR HAZE
[NO. OF DAYS WITH] [WEATHER - DAYS WITH] 9 = BLOWING SNOW
X = TORNADO
MAX 32 OR BELOW: 0 0.01 INCH OR MORE: 7
MAX 90 OR ABOVE: 0 0.10 INCH OR MORE: 2
MIN 32 OR BELOW: 5 0.50 INCH OR MORE: 1
MIN 0 OR BELOW: 0 1.00 INCH OR MORE: 0
[HDD (BASE 65) ]
TOTAL THIS MO. 401 CLEAR (SCALE 0-3) 12
DPTR FM NORMAL M PTCLDY (SCALE 4-7) 11
TOTAL FM JUL 1 441 CLOUDY (SCALE 8-10) 8
DPTR FM NORMAL M
[CDD (BASE 65) ]
TOTAL THIS MO. 35
DPTR FM NORMAL M [PRESSURE DATA]
TOTAL FM JAN 1 849 HIGHEST SLP M ON M
DPTR FM NORMAL M LOWEST SLP M ON M
[REMARKS]
#FINAL-10-23#