000
CXUS56 KFGZ 010900
CF6PGA
PRELIMINARY LOCAL CLIMATOLOGICAL DATA (WS FORM: F-6)
STATION: PAGE AZ AIRPORT
MONTH: AUGUST
YEAR: 2020
LATITUDE: 36 55 N
LONGITUDE: 111 27 W
TEMPERATURE IN F: :PCPN: SNOW: WIND :SUNSHINE: SKY :PK WND
================================================================================
1 2 3 4 5 6A 6B 7 8 9 10 11 12 13 14 15 16 17 18
12Z AVG MX 2MIN
DY MAX MIN AVG DEP HDD CDD WTR SNW DPTH SPD SPD DIR MIN PSBL S-S WX SPD DR
================================================================================
1 106 76 91 8 0 26 0.00 M M 5.6 15 270 M M 0 23 290
2 106 78 92 9 0 27 0.00 M M 5.1 14 280 M M 0 21 280
3 104 77 91 8 0 26 0.00 M M 5.9 15 230 M M 0 21 240
4 101 75 88 5 0 23 0.00 M M 4.3 13 200 M M 0 19 220
5 100 73 87 4 0 22 0.00 M M 5.4 16 160 M M 0 26 220
6 98 70 84 2 0 19 0.00 M M 8.1 18 200 M M 0 28 190
7 98 68 83 1 0 18 0.00 M M 5.5 16 200 M M 0 25 230
8 99 68 84 2 0 19 0.00 M M 5.2 15 170 M M 0 22 10
9 100 71 86 4 0 21 0.00 M M 4.5 15 360 M M 0 8 20 10
10 101 70 86 4 0 21 0.00 M M 3.6 13 180 M M 0 19 360
11 99 70 85 4 0 20 T 0.0 0 4.2 21 170 M M 0 29 300
12 101 74 88 7 0 23 0.00 0.0 0 5.1 15 40 M M 0 20 290
13 102 69 86 5 0 21 0.00 0.0 0 4.3 13 280 M M 0 20 310
14 103 74 89 8 0 24 0.00 M M 3.9 13 290 M M 0 19 280
15 105 75 90 9 0 25 0.00 M M 4.0 12 70 M M 0 16 60
16 106 75 91 11 0 26 0.00 M M 4.5 13 60 M M 0 17 50
17 105 72 89 9 0 24 0.00 M M 3.6 10 20 M M 0 13 360
18 106 72 89 9 0 24 0.00 M M 3.5 13 40 M M 0 15 40
19 107 75 91 11 0 26 0.00 M M 3.1 10 330 M M 0 14 350
20 107 79 93 13 0 28 0.00 M M 5.5 16 320 M M 0 24 280
21 106 76 91 12 0 26 0.00 M M 4.4 13 90 M M 0 17 260
22 102 75 89 10 0 24 0.00 M M 5.9 16 270 M M 0 26 280
23 104 79 92 13 0 27 T M M 4.6 15 240 M M 0 25 210
24 108 76 92 13 0 27 0.00 M M 5.2 20 170 M M 0 26 140
25 102 81 92 13 0 27 0.00 M M 5.7 16 220 M M 0 8 25 230
26 103 79 91 13 0 26 T M M 5.8 25 160 M M 0 34 150
27 103 76 90 12 0 25 0.01 M M 8.3 28 160 M M 0 8 42 210
28 99 75 87 9 0 22 0.00 M M 5.7 20 210 M M 0 28 210
29 95 77 86 8 0 21 0.00 M M 7.5 15 280 M M 0 24 250
30 96 70 83 6 0 18 0.00 M M 5.8 16 280 M M 0 24 300
31 95 70 83 6 0 18 0.00 M M 6.5 17 270 M M 0 31 290
================================================================================
SM 3167 2295 0 724 0.01 0.0 160.3 M 0
================================================================================
AV102.2 74.0 5.2 FASTST M M 0 MAX(MPH)
MISC ----> # 28 160 # 42 210
================================================================================
NOTES:
# LAST OF SEVERAL OCCURRENCES
COLUMN 17 PEAK WIND IN M.P.H.
PRELIMINARY LOCAL CLIMATOLOGICAL DATA (WS FORM: F-6) , PAGE 2
STATION: PAGE AZ AIRPORT
MONTH: AUGUST
YEAR: 2020
LATITUDE: 36 55 N
LONGITUDE: 111 27 W
[TEMPERATURE DATA] [PRECIPITATION DATA] SYMBOLS USED IN COLUMN 16
AVERAGE MONTHLY: 88.1 TOTAL FOR MONTH: 0.01 1 = FOG OR MIST
DPTR FM NORMAL: 7.8 DPTR FM NORMAL: -1.16 2 = FOG REDUCING VISIBILITY
HIGHEST: 108 ON 24 GRTST 24HR 0.01 ON 27-27 TO 1/4 MILE OR LESS
LOWEST: 68 ON 8, 7 3 = THUNDER
SNOW, ICE PELLETS, HAIL 4 = ICE PELLETS
TOTAL MONTH: 0.0 INCH 5 = HAIL
GRTST 24HR 0.0 6 = FREEZING RAIN OR DRIZZLE
GRTST DEPTH: 0 7 = DUSTSTORM OR SANDSTORM:
VSBY 1/2 MILE OR LESS
8 = SMOKE OR HAZE
[NO. OF DAYS WITH] [WEATHER - DAYS WITH] 9 = BLOWING SNOW
X = TORNADO
MAX 32 OR BELOW: 0 0.01 INCH OR MORE: 1
MAX 90 OR ABOVE: 31 0.10 INCH OR MORE: 0
MIN 32 OR BELOW: 0 0.50 INCH OR MORE: 0
MIN 0 OR BELOW: 0 1.00 INCH OR MORE: 0
[HDD (BASE 65) ]
TOTAL THIS MO. 0 CLEAR (SCALE 0-3) 31
DPTR FM NORMAL 0 PTCLDY (SCALE 4-7) 0
TOTAL FM JUL 1 0 CLOUDY (SCALE 8-10) 0
DPTR FM NORMAL 0
[CDD (BASE 65) ]
TOTAL THIS MO. 724
DPTR FM NORMAL 250 [PRESSURE DATA]
TOTAL FM JAN 1 2214 HIGHEST SLP M ON M
DPTR FM NORMAL 612 LOWEST SLP 29.77 ON 31
[REMARKS]
#FINAL-08-20#