000
CXUS51 KPBZ 010730
CF6PHD
PRELIMINARY LOCAL CLIMATOLOGICAL DATA (WS FORM: F-6)
STATION: NEW PHILADELPHIA OH
MONTH: JULY
YEAR: 2020
LATITUDE: 40 28 N
LONGITUDE: 81 25 W
TEMPERATURE IN F: :PCPN: SNOW: WIND :SUNSHINE: SKY :PK WND
================================================================================
1 2 3 4 5 6A 6B 7 8 9 10 11 12 13 14 15 16 17 18
12Z AVG MX 2MIN
DY MAX MIN AVG DEP HDD CDD WTR SNW DPTH SPD SPD DIR MIN PSBL S-S WX SPD DR
================================================================================
1 86 62 74 2 0 9 0.00 M M 3.5 14 30 M M 1 17 40
2 90 62 76 4 0 11 0.00 M M 2.4 12 340 M M 1 15 320
3 92 61 77 5 0 12 0.00 M M 1.5 9 330 M M 1 1 14 320
4 91 66 79 7 0 14 0.00 M M 3.5 12 320 M M 1 18 16 360
5 91 61 76 4 0 11 0.00 M M 1.6 9 290 M M 0 18 12 250
6 94 63 79 7 0 14 0.00 M M 1.4 8 300 M M 1 1 12 30
7 93 67 80 8 0 15 0.52 M M 2.9 18 340 M M 3 13 29 350
8 91 68 80 8 0 15 0.00 M M 1.3 7 190 M M 3 128 16 340
9 93 69 81 9 0 16 0.00 M M 1.2 9 170 M M 0 1 11 250
10 91 70 81 9 0 16 0.29 M M 4.2 20 250 M M 3 13 29 260
11 84 65 75 3 0 10 0.01 M M 7.6 18 310 M M 6 1 27 310
12 82 62 72 0 0 7 0.00 M M 2.4 12 290 M M 2 13 15 290
13 82 60 71 -2 0 6 0.00 M M 3.3 14 340 M M 5 12 17 350
14 85 56 71 -2 0 6 0.00 M M 0.8 10 80 M M 0 1 13 80
15 89 58 74 1 0 9 0.00 M M 3.0 9 190 M M 0 12 18 130
16 89 67 78 5 0 13 T M M 5.8 17 220 M M 4 26 190
17 90 68 79 6 0 14 0.00 M M 1.8 9 250 M M 3 1 12 220
18 92 63 78 5 0 13 0.00 M M 3.6 12 260 M M 0 1 16 190
19 92 70 81 8 0 16 0.00 M M 6.0 15 250 M M 2 1 24 210
20 90 69 80 7 0 15 0.00 M M 4.3 12 310 M M 2 16 250
21 89 69 79 6 0 14 0.06 M M 2.2 12 310 M M 6 1 15 320
22 83 70 77 4 0 12 0.06 M M 5.0 18 300 M M 3 13 24 310
23 81 71 76 3 0 11 0.30 M M 2.6 8 300 M M 8 13 12 200
24 89 66 78 5 0 13 0.00 M M 2.5 12 340 M M 4 1 14 340
25 89 62 76 3 0 11 0.00 M M 2.2 8 280 M M 3 11 210
26 90 63 77 4 0 12 0.00 M M 3.3 12 260 M M 1 12 19 240
27 93 67 80 7 0 15 0.22 M M 5.8 21 340 M M 3 13 28 350
28 87 65 76 3 0 11 T M M 3.9 13 260 M M 4 18 250
29 90 61 76 4 0 11 0.00 M M 4.3 13 180 M M 0 18 190
30 82 66 74 2 0 9 T M M 1.4 14 160 M M 3 1 21 160
31 89 65 77 5 0 12 0.00 M M 4.6 13 360 M M 2 17 340
================================================================================
SM 2749 2012 0 373 1.46 M 99.9 M 75
================================================================================
AV 88.7 64.9 3.2 FASTST M M 2 MAX(MPH)
MISC ----> 21 340 # 29 350
================================================================================
NOTES:
# LAST OF SEVERAL OCCURRENCES
COLUMN 17 PEAK WIND IN M.P.H.
PRELIMINARY LOCAL CLIMATOLOGICAL DATA (WS FORM: F-6) , PAGE 2
STATION: NEW PHILADELPHIA OH
MONTH: JULY
YEAR: 2020
LATITUDE: 40 28 N
LONGITUDE: 81 25 W
[TEMPERATURE DATA] [PRECIPITATION DATA] SYMBOLS USED IN COLUMN 16
AVERAGE MONTHLY: 76.8 TOTAL FOR MONTH: 1.46 1 = FOG OR MIST
DPTR FM NORMAL: 4.3 DPTR FM NORMAL: -2.57 2 = FOG REDUCING VISIBILITY
HIGHEST: 94 ON 6 GRTST 24HR 0.52 ON 7- 7 TO 1/4 MILE OR LESS
LOWEST: 56 ON 14 3 = THUNDER
SNOW, ICE PELLETS, HAIL 4 = ICE PELLETS
TOTAL MONTH: M 5 = HAIL
GRTST 24HR M ON M 6 = FREEZING RAIN OR DRIZZLE
GRTST DEPTH: M ON M 7 = DUSTSTORM OR SANDSTORM:
VSBY 1/2 MILE OR LESS
8 = SMOKE OR HAZE
[NO. OF DAYS WITH] [WEATHER - DAYS WITH] 9 = BLOWING SNOW
X = TORNADO
MAX 32 OR BELOW: 0 0.01 INCH OR MORE: 7
MAX 90 OR ABOVE: 16 0.10 INCH OR MORE: 4
MIN 32 OR BELOW: 0 0.50 INCH OR MORE: 1
MIN 0 OR BELOW: 0 1.00 INCH OR MORE: 0
[HDD (BASE 65) ]
TOTAL THIS MO. 0 CLEAR (SCALE 0-3) 21
DPTR FM NORMAL -3 PTCLDY (SCALE 4-7) 10
TOTAL FM JUL 1 0 CLOUDY (SCALE 8-10) 0
DPTR FM NORMAL 0
[CDD (BASE 65) ]
TOTAL THIS MO. 373
DPTR FM NORMAL 139 [PRESSURE DATA]
TOTAL FM JAN 1 647 HIGHEST SLP M ON M
DPTR FM NORMAL 227 LOWEST SLP 29.70 ON 11
[REMARKS]
#FINAL-07-20#