000
CXUS51 KAKQ 030212
CF6PHF
PRELIMINARY LOCAL CLIMATOLOGICAL DATA (WS FORM: F-6)
STATION: NEWPORT NEWS
MONTH: SEPTEMBER
YEAR: 2021
LATITUDE: 37 7 N
LONGITUDE: 76 30 W
TEMPERATURE IN F: :PCPN: SNOW: WIND :SUNSHINE: SKY :PK WND
================================================================================
1 2 3 4 5 6A 6B 7 8 9 10 11 12 13 14 15 16 17 18
12Z AVG MX 2MIN
DY MAX MIN AVG DEP HDD CDD WTR SNW DPTH SPD SPD DIR MIN PSBL S-S WX SPD DR
================================================================================
1 89 67 78 3 0 13 0.19 M M 15.2 25 200 M M 5 13 41 210
2 78 59 69 -6 0 4 0.13 M M 7.5 17 330 M M 6 1 24 320
3 76 56 66 -9 0 1 0.00 M M 4.9 13 80 M M 1 M M
4 80 57 69 -6 0 4 0.00 M M 3.2 7 170 M M 1 M M
5 84 65 75 1 0 10 0.00 M M 11.3 16 200 M M 0 M M
6 82 62 72 -2 0 7 0.00 M M 5.4 14 220 M M 4 M M
7 85 60 73 -1 0 8 0.00 M M 3.6 12 130 M M 1 12 M M
8 88 62 75 1 0 10 0.25 M M 6.1 17 120 M M 4 13 31 260
9 78 69 74 0 0 9 0.20 M M 7.4 14 240 M M 6 1 19 200
10 77 56 67 -6 0 2 0.00 M M 5.5 15 330 M M 1 22 290
11 78 52 65 -8 0 0 0.00 M M 3.1 12 220 M M 0 18 200
12 83 65 74 1 0 9 0.00 M M 11.7 17 210 M M 0 21 230
13 87 67 77 4 0 12 0.00 M M 4.7 15 230 M M 0 21 240
14 88 67 78 6 0 13 0.00 M M 5.7 13 220 M M 0 1 17 200
15 87 68 78 6 0 13 0.00 M M 9.1 13 200 M M 1 20 230
16 85 68 77 5 0 12 0.00 M M 6.5 15 100 M M 2 M M
17 81 70 76 4 0 11 0.02 M M 7.6 13 30 M M 7 1 20 10
18 85 66 76 5 0 11 0.00 M M 3.4 7 70 M M 2 1 M M
19 83 66 75 4 0 10 0.00 M M 5.8 14 80 M M 0 1 M M
20 79 58 69 -2 0 4 0.00 M M 7.0 15 90 M M 3 23 70
21 81 67 74 4 0 9 0.00 M M 8.0 14 100 M M 1 22 100
22 84 73 79 9 0 14 0.01 M M 10.8 21 170 M M 3 29 180
23 77 61 69 -1 0 4 1.12 M M 7.0 18 170 M M 8 1 26 180
24 74 52 63 -7 2 0 0.00 M M 6.0 13 70 M M 3 22 30
25 75 51 63 -6 2 0 0.00 M M 2.5 12 290 M M 1 1 M M
26 75 53 64 -5 1 0 0.00 M M 6.0 14 310 M M 0 21 310
27 80 51 66 -2 0 1 0.00 M M 6.4 13 220 M M 0 M M
28 85 64 75 7 0 10 0.00 M M 8.2 12 240 M M 0 M M
29 76 51 64 -4 1 0 0.00 M M 4.4 10 50 M M 3 M M
30 77 48 63 -5 2 0 0.00 M M 3.2 10 260 M M 0 M M
================================================================================
SM 2437 1831 8 201 1.92 M 197.3 M 63
================================================================================
AV 81.2 61.0 6.6 FASTST M M 2 MAX(MPH)
MISC ----> 25 200 41 210
================================================================================
NOTES:
# LAST OF SEVERAL OCCURRENCES
COLUMN 17 PEAK WIND IN M.P.H.
PRELIMINARY LOCAL CLIMATOLOGICAL DATA (WS FORM: F-6) , PAGE 2
STATION: NEWPORT NEWS
MONTH: SEPTEMBER
YEAR: 2021
LATITUDE: 37 7 N
LONGITUDE: 76 30 W
[TEMPERATURE DATA] [PRECIPITATION DATA] SYMBOLS USED IN COLUMN 16
AVERAGE MONTHLY: 71.1 TOTAL FOR MONTH: 1.92 1 = FOG OR MIST
DPTR FM NORMAL: -0.6 DPTR FM NORMAL: -3.03 2 = FOG REDUCING VISIBILITY
HIGHEST: 89 ON 1 GRTST 24HR 1.12 ON 23-23 TO 1/4 MILE OR LESS
LOWEST: 48 ON 30 3 = THUNDER
SNOW, ICE PELLETS, HAIL 4 = ICE PELLETS
TOTAL MONTH: M 5 = HAIL
GRTST 24HR M ON M 6 = FREEZING RAIN OR DRIZZLE
GRTST DEPTH: M ON M 7 = DUSTSTORM OR SANDSTORM:
VSBY 1/2 MILE OR LESS
8 = SMOKE OR HAZE
[NO. OF DAYS WITH] [WEATHER - DAYS WITH] 9 = BLOWING SNOW
X = TORNADO
MAX 32 OR BELOW: 0 0.01 INCH OR MORE: 7
MAX 90 OR ABOVE: 0 0.10 INCH OR MORE: 5
MIN 32 OR BELOW: 0 0.50 INCH OR MORE: 1
MIN 0 OR BELOW: 0 1.00 INCH OR MORE: 1
[HDD (BASE 65) ]
TOTAL THIS MO. 8 CLEAR (SCALE 0-3) 22
DPTR FM NORMAL -4 PTCLDY (SCALE 4-7) 7
TOTAL FM JUL 1 8 CLOUDY (SCALE 8-10) 1
DPTR FM NORMAL -1
[CDD (BASE 65) ]
TOTAL THIS MO. 201
DPTR FM NORMAL -14 [PRESSURE DATA]
TOTAL FM JAN 1 1463 HIGHEST SLP M ON M
DPTR FM NORMAL -40 LOWEST SLP M ON M
[REMARKS]
#FINAL-09-21#