000
CXUS55 KPSR 011008
CF6PHX
PRELIMINARY LOCAL CLIMATOLOGICAL DATA (WS FORM: F-6)
STATION: PHOENIX AZ
MONTH: AUGUST
YEAR: 2022
LATITUDE: 33 25 N
LONGITUDE: 112 1 W
TEMPERATURE IN F: :PCPN: SNOW: WIND :SUNSHINE: SKY :PK WND
================================================================================
1 2 3 4 5 6A 6B 7 8 9 10 11 12 13 14 15 16 17 18
12Z AVG MX 2MIN
DY MAX MIN AVG DEP HDD CDD WTR SNW DPTH SPD SPD DIR MIN PSBL S-S WX SPD DR
================================================================================
1 105 85 95 0 0 30 0.00 0.0 0 7.4 17 280 M M 5 27 270
2 107 89 98 3 0 33 0.00 0.0 0 8.3 18 290 M M 5 26 280
3 101 87 94 -1 0 29 0.00 0.0 0 7.6 20 150 M M 7 3 26 160
4 95 75 85 -10 0 20 0.58 0.0 0 7.3 28 110 M M 7 13 37 110
5 102 80 91 -4 0 26 0.00 0.0 0 4.4 13 300 M M 4 19 270
6 108 86 97 2 0 32 0.00 0.0 0 4.8 15 300 M M 5 24 360
7 105 88 97 2 0 32 T 0.0 0 9.5 25 170 M M 7 8 36 180
8 104 85 95 0 0 30 0.00 0.0 0 8.5 18 270 M M 6 24 250
9 98 76 87 -8 0 22 0.14 0.0 0 5.5 40 130 M M 8 378 64 120
10 104 84 94 -1 0 29 0.00 0.0 0 8.3 32 310 M M 7 41 330
11 105 84 95 0 0 30 0.00 0.0 0 7.0 16 130 M M 6 22 110
12 106 80 93 -2 0 28 T 0.0 0 9.0 40 50 M M 7 378 54 60
13 104 81 93 -2 0 28 T 0.0 0 6.8 28 130 M M 6 3 38 120
14 101 81 91 -3 0 26 0.01 0.0 0 8.6 30 10 M M 8 3 38 10
15 102 79 91 -3 0 26 0.00 0.0 0 4.7 13 260 M M 3 20 250
16 105 85 95 1 0 30 0.00 0.0 0 6.9 17 270 M M 4 8 23 270
17 106 84 95 1 0 30 0.00 0.0 0 8.3 29 330 M M 5 378 38 10
18 105 82 94 0 0 29 0.04 0.0 0 6.0 32 10 M M 6 3 44 20
19 99 78 89 -5 0 24 0.04 0.0 0 7.0 23 130 M M 8 3 32 120
20 97 79 88 -6 0 23 0.00 0.0 0 7.5 16 310 M M 7 3 24 170
21 97 76 87 -7 0 22 0.10 0.0 0 7.1 36 30 M M 6 3 54 30
22 99 77 88 -6 0 23 0.00 0.0 0 6.1 13 300 M M 2 23 270
23 105 85 95 1 0 30 0.00 0.0 0 6.9 15 140 M M 4 3 20 40
24 101 84 93 -1 0 28 0.00 0.0 0 8.5 23 70 M M 5 29 110
25 103 84 94 0 0 29 0.00 0.0 0 6.3 14 110 M M 5 20 140
26 106 87 97 3 0 32 0.00 0.0 0 6.7 16 280 M M 4 28 350
27 106 86 96 2 0 31 0.00 0.0 0 5.8 22 320 M M 4 3 39 10
28 104 85 95 1 0 30 0.00 0.0 0 5.7 16 280 M M 2 24 290
29 108 89 99 5 0 34 0.00 0.0 0 8.9 18 300 M M 1 26 300
30 111 89 100 7 0 35 0.00 0.0 0 6.7 23 140 M M 2 32 130
31 109 89 99 6 0 34 0.00 0.0 0 7.3 17 120 M M 2 24 120
================================================================================
SM 3208 2579 0 885 0.91 0.0 219.4 M 158
================================================================================
AV103.5 83.2 7.1 FASTST M M 5 MAX(MPH)
MISC ----> # 40 130 64 120
================================================================================
NOTES:
# LAST OF SEVERAL OCCURRENCES
COLUMN 17 PEAK WIND IN M.P.H.
PRELIMINARY LOCAL CLIMATOLOGICAL DATA (WS FORM: F-6) , PAGE 2
STATION: PHOENIX AZ
MONTH: AUGUST
YEAR: 2022
LATITUDE: 33 25 N
LONGITUDE: 112 1 W
[TEMPERATURE DATA] [PRECIPITATION DATA] SYMBOLS USED IN COLUMN 16
AVERAGE MONTHLY: 93.3 TOTAL FOR MONTH: 0.91 1 = FOG OR MIST
DPTR FM NORMAL: -1.1 DPTR FM NORMAL: -0.02 2 = FOG REDUCING VISIBILITY
HIGHEST: 111 ON 30 GRTST 24HR 0.58 ON 4- 4 TO 1/4 MILE OR LESS
LOWEST: 75 ON 4 3 = THUNDER
SNOW, ICE PELLETS, HAIL 4 = ICE PELLETS
TOTAL MONTH: 0.0 INCH 5 = HAIL
GRTST 24HR 0.0 6 = FREEZING RAIN OR DRIZZLE
GRTST DEPTH: 0 7 = DUSTSTORM OR SANDSTORM:
VSBY 1/2 MILE OR LESS
8 = SMOKE OR HAZE
[NO. OF DAYS WITH] [WEATHER - DAYS WITH] 9 = BLOWING SNOW
X = TORNADO
MAX 32 OR BELOW: 0 0.01 INCH OR MORE: 6
MAX 90 OR ABOVE: 31 0.10 INCH OR MORE: 3
MIN 32 OR BELOW: 0 0.50 INCH OR MORE: 1
MIN 0 OR BELOW: 0 1.00 INCH OR MORE: 0
[HDD (BASE 65) ]
TOTAL THIS MO. 0 CLEAR (SCALE 0-3) 5
DPTR FM NORMAL 0 PTCLDY (SCALE 4-7) 26
TOTAL FM JUL 1 0 CLOUDY (SCALE 8-10) 0
DPTR FM NORMAL 0
[CDD (BASE 65) ]
TOTAL THIS MO. 885
DPTR FM NORMAL -25 [PRESSURE DATA]
TOTAL FM JAN 1 3831 HIGHEST SLP 29.95 ON 21
DPTR FM NORMAL 274 LOWEST SLP 29.59 ON 28
[REMARKS]
#FINAL-08-22#
MIN ON 8/21 AND 8/22, AND PCPN ON 8/21 TAKEN FROM OFFICIAL BACKUP SITE 1.5 NW DUE TO EQUIPMENT OUTAGE