000
CXUS53 KILX 071458 CCA
CLSPIA
CLIMATE REPORT...CORRECTED
NATIONAL WEATHER SERVICE LINCOLN IL
858 AM CST TUE MAR 7 2023
CORRECTED 24-HOUR SNOWFALL RECORD
...................................
...THE PEORIA IL CLIMATE SUMMARY FOR THE SEASON, FROM
12/1/2022 TO 2/28/2023...
CLIMATE NORMAL PERIOD 1991 TO 2020
CLIMATE RECORD PERIOD 1883 TO 2023
WEATHER OBSERVED NORMAL DEPART LAST YEAR`S
VALUE DATE(S) VALUE FROM VALUE
NORMAL
..............................................................
TEMPERATURE (F)
RECORD
HIGH 74 02/20/2017
02/10/1932
02/10/1932
LOW -27 01/05/1884
HIGHEST 65 01/03 MM MM 69
12/29
LOWEST -9 12/22 MM MM -5
12/23
AVG. MAXIMUM 41.1 36.9 4.2 38.7
AVG. MINIMUM 25.0 20.7 4.3 19.0
MEAN 33.0 28.8 4.2 28.8
DAYS MAX >= 90 0 0.0 0.0 0
DAYS MAX <= 32 18 33.0 -15.0 27
DAYS MIN <= 32 61 77.5 -16.5 78
DAYS MIN <= 0 3 6.2 -3.2 6
PRECIPITATION (INCHES)
RECORD
MAXIMUM 13.18 1950
MINIMUM 1.37 1963
TOTALS 7.75 6.26 1.49 5.03
DAILY AVG. 0.09 0.06
DAYS >= .01 26 28.8 -2.8 24
DAYS >= .10 15 14.1 0.9 11
DAYS >= .50 6 3.6 2.4 6
DAYS >= 1.00 2 1.3 0.7 0
GREATEST
24 HR. TOTAL 1.41 02/22 1.17
SNOWFALL (INCHES)
RECORDS
TOTAL 52.5 2011
24 HR TOTAL 11.8 02/01/2011
TOTALS 12.7 20.8 -8.1 27.9
SINCE 7/1 15.5 22.4 -6.9 MM
DAYS >= TRACE 23 16.0 7.0 22
DAYS >= 1.0 3 7.0 -4.0 9
GREATEST
SNOW DEPTH 4 01/26 9
24 HR TOTAL 5.3 01/25 10.6
DEGREE DAYS
HEATING TOTAL 2867 3258 -391 3227
SINCE 7/1 3930 4356 -426 MM
COOLING TOTAL 0 0 0 0
SINCE 1/1 0 0 0 MM
FREEZE DATES
RECORD
EARLIEST 09/20/1991
LATEST 05/25/1925
EARLIEST 10/18
LATEST 04/26
..............................................................
WIND (MPH)
AVERAGE WIND SPEED 9.2
HIGHEST WIND SPEED/DIRECTION 32/210 DATE 02/09
HIGHEST GUST SPEED/DIRECTION 47/290 DATE 12/23
SKY COVER
POSSIBLE SUNSHINE (PERCENT) MM
AVERAGE SKY COVER 0.58
NUMBER OF DAYS FAIR 23
NUMBER OF DAYS PC 12
NUMBER OF DAYS CLOUDY 24
AVERAGE RH (PERCENT) 75
WEATHER CONDITIONS. NUMBER OF DAYS WITH
THUNDERSTORM 2 MIXED PRECIP 1
HEAVY RAIN 7 RAIN 8
LIGHT RAIN 18 FREEZING RAIN 0
LT FREEZING RAIN 1 HAIL 0
HEAVY SNOW 0 SNOW 1
LIGHT SNOW 23 SLEET 0
FOG 40 FOG W/VIS <= 1/4 MILE 6
HAZE 7
- INDICATES NEGATIVE NUMBERS.
R INDICATES RECORD WAS SET OR TIED.
MM INDICATES DATA IS MISSING.
T INDICATES TRACE AMOUNT.
RECORDS SET IN PEORIA IL DURING THE 2022-2023 WINTER SEASON (DEC-FEB)...
*8TH WARMEST WINTER ON RECORD WITH AN AVG TEMP OF 33F (TIED W/ 1982-1983 & 1930-1931)
*6TH WARMEST JANUARY ON RECORD WITH AN AVG TEMP OF 33F
*11TH WARMEST FEBRUARY ON RECORD WITH AN AVG TEMP OF 35.9F
*DEC 9 - DAILY PRECIP RECORD OF 0.60"
*DEC 29 - TIED RECORD HIGH OF 65F
*JAN 3 - RECORD HIGH TEMP OF 65F
*JAN 25 - RECORD DAILY SNOWFALL OF 5.3"
*FEB 22 - DAILY PRECIP RECORD OF 1.41"
$$