000
CXUS52 KTBW 020418
CF6PIE
PRELIMINARY LOCAL CLIMATOLOGICAL DATA (WS FORM: F-6)
STATION: ST PETERSBURG CLEARWATER
MONTH: JANUARY
YEAR: 2024
LATITUDE: 27 55 N
LONGITUDE: 82 41 W
TEMPERATURE IN F: :PCPN: SNOW: WIND :SUNSHINE: SKY :PK WND
================================================================================
1 2 3 4 5 6A 6B 7 8 9 10 11 12 13 14 15 16 17 18
12Z AVG MX 2MIN
DY MAX MIN AVG DEP HDD CDD WTR SNW DPTH SPD SPD DIR MIN PSBL S-S WX SPD DR
================================================================================
1 73 49 61 -1 4 0 0.00 0.0 0 4.2 15 230 M M 4 128 22 270
2 65 53 59 -3 6 0 0.00 0.0 0 7.0 15 20 M M 1 22 10
3 70 47 59 -3 6 0 0.40 0.0 0 8.9 18 150 M M 3 1 26 150
4 68 56 62 0 3 0 0.01 0.0 0 10.2 21 320 M M 5 18 26 200
5 75 53 64 2 1 0 0.00 0.0 0 11.1 20 130 M M 2 29 140
6 78 64 71 9 0 6 0.70 0.0 0 13.2 31 190 M M 5 3 43 190
7 65 54 60 -2 5 0 0.39 0.0 0 9.9 25 320 M M 3 1 34 320
8 66 52 59 -3 6 0 0.00 0.0 0 12.9 22 130 M M 1 33 130
9 77 61 69 8 0 4 0.95 0.0 0 19.2 40 180 M M 7 123 55 180
10 64 52 58 -3 7 0 0.00 0.0 0 7.9 20 280 M M 6 27 270
11 63 51 57 -4 8 0 0.04 0.0 0 7.1 14 110 M M 6 1 19 110
12 78 57 68 7 0 3 0.12 0.0 0 13.6 24 200 M M 9 1 33 190
13 75 54 65 4 0 0 0.01 0.0 0 13.6 24 330 M M 3 1 34 220
14 57 51 54 -7 11 0 0.00 0.0 0 9.6 16 30 M M 3 25 20
15 69 55 62 1 3 0 T 0.0 0 4.3 10 80 M M 9 15 70
16 76 55 66 5 0 1 0.05 0.0 0 12.2 23 210 M M 9 12 32 270
17 60 43 52 -9 13 0 0.00 0.0 0 10.2 22 330 M M 1 27 330
18 64 49 57 -4 8 0 0.25 0.0 0 6.4 16 290 M M 9 1 20 290
19 73 56 65 4 0 0 0.07 0.0 0 6.9 16 310 M M 6 1 22 330
20 59 45 52 -9 13 0 0.00 0.0 0 11.8 18 20 M M 0 28 40
21 61 38 50 -11 15 0 0.00 0.0 0 12.2 17 60 M M 0 26 10
22 66 48 57 -4 8 0 0.00 0.0 0 8.2 15 70 M M 0 22 40
23 79 58 69 8 0 4 0.00 0.0 0 8.1 17 110 M M 2 24 110
24 80 64 72 10 0 7 0.00 0.0 0 9.0 18 110 M M 3 27 120
25 84 64 74 12 0 9 T 0.0 0 9.5 18 210 M M 4 1 25 150
26 80 65 73 11 0 8 T 0.0 0 4.4 15 150 M M 4 20 150
27 83 62 73 11 0 8 0.00 0.0 0 9.7 22 210 M M 3 32 180
28 72 56 64 2 1 0 T 0.0 0 14.6 26 320 M M 6 34 310
29 58 47 53 -9 12 0 0.00 0.0 0 12.8 23 320 M M 7 30 320
30 65 45 55 -7 10 0 0.00 0.0 0 4.1 14 270 M M 0 17 260
31 70 46 58 -4 7 0 0.00 0.0 0 8.5 20 310 M M 0 27 310
================================================================================
SM 2173 1650 147 50 2.99 0.0 301.3 M 121
================================================================================
AV 70.1 53.2 9.7 FASTST M M 4 MAX(MPH)
MISC ----> 40 180 55 180
================================================================================
NOTES:
# LAST OF SEVERAL OCCURRENCES
COLUMN 17 PEAK WIND IN M.P.H.
PRELIMINARY LOCAL CLIMATOLOGICAL DATA (WS FORM: F-6) , PAGE 2
STATION: ST PETERSBURG CLEARWATER
MONTH: JANUARY
YEAR: 2024
LATITUDE: 27 55 N
LONGITUDE: 82 41 W
[TEMPERATURE DATA] [PRECIPITATION DATA] SYMBOLS USED IN COLUMN 16
AVERAGE MONTHLY: 61.7 TOTAL FOR MONTH: 2.99 1 = FOG OR MIST
DPTR FM NORMAL: 0.1 DPTR FM NORMAL: 0.37 2 = FOG REDUCING VISIBILITY
HIGHEST: 84 ON 25 GRTST 24HR 1.00 ON 6- 7 TO 1/4 MILE OR LESS
LOWEST: 38 ON 21 3 = THUNDER
SNOW, ICE PELLETS, HAIL 4 = ICE PELLETS
TOTAL MONTH: 0.0 INCH 5 = HAIL
GRTST 24HR 0.0 6 = FREEZING RAIN OR DRIZZLE
GRTST DEPTH: 0 7 = DUSTSTORM OR SANDSTORM:
VSBY 1/2 MILE OR LESS
8 = SMOKE OR HAZE
[NO. OF DAYS WITH] [WEATHER - DAYS WITH] 9 = BLOWING SNOW
X = TORNADO
MAX 32 OR BELOW: 0 0.01 INCH OR MORE: 11
MAX 90 OR ABOVE: 0 0.10 INCH OR MORE: 6
MIN 32 OR BELOW: 0 0.50 INCH OR MORE: 2
MIN 0 OR BELOW: 0 1.00 INCH OR MORE: 0
[HDD (BASE 65) ]
TOTAL THIS MO. 147 CLEAR (SCALE 0-3) 13
DPTR FM NORMAL -12 PTCLDY (SCALE 4-7) 14
TOTAL FM JUL 1 241 CLOUDY (SCALE 8-10) 4
DPTR FM NORMAL -58
[CDD (BASE 65) ]
TOTAL THIS MO. 50
DPTR FM NORMAL -3 [PRESSURE DATA]
TOTAL FM JAN 1 50 HIGHEST SLP 30.47 ON 21
DPTR FM NORMAL -3 LOWEST SLP 29.66 ON 9
[REMARKS]
#FINAL-01-24#