000
CXUS52 KTBW 051618
CF6PIE
PRELIMINARY LOCAL CLIMATOLOGICAL DATA (WS FORM: F-6)
STATION: ST PETERSBURG CLEARWATER
MONTH: DECEMBER
YEAR: 2020
LATITUDE: 27 55 N
LONGITUDE: 82 41 W
TEMPERATURE IN F: :PCPN: SNOW: WIND :SUNSHINE: SKY :PK WND
================================================================================
1 2 3 4 5 6A 6B 7 8 9 10 11 12 13 14 15 16 17 18
12Z AVG MX 2MIN
DY MAX MIN AVG DEP HDD CDD WTR SNW DPTH SPD SPD DIR MIN PSBL S-S WX SPD DR
================================================================================
1 62 49 56 M 9 0 0.00 0.0 0 13.6 25 330 M M 3 32 330
2 61 45 53 M 12 0 0.00 0.0 0 10.6 17 30 M M 0 23 40
3 72 50 61 M 4 0 0.00 0.0 0 7.6 15 110 M M 0 18 110
4 73 62 68 M 0 3 T 0.0 0 5.9 13 120 M M 4 17 120
5 72 58 65 M 0 0 0.04 0.0 0 7.9 14 320 M M 3 1 17 360
6 70 54 62 M 3 0 0.26 0.0 0 6.6 16 330 M M 3 1 21 330
7 65 54 60 M 5 0 0.25 0.0 0 11.3 23 310 M M 6 1 29 300
8 58 46 52 M 13 0 0.00 0.0 0 10.5 18 320 M M 1 24 350
9 65 48 57 M 8 0 0.00 0.0 0 6.8 16 340 M M 0 19 330
10 73 48 61 M 4 0 0.00 0.0 0 3.1 10 340 M M 1 1 13 330
11 72 50 61 M 4 0 0.00 0.0 0 3.5 13 150 M M 0 1 17 150
12 76 56 66 M 0 1 0.00 0.0 0 4.3 12 80 M M 6 1 14 110
13 80 59 70 M 0 5 0.00 0.0 0 4.1 10 240 M M 1 12 16 170
14 77 65 71 M 0 6 0.05 0.0 0 9.7 18 220 M M 5 1 26 220
15 71 59 65 M 0 0 0.00 0.0 0 5.7 13 330 M M 3 16 250
16 76 57 67 M 0 2 1.14 0.0 0 9.6 23 190 M M 5 13 31 180
17 70 53 62 M 3 0 0.00 0.0 0 13.0 21 330 M M 7 26 330
18 61 41 51 M 14 0 0.00 0.0 0 9.7 17 30 M M 2 23 40
19 71 49 60 M 5 0 0.00 0.0 0 5.9 15 70 M M 0 20 80
20 72 54 63 M 2 0 1.17 0.0 0 7.8 21 180 M M 5 138 26 170
21 69 53 61 M 4 0 0.05 0.0 0 11.5 20 330 M M 3 1 23 330
22 70 54 62 M 3 0 0.00 0.0 0 6.0 13 20 M M 0 16 30
23 74 47 61 M 4 0 0.00 0.0 0 5.5 16 130 M M 1 1 20 120
24 79 54 67 M 0 2 0.38 0.0 0 14.2 31 280 M M 5 138 46 300
25 57 46 52 M 13 0 0.01 0.0 0 13.9 31 330 M M 5 38 320
26 54 41 48 M 17 0 0.00 0.0 0 9.9 17 340 M M 0 21 340
27 68 44 56 M 9 0 0.00 0.0 0 6.4 12 40 M M 1 15 40
28 75 54 65 M 0 0 0.00 0.0 0 5.9 12 70 M M 2 15 70
29 74 56 65 M 0 0 0.00 0.0 0 6.8 10 100 M M 1 16 60
30 78 59 69 M 0 4 0.00 0.0 0 7.6 15 110 M M 6 18 120
31 82 67 75 M 0 10 0.00 0.0 0 11.3 21 160 M M 3 27 130
================================================================================
SM 2177 1632 136 33 3.35 0.0 256.2 M 82
================================================================================
AV 70.2 52.6 8.3 FASTST M M 3 MAX(MPH)
MISC ----> # 31 280 46 300
================================================================================
NOTES:
# LAST OF SEVERAL OCCURRENCES
COLUMN 17 PEAK WIND IN M.P.H.
PRELIMINARY LOCAL CLIMATOLOGICAL DATA (WS FORM: F-6) , PAGE 2
STATION: ST PETERSBURG CLEARWATER
MONTH: DECEMBER
YEAR: 2020
LATITUDE: 27 55 N
LONGITUDE: 82 41 W
[TEMPERATURE DATA] [PRECIPITATION DATA] SYMBOLS USED IN COLUMN 16
AVERAGE MONTHLY: 61.4 TOTAL FOR MONTH: 3.35 1 = FOG OR MIST
DPTR FM NORMAL: -2.3 DPTR FM NORMAL: 0.42 2 = FOG REDUCING VISIBILITY
HIGHEST: 82 ON 31 GRTST 24HR 1.22 ON 20-21 TO 1/4 MILE OR LESS
LOWEST: 41 ON 26,18 3 = THUNDER
SNOW, ICE PELLETS, HAIL 4 = ICE PELLETS
TOTAL MONTH: 0.0 INCH 5 = HAIL
GRTST 24HR 0.0 6 = FREEZING RAIN OR DRIZZLE
GRTST DEPTH: 0 7 = DUSTSTORM OR SANDSTORM:
VSBY 1/2 MILE OR LESS
8 = SMOKE OR HAZE
[NO. OF DAYS WITH] [WEATHER - DAYS WITH] 9 = BLOWING SNOW
X = TORNADO
MAX 32 OR BELOW: 0 0.01 INCH OR MORE: 9
MAX 90 OR ABOVE: 0 0.10 INCH OR MORE: 5
MIN 32 OR BELOW: 0 0.50 INCH OR MORE: 2
MIN 0 OR BELOW: 0 1.00 INCH OR MORE: 2
[HDD (BASE 65) ]
TOTAL THIS MO. 136 CLEAR (SCALE 0-3) 20
DPTR FM NORMAL M PTCLDY (SCALE 4-7) 11
TOTAL FM JUL 1 136 CLOUDY (SCALE 8-10) 0
DPTR FM NORMAL 136
[CDD (BASE 65) ]
TOTAL THIS MO. 33
DPTR FM NORMAL M [PRESSURE DATA]
TOTAL FM JAN 1 4623 HIGHEST SLP 30.35 ON 18
DPTR FM NORMAL 1580 LOWEST SLP 29.78 ON 7
[REMARKS]
#FINAL-12-20#