525
CXUS55 KPIH 012117
CF6PIH
PRELIMINARY LOCAL CLIMATOLOGICAL DATA (WS FORM: F-6)
STATION: POCATELLO ID
MONTH: FEBRUARY
YEAR: 2021
LATITUDE: 42 55 N
LONGITUDE: 112 36 W
TEMPERATURE IN F: :PCPN: SNOW: WIND :SUNSHINE: SKY :PK WND
================================================================================
1 2 3 4 5 6A 6B 7 8 9 10 11 12 13 14 15 16 17 18
12Z AVG MX 2MIN
DY MAX MIN AVG DEP HDD CDD WTR SNW DPTH SPD SPD DIR MIN PSBL S-S WX SPD DR
================================================================================
1 46 15 31 6 34 0 0.00 0.0 0 5.6 10 10 M M 1 16 30
2 53 20 37 11 28 0 0.00 0.0 0 9.5 26 250 M M 5 35 260
3 42 27 35 9 30 0 0.29 1.3 1 15.5 28 230 M M 7 1 37 240
4 31 24 28 2 37 0 T T 1 17.8 25 240 M M 9 31 240
5 41 30 36 10 29 0 T T 1 20.7 36 240 M M 6 46 250
6 44 30 37 11 28 0 0.00 0.0 T 22.7 45 240 M M 3 55 240
7 42 30 36 10 29 0 0.00 0.0 0 26.8 40 240 M M 1 51 240
8 39 22 31 5 34 0 0.00 0.0 0 19.3 32 240 M M 1 40 240
9 45 26 36 9 29 0 0.00 0.0 0 15.3 32 230 M M 4 39 240
10 44 25 35 8 30 0 0.00 0.0 0 19.7 36 240 M M 1 78 46 240
11 42 29 36 9 29 0 0.06 0.0 0 18.3 36 240 M M 5 78 44 240
12 34 20 27 0 38 0 0.13 0.9 1 10.7 28 240 M M 10 18 36 240
13 23 13 18 -10 47 0 0.27 4.0 1 8.1 16 20 M M 10 18 22 10
14 24 11 18 -10 47 0 0.01 0.7 4 2.1 10 50 M M 9 1 12 40
15 36 20 28 0 37 0 0.11 1.7 5 9.3 29 260 M M 10 18 40 250
16 34 27 31 3 34 0 0.18 2.5 4 19.8 30 240 M M 10 1 37 240
17 30 20 25 -4 40 0 0.01 0.7 6 14.7 22 240 M M 7 1 26 240
18 30 21 26 -3 39 0 0.01 0.1 6 14.6 25 180 M M 7 18 32 180
19 37 28 33 4 32 0 0.02 0.2 5 12.7 26 180 M M 9 1 33 170
20 34 25 30 0 35 0 0.03 0.4 4 17.6 32 240 M M 7 18 40 240
21 34 24 29 -1 36 0 0.00 0.0 4 19.6 29 230 M M 7 39 230
22 42 32 37 7 28 0 0.00 0.0 3 16.9 24 230 M M 6 31 180
23 43 26 35 4 30 0 0.00 0.0 1 24.2 41 240 M M 4 53 250
24 34 18 26 -5 39 0 0.00 0.0 T 5.6 15 20 M M 2 19 30
25 35 17 26 -5 39 0 T T T 12.2 26 270 M M 7 1 34 260
26 32 24 28 -4 37 0 0.05 0.3 T 21.9 32 240 M M 8 1 41 240
27 33 21 27 -5 38 0 0.00 0.0 1 15.1 28 250 M M 6 37 250
28 36 19 28 -4 37 0 0.00 0.0 T 12.3 24 230 M M 5 29 270
================================================================================
SM 1040 644 970 0 1.17 12.8 428.6 M 167
================================================================================
AV 37.1 23.0 15.3 FASTST M M 6 MAX(MPH)
MISC ----> 45 240 55 240
================================================================================
NOTES:
# LAST OF SEVERAL OCCURRENCES
SNOWFALL/DEPTH ALWAYS AUGMENTED BY WFO POCATELLO
COLUMN 17 PEAK WIND IN M.P.H.
16TH:ASOS AWPAG ERRORS. BACKUP EQUIPMENT LOCATED AT THE WFO 1.4
MILES SW OF SENSOR USED TO AUGMENT PIH ASOS (10-7211).
PRELIMINARY LOCAL CLIMATOLOGICAL DATA (WS FORM: F-6) , PAGE 2
STATION: POCATELLO ID
MONTH: FEBRUARY
YEAR: 2021
LATITUDE: 42 55 N
LONGITUDE: 112 36 W
[TEMPERATURE DATA] [PRECIPITATION DATA] SYMBOLS USED IN COLUMN 16
AVERAGE MONTHLY: 30.1 TOTAL FOR MONTH: 1.17 1 = FOG OR MIST
DPTR FM NORMAL: 1.7 DPTR FM NORMAL: 0.20 2 = FOG REDUCING VISIBILITY
HIGHEST: 53 ON 2 GRTST 24HR 0.75 ON 16-17 TO 1/4 MILE OR LESS
LOWEST: 11 ON 14 3 = THUNDER
SNOW, ICE PELLETS, HAIL 4 = ICE PELLETS
TOTAL MONTH: 12.8 INCHES 5 = HAIL
GRTST 24HR 4.0 ON 13-13 6 = FREEZING RAIN OR DRIZZLE
GRTST DEPTH: 6 ON 18,17 7 = DUSTSTORM OR SANDSTORM:
VSBY 1/2 MILE OR LESS
8 = SMOKE OR HAZE
[NO. OF DAYS WITH] [WEATHER - DAYS WITH] 9 = BLOWING SNOW
X = TORNADO
MAX 32 OR BELOW: 6 0.01 INCH OR MORE: 12
MAX 90 OR ABOVE: 0 0.10 INCH OR MORE: 5
MIN 32 OR BELOW: 28 0.50 INCH OR MORE: 0
MIN 0 OR BELOW: 0 1.00 INCH OR MORE: 0
[HDD (BASE 65) ]
TOTAL THIS MO. 970 CLEAR (SCALE 0-3) 6
DPTR FM NORMAL -56 PTCLDY (SCALE 4-7) 15
TOTAL FM JUL 1 4865 CLOUDY (SCALE 8-10) 7
DPTR FM NORMAL -409
[CDD (BASE 65) ]
TOTAL THIS MO. 0
DPTR FM NORMAL 0 [PRESSURE DATA]
TOTAL FM JAN 1 0 HIGHEST SLP 30.54 ON 24
DPTR FM NORMAL 0 LOWEST SLP 29.67 ON 15
[REMARKS]
#FINAL-02-21#