000
CXUS54 KBRO 010800
CF6PIL
PRELIMINARY LOCAL CLIMATOLOGICAL DATA (WS FORM: F-6)
STATION: BAYVIEW
MONTH: AUGUST
YEAR: 2022
LATITUDE: 26 10 N
LONGITUDE: 97 20 W
TEMPERATURE IN F: :PCPN: SNOW: WIND :SUNSHINE: SKY :PK WND
================================================================================
1 2 3 4 5 6A 6B 7 8 9 10 11 12 13 14 15 16 17 18
12Z AVG MX 2MIN
DY MAX MIN AVG DEP HDD CDD WTR SNW DPTH SPD SPD DIR MIN PSBL S-S WX SPD DR
================================================================================
1 95 79 87 1 0 22 0.10 0.0 0 10.5 25 140 M M 2 38 35 130
2 98 79 89 3 0 24 T 0.0 0 15.5 25 140 M M 1 42 150
3 97 82 90 4 0 25 T 0.0 0 18.1 30 160 M M 2 40 150
4 96 81 89 3 0 24 0.00 0.0 0 16.0 28 140 M M 1 39 150
5 97 78 88 2 0 23 0.00 0.0 0 12.0 23 120 M M 0 32 90
6 94 79 87 1 0 22 T 0.0 0 12.2 24 110 M M 1 3 31 110
7 93 80 87 1 0 22 0.00 0.0 0 11.4 21 110 M M 0 3 28 110
8 93 77 85 -1 0 20 0.00 0.0 0 9.4 21 110 M M 2 3 28 110
9 92 78 85 -1 0 20 T 0.0 0 9.3 20 110 M M 1 26 110
10 93 77 85 -1 0 20 0.00 0.0 0 9.1 20 100 M M 1 28 100
11 94 77 86 0 0 21 0.00 0.0 0 9.0 18 90 M M 2 26 70
12 94 78 86 0 0 21 0.00 0.0 0 7.0 21 80 M M 1 28 90
13 88 77 83 -3 0 18 0.04 0.0 0 6.3 17 10 M M 2 24 10
14 89 75 82 -4 0 17 3.66 0.0 0 9.6 24 160 M M 7 13 34 170
15 94 81 88 2 0 23 T 0.0 0 14.1 26 130 M M 1 34 140
16 94 80 87 1 0 22 T 0.0 0 13.0 23 130 M M 1 31 130
17 94 80 87 1 0 22 T 0.0 0 12.0 23 130 M M 1 3 29 120
18 93 77 85 -1 0 20 0.48 0.0 0 9.4 22 130 M M 2 13 28 120
19 93 79 86 1 0 21 0.00 0.0 0 11.7 22 130 M M 0 29 130
20 92 79 86 1 0 21 T 0.0 0 14.1 25 110 M M 2 3 32 130
21 92 77 85 0 0 20 0.02 0.0 0 14.8 25 140 M M 5 3 35 140
22 95 80 88 3 0 23 T 0.0 0 12.5 24 130 M M 1 32 160
23 96 77 87 2 0 22 T 0.0 0 9.0 23 140 M M 1 30 130
24 94 78 86 1 0 21 0.00 0.0 0 9.7 21 100 M M 2 3 29 90
25 93 76 85 0 0 20 0.00 0.0 0 6.9 16 80 M M 2 20 80
26 90 80 85 0 0 20 0.04 0.0 0 5.7 16 180 M M 4 3 22 170
27 90 77 84 -1 0 19 0.11 0.0 0 9.2 18 110 M M 1 24 120
28 91 79 85 0 0 20 0.00 0.0 0 8.5 18 120 M M 1 24 110
29 90 78 84 -1 0 19 0.01 0.0 0 11.3 21 150 M M 1 29 150
30 93 80 87 3 0 22 T 0.0 0 11.6 21 100 M M 1 31 130
31 92 79 86 2 0 21 0.00 0.0 0 9.8 18 70 M M 1 25 70
================================================================================
SM 2889 2434 0 655 4.46 0.0 338.7 M 50
================================================================================
AV 93.2 78.5 10.9 FASTST M M 2 MAX(MPH)
MISC ----> 30 160 42 150
================================================================================
NOTES:
# LAST OF SEVERAL OCCURRENCES
COLUMN 17 PEAK WIND IN M.P.H.
PRELIMINARY LOCAL CLIMATOLOGICAL DATA (WS FORM: F-6) , PAGE 2
STATION: BAYVIEW
MONTH: AUGUST
YEAR: 2022
LATITUDE: 26 10 N
LONGITUDE: 97 20 W
[TEMPERATURE DATA] [PRECIPITATION DATA] SYMBOLS USED IN COLUMN 16
AVERAGE MONTHLY: 85.9 TOTAL FOR MONTH: 4.46 1 = FOG OR MIST
DPTR FM NORMAL: 0.5 DPTR FM NORMAL: 3.13 2 = FOG REDUCING VISIBILITY
HIGHEST: 98 ON 2 GRTST 24HR 3.66 ON 14-14 TO 1/4 MILE OR LESS
LOWEST: 75 ON 14 3 = THUNDER
SNOW, ICE PELLETS, HAIL 4 = ICE PELLETS
TOTAL MONTH: 0.0 INCH 5 = HAIL
GRTST 24HR 0.0 6 = FREEZING RAIN OR DRIZZLE
GRTST DEPTH: 0 7 = DUSTSTORM OR SANDSTORM:
VSBY 1/2 MILE OR LESS
8 = SMOKE OR HAZE
[NO. OF DAYS WITH] [WEATHER - DAYS WITH] 9 = BLOWING SNOW
X = TORNADO
MAX 32 OR BELOW: 0 0.01 INCH OR MORE: 8
MAX 90 OR ABOVE: 29 0.10 INCH OR MORE: 4
MIN 32 OR BELOW: 0 0.50 INCH OR MORE: 1
MIN 0 OR BELOW: 0 1.00 INCH OR MORE: 1
[HDD (BASE 65) ]
TOTAL THIS MO. 0 CLEAR (SCALE 0-3) 28
DPTR FM NORMAL 0 PTCLDY (SCALE 4-7) 3
TOTAL FM JUL 1 0 CLOUDY (SCALE 8-10) 0
DPTR FM NORMAL 0
[CDD (BASE 65) ]
TOTAL THIS MO. 655
DPTR FM NORMAL 23 [PRESSURE DATA]
TOTAL FM JAN 1 3096 HIGHEST SLP M ON M
DPTR FM NORMAL 126 LOWEST SLP 29.74 ON 28
[REMARKS]
#FINAL-08-22#