000
CXUS54 KBRO 010900
CF6PIL
PRELIMINARY LOCAL CLIMATOLOGICAL DATA (WS FORM: F-6)
STATION: BAYVIEW
MONTH: JANUARY
YEAR: 2021
LATITUDE: 26 10 N
LONGITUDE: 97 20 W
TEMPERATURE IN F: :PCPN: SNOW: WIND :SUNSHINE: SKY :PK WND
================================================================================
1 2 3 4 5 6A 6B 7 8 9 10 11 12 13 14 15 16 17 18
12Z AVG MX 2MIN
DY MAX MIN AVG DEP HDD CDD WTR SNW DPTH SPD SPD DIR MIN PSBL S-S WX SPD DR
================================================================================
1 56 37 47 -13 18 0 0.00 0.0 0 4.8 14 320 M M 7 15 310
2 64 45 55 -5 10 0 0.00 0.0 0 9.1 17 340 M M 3 22 330
3 73 42 58 -2 7 0 0.00 0.0 0 5.3 17 140 M M 2 24 140
4 79 52 66 6 0 1 0.00 0.0 0 7.1 17 140 M M 1 12 22 110
5 78 57 68 8 0 3 0.00 0.0 0 7.9 21 110 M M 3 12 24 110
6 78 59 69 9 0 4 0.19 0.0 0 11.9 22 150 M M 5 1 28 150
7 68 44 56 -4 9 0 0.00 0.0 0 8.8 17 320 M M 0 21 320
8 69 53 61 1 4 0 0.00 0.0 0 6.5 16 20 M M 0 21 20
9 64 47 56 -4 9 0 0.02 0.0 0 9.2 16 110 M M M 20 80
10 66 42 54 -6 11 0 1.25 0.0 0 17.9 36 310 M M M 1 43 310
11 48 39 44 -16 21 0 T 0.0 0 14.6 28 330 M M M 34 330
12 51 45 48 -13 17 0 0.00 0.0 0 10.5 20 340 M M 10 23 340
13 61 39 50 -11 15 0 0.00 0.0 0 6.9 13 20 M M 1 17 350
14 80 44 62 1 3 0 0.00 0.0 0 9.0 22 210 M M 0 29 220
15 64 43 54 -7 11 0 0.00 0.0 0 10.9 21 10 M M 0 29 360
16 67 37 52 -9 13 0 0.00 0.0 0 6.8 15 90 M M 0 18 100
17 71 50 61 0 4 0 0.00 0.0 0 8.2 15 110 M M 6 17 80
18 77 53 65 4 0 0 T 0.0 0 12.6 28 150 M M 6 12 35 150
19 77 68 73 12 0 8 0.03 0.0 0 15.0 26 140 M M 8 1 33 150
20 75 59 67 6 0 2 0.04 0.0 0 7.9 17 120 M M 9 1 23 110
21 65 58 62 1 3 0 0.00 0.0 0 4.0 8 330 M M 10 1 9 310
22 69 61 65 4 0 0 T 0.0 0 4.5 13 330 M M 9 1 14 330
23 74 64 69 8 0 4 T 0.0 0 6.9 15 110 M M 10 1 17 110
24 79 70 75 14 0 10 T 0.0 0 16.8 29 160 M M 10 1 41 160
25 86 70 78 16 0 13 T 0.0 0 15.0 29 180 M M 5 18 40 160
26 81 66 74 12 0 9 0.00 0.0 0 4.4 13 360 M M 7 128 16 360
27 71 54 63 1 2 0 T 0.0 0 14.2 33 360 M M 6 12 40 360
28 68 54 61 -1 4 0 0.00 0.0 0 10.4 20 60 M M 1 24 50
29 74 57 66 4 0 1 0.00 0.0 0 10.8 21 130 M M 2 25 130
30 82 66 74 12 0 9 T 0.0 0 16.6 30 160 M M 4 38 180
31 76 63 70 8 0 5 M 0.0 0 10.3 24 20 M M 7 1 31 20
================================================================================
SM 2191 1638 161 69 1.53 0.0 304.8 M 132
================================================================================
AV 70.7 52.8 9.8 FASTST M M 5 MAX(MPH)
MISC ----> 36 310 43 310
================================================================================
NOTES:
# LAST OF SEVERAL OCCURRENCES
COLUMN 17 PEAK WIND IN M.P.H.
PRELIMINARY LOCAL CLIMATOLOGICAL DATA (WS FORM: F-6) , PAGE 2
STATION: BAYVIEW
MONTH: JANUARY
YEAR: 2021
LATITUDE: 26 10 N
LONGITUDE: 97 20 W
[TEMPERATURE DATA] [PRECIPITATION DATA] SYMBOLS USED IN COLUMN 16
AVERAGE MONTHLY: 61.8 TOTAL FOR MONTH: 1.53 1 = FOG OR MIST
DPTR FM NORMAL: 0.9 DPTR FM NORMAL: 0.32 2 = FOG REDUCING VISIBILITY
HIGHEST: 86 ON 25 GRTST 24HR 1.25 ON 10-10 TO 1/4 MILE OR LESS
LOWEST: 37 ON 16, 1 3 = THUNDER
SNOW, ICE PELLETS, HAIL 4 = ICE PELLETS
TOTAL MONTH: 0.0 INCH 5 = HAIL
GRTST 24HR 0.0 6 = FREEZING RAIN OR DRIZZLE
GRTST DEPTH: 0 7 = DUSTSTORM OR SANDSTORM:
VSBY 1/2 MILE OR LESS
8 = SMOKE OR HAZE
[NO. OF DAYS WITH] [WEATHER - DAYS WITH] 9 = BLOWING SNOW
X = TORNADO
MAX 32 OR BELOW: 0 0.01 INCH OR MORE: 5
MAX 90 OR ABOVE: 0 0.10 INCH OR MORE: 2
MIN 32 OR BELOW: 0 0.50 INCH OR MORE: 1
MIN 0 OR BELOW: 0 1.00 INCH OR MORE: 1
[HDD (BASE 65) ]
TOTAL THIS MO. 161 CLEAR (SCALE 0-3) 11
DPTR FM NORMAL -15 PTCLDY (SCALE 4-7) 11
TOTAL FM JUL 1 327 CLOUDY (SCALE 8-10) 9
DPTR FM NORMAL -49
[CDD (BASE 65) ]
TOTAL THIS MO. 69
DPTR FM NORMAL 20 [PRESSURE DATA]
TOTAL FM JAN 1 69 HIGHEST SLP M ON M
DPTR FM NORMAL 20 LOWEST SLP M ON M
[REMARKS]
#FINAL-01-21#