000
CXUS51 KPBZ 011816
CLSPIT
CLIMATE REPORT
NATIONAL WEATHER SERVICE PITTSBURGH PA
116 PM EST TUE MAR 01 2022
...................................
...THE PITTSBURGH PA CLIMATE SUMMARY FOR THE SEASON, FROM
12/1/2021 TO 2/28/2022...
CLIMATE NORMAL PERIOD 1991 TO 2020
CLIMATE RECORD PERIOD 1871 TO 2022
WEATHER OBSERVED NORMAL DEPART LAST YEAR`S
VALUE DATE(S) VALUE FROM VALUE DATE(S)
NORMAL
................................................................
TEMPERATURE (F)
RECORD
HIGH 78 02/20/2018
LOW -22 01/19/1994
HIGHEST 64 12/16 61 3 63 02/24
LOWEST -6 01/27 4 -10 2 02/21
AVG. MAXIMUM 40.9 38.8 2.1 37.0
AVG. MINIMUM 23.3 23.8 -0.5 24.3
MEAN 32.1 31.3 0.8 30.7
DAYS MAX >= 90 0 0.0 0.0 0
DAYS MAX <= 32 29 28.0 1.0 32
DAYS MIN <= 32 70 71.8 -1.8 79
DAYS MIN <= 0 3 2.1 0.9 0
PRECIPITATION (INCHES)
RECORD
MAXIMUM 14.16 1891
MINIMUM 4.13 1872
TOTALS 11.54 8.42 3.12 8.62
DAILY AVG. 0.13 0.09 0.04 0.09
DAYS >= .01 46 45.3 0.7 50
DAYS >= .10 22 20.2 1.8
DAYS >= .50 7 5.2 1.8 6
DAYS >= 1.00 2 0.8 1.2 1
GREATEST
24 HR. TOTAL 1.67 02/17 TO 02/18
STORM TOTAL 1.60
(MM/DD(HH))
SNOWFALL (INCHES)
RECORDS
TOTAL 76.9 2010
TOTALS 25.3 32.7 -7.4 54.4
SINCE 7/1 26.8 35.5 -8.7 MM
SNOWDEPTH AVG. 2 2
DAYS >= TRACE 43 29.1 13.9 60
DAYS >= 1.0 7 11.1 -4.1 16
GREATEST
24 HR TOTAL 5.8
STORM TOTAL 5.7
(MM/DD(HH))
DEGREE DAYS
HEATING TOTAL 2933 3033 -100 3079
SINCE 7/1 3908 4171 -263 MM
COOLING TOTAL 0 0 0 0
SINCE 1/1 0 0 0 MM
................................................................
WIND (MPH)
AVERAGE WIND SPEED 8.5
HIGHEST WIND SPEED/DIRECTION 39/300 DATE 02/19
HIGHEST GUST SPEED/DIRECTION 48/280 DATE 12/11
SKY COVER
AVERAGE SKY COVER 0.74
AVERAGE RH (PERCENT) 68
WEATHER CONDITIONS. NUMBER OF DAYS WITH
THUNDERSTORM 1 MIXED PRECIP 2
HEAVY RAIN 0 RAIN 9
LIGHT RAIN 32 FREEZING RAIN 0
LT FREEZING RAIN 3 HAIL 0
HEAVY SNOW 2 SNOW 5
LIGHT SNOW 42 SLEET 4
FOG 48 FOG W/VIS <= 1/4 MILE 2
HAZE 7
- INDICATES NEGATIVE NUMBERS.
R INDICATES RECORD WAS SET OR TIED.
MM INDICATES DATA IS MISSING.
T INDICATES TRACE AMOUNT.
$$