000
CXUS53 KFGF 010815
CF6PKD
PRELIMINARY LOCAL CLIMATOLOGICAL DATA (WS FORM: F-6)
STATION: PARK RAPIDS MN
MONTH: SEPTEMBER
YEAR: 2022
LATITUDE: 46 54 N
LONGITUDE: 95 4 W
TEMPERATURE IN F: :PCPN: SNOW: WIND :SUNSHINE: SKY :PK WND
================================================================================
1 2 3 4 5 6A 6B 7 8 9 10 11 12 13 14 15 16 17 18
12Z AVG MX 2MIN
DY MAX MIN AVG DEP HDD CDD WTR SNW DPTH SPD SPD DIR MIN PSBL S-S WX SPD DR
================================================================================
1 86 54 70 7 0 5 0.00 M M 6.5 16 170 M M 0 21 190
2 77 52 65 2 0 0 T M M 9.4 22 340 M M 0 3 31 10
3 72 45 59 -4 6 0 0.00 M M 4.0 10 100 M M 0 15 20
4 73 47 60 -2 5 0 0.00 M M 6.9 15 140 M M 0 20 140
5 76 50 63 1 2 0 0.00 M M 12.1 23 150 M M 0 1 31 140
6 85 59 72 10 0 7 0.00 M M 7.5 13 150 M M 2 1 17 160
7 83 51 67 6 0 2 0.00 M M 7.1 15 150 M M 0 1 20 160
8 84 61 73 12 0 8 T M M 12.6 22 160 M M 1 29 160
9 70 52 61 0 4 0 0.06 M M 6.0 13 310 M M 6 1 17 340
10 71 42 57 -3 8 0 0.00 M M 5.3 18 310 M M 2 12 26 280
11 72 37 55 -5 10 0 0.00 M M 2.4 14 340 M M 0 1 20 350
12 80 40 60 1 5 0 0.00 M M 2.6 13 280 M M 0 8 17 280
13 76 42 59 0 6 0 0.00 M M 4.0 10 50 M M 0 16 50
14 72 54 63 4 2 0 0.00 M M 11.3 18 120 M M 3 30 110
15 80 59 70 12 0 5 0.27 M M 9.6 25 180 M M 3 1 34 180
16 70 59 65 7 0 0 0.04 M M 6.1 12 240 M M 10 1 15 240
17 77 56 67 10 0 2 0.25 M M 5.1 15 10 M M 8 123 20 350
18 74 54 64 7 1 0 0.00 M M 6.0 13 280 M M 3 17 280
19 78 52 65 9 0 0 0.01 M M 7.3 22 160 M M 1 1 30 170
20 84 53 69 13 0 4 0.00 M M 7.2 20 310 M M 2 27 300
21 61 42 52 -4 13 0 0.02 M M 12.3 29 300 M M 5 1 36 300
22 60 40 50 -5 15 0 0.00 M M 6.9 14 360 M M 2 19 10
23 58 46 52 -3 13 0 0.23 M M 13.3 24 180 M M 7 1 35 180
24 56 49 53 -1 12 0 0.15 M M 6.9 17 300 M M 9 1 26 320
25 65 42 54 0 11 0 0.00 M M 14.4 31 330 M M 1 44 320
26 61 37 49 -4 16 0 T M M 8.0 23 330 M M 1 31 300
27 58 31 45 -8 20 0 0.00 M M 5.4 14 350 M M 1 19 340
28 61 28 45 -7 20 0 0.00 M M 8.0 18 170 M M 0 26 160
29 66 40 53 1 12 0 0.01 M M 10.1 26 160 M M 1 31 170
30 72 47 60 9 5 0 0.02 M M 8.1 17 170 M M 2 21 170
================================================================================
SM 2158 1421 186 33 1.06 M 232.4 M 70
================================================================================
AV 71.9 47.4 7.7 FASTST M M 2 MAX(MPH)
MISC ----> 31 330 44 320
================================================================================
NOTES:
# LAST OF SEVERAL OCCURRENCES
COLUMN 17 PEAK WIND IN M.P.H.
PRELIMINARY LOCAL CLIMATOLOGICAL DATA (WS FORM: F-6) , PAGE 2
STATION: PARK RAPIDS MN
MONTH: SEPTEMBER
YEAR: 2022
LATITUDE: 46 54 N
LONGITUDE: 95 4 W
[TEMPERATURE DATA] [PRECIPITATION DATA] SYMBOLS USED IN COLUMN 16
AVERAGE MONTHLY: 59.7 TOTAL FOR MONTH: 1.06 1 = FOG OR MIST
DPTR FM NORMAL: 1.9 DPTR FM NORMAL: -1.64 2 = FOG REDUCING VISIBILITY
HIGHEST: 86 ON 1 GRTST 24HR 0.38 ON 23-24 TO 1/4 MILE OR LESS
LOWEST: 28 ON 28 3 = THUNDER
SNOW, ICE PELLETS, HAIL 4 = ICE PELLETS
TOTAL MONTH: M 5 = HAIL
GRTST 24HR M ON M 6 = FREEZING RAIN OR DRIZZLE
GRTST DEPTH: M ON M 7 = DUSTSTORM OR SANDSTORM:
VSBY 1/2 MILE OR LESS
8 = SMOKE OR HAZE
[NO. OF DAYS WITH] [WEATHER - DAYS WITH] 9 = BLOWING SNOW
X = TORNADO
MAX 32 OR BELOW: 0 0.01 INCH OR MORE: 10
MAX 90 OR ABOVE: 0 0.10 INCH OR MORE: 4
MIN 32 OR BELOW: 2 0.50 INCH OR MORE: 0
MIN 0 OR BELOW: 0 1.00 INCH OR MORE: 0
[HDD (BASE 65) ]
TOTAL THIS MO. 186 CLEAR (SCALE 0-3) 22
DPTR FM NORMAL -61 PTCLDY (SCALE 4-7) 6
TOTAL FM JUL 1 212 CLOUDY (SCALE 8-10) 2
DPTR FM NORMAL -118
[CDD (BASE 65) ]
TOTAL THIS MO. 33
DPTR FM NORMAL 4 [PRESSURE DATA]
TOTAL FM JAN 1 398 HIGHEST SLP M ON M
DPTR FM NORMAL 33 LOWEST SLP 29.57 ON 8
[REMARKS]
#FINAL-09-22#