000
CXUS56 KLOX 011255
CF6PMD
PRELIMINARY LOCAL CLIMATOLOGICAL DATA (WS FORM: F-6)
STATION: PALMDALE AIRPORT CA
MONTH: JANUARY
YEAR: 2023
LATITUDE: 34 37 N
LONGITUDE: 118 5 W
TEMPERATURE IN F: :PCPN: SNOW: WIND :SUNSHINE: SKY :PK WND
================================================================================
1 2 3 4 5 6A 6B 7 8 9 10 11 12 13 14 15 16 17 18
12Z AVG MX 2MIN
DY MAX MIN AVG DEP HDD CDD WTR SNW DPTH SPD SPD DIR MIN PSBL S-S WX SPD DR
================================================================================
1 53 37 45 0 20 0 0.20 M M 17.7 36 260 M M 5 1 45 260
2 52 33 43 -2 22 0 T M M 12.3 32 210 M M 3 45 210
3 58 42 50 5 15 0 0.00 M M 10.3 21 200 M M 2 29 210
4 58 44 51 6 14 0 T M M 4.6 21 190 M M 7 1 29 190
5 55 42 49 4 16 0 0.15 M M 15.6 30 200 M M 7 40 220
6 54 34 44 -1 21 0 0.00 M M 5.6 16 250 M M 0 19 240
7 50 35 43 -2 22 0 0.00 M M 3.7 8 210 M M 1 8 10 320
8 59 36 48 3 17 0 0.00 M M 7.0 17 220 M M 2 22 270
9 61 46 54 9 11 0 0.64 M M 16.4 40 200 M M 8 52 200
10 57 44 51 6 14 0 0.05 M M 23.9 41 200 M M 2 52 210
11 56 36 46 0 19 0 0.00 M M 5.3 15 220 M M 3 19 220
12 53 35 44 -2 21 0 0.00 M M 3.7 10 50 M M 0 15 40
13 53 35 44 -2 21 0 0.00 M M 2.5 9 200 M M 1 11 200
14 53 47 50 4 15 0 0.18 M M 10.7 30 210 M M 7 1 37 210
15 50 44 47 1 18 0 0.02 M M 16.9 29 220 M M 5 38 230
16 53 39 46 0 19 0 0.23 M M 13.1 33 210 M M 8 1 41 220
17 48 33 41 -5 24 0 0.00 M M 13.7 28 270 M M 0 34 280
18 50 30 40 -6 25 0 0.00 M M 3.9 9 190 M M 0 10 190
19 53 32 43 -3 22 0 T M M 11.5 25 280 M M 3 31 280
20 50 29 40 -6 25 0 0.00 M M 8.1 20 70 M M 0 27 80
21 52 26 39 -7 26 0 0.00 M M 4.6 10 180 M M 0 16 360
22 56 29 43 -3 22 0 0.00 M M 10.7 31 300 M M 0 8 39 50
23 55 29 42 -4 23 0 0.00 M M 11.6 30 60 M M 0 8 37 60
24 60 26 43 -3 22 0 0.00 M M 4.5 12 90 M M 0 14 100
25 60 28 44 -3 21 0 0.00 M M 8.7 24 70 M M 0 31 60
26 59 32 46 -1 19 0 0.00 M M 14.4 33 70 M M 0 42 50
27 66 28 47 0 18 0 0.00 M M 6.5 29 280 M M 0 34 280
28 61 33 47 0 18 0 0.00 M M 6.9 18 290 M M 0 22 290
29 54 39 47 0 18 0 T M M 17.4 32 210 M M 2 42 200
30 50 31 41 -6 24 0 0.01 M M 9.5 22 40 M M 8 27 40
31 53 24 39 -8 26 0 0.00 M M 9.8 25 60 M M 0 32 70
================================================================================
SM 1702 1078 618 0 1.48 M 311.1 M 74
================================================================================
AV 54.9 34.8 10.0 FASTST M M 2 MAX(MPH)
MISC ----> 41 200 # 52 200
================================================================================
NOTES:
# LAST OF SEVERAL OCCURRENCES
COLUMN 17 PEAK WIND IN M.P.H.
PRELIMINARY LOCAL CLIMATOLOGICAL DATA (WS FORM: F-6) , PAGE 2
STATION: PALMDALE AIRPORT CA
MONTH: JANUARY
YEAR: 2023
LATITUDE: 34 37 N
LONGITUDE: 118 5 W
[TEMPERATURE DATA] [PRECIPITATION DATA] SYMBOLS USED IN COLUMN 16
AVERAGE MONTHLY: 44.8 TOTAL FOR MONTH: 1.48 1 = FOG OR MIST
DPTR FM NORMAL: -1.1 DPTR FM NORMAL: 0.50 2 = FOG REDUCING VISIBILITY
HIGHEST: 66 ON 27 GRTST 24HR 2.08 ON 5- 6 TO 1/4 MILE OR LESS
LOWEST: 24 ON 31 3 = THUNDER
SNOW, ICE PELLETS, HAIL 4 = ICE PELLETS
TOTAL MONTH: M 5 = HAIL
GRTST 24HR M ON M 6 = FREEZING RAIN OR DRIZZLE
GRTST DEPTH: M ON M 7 = DUSTSTORM OR SANDSTORM:
VSBY 1/2 MILE OR LESS
8 = SMOKE OR HAZE
[NO. OF DAYS WITH] [WEATHER - DAYS WITH] 9 = BLOWING SNOW
X = TORNADO
MAX 32 OR BELOW: 0 0.01 INCH OR MORE: 8
MAX 90 OR ABOVE: 0 0.10 INCH OR MORE: 5
MIN 32 OR BELOW: 12 0.50 INCH OR MORE: 1
MIN 0 OR BELOW: 0 1.00 INCH OR MORE: 0
[HDD (BASE 65) ]
TOTAL THIS MO. 618 CLEAR (SCALE 0-3) 23
DPTR FM NORMAL 24 PTCLDY (SCALE 4-7) 8
TOTAL FM JUL 1 1773 CLOUDY (SCALE 8-10) 0
DPTR FM NORMAL 67
[CDD (BASE 65) ]
TOTAL THIS MO. 0
DPTR FM NORMAL 0 [PRESSURE DATA]
TOTAL FM JAN 1 0 HIGHEST SLP 30.54 ON 26
DPTR FM NORMAL 0 LOWEST SLP 29.55 ON 16
[REMARKS]
#FINAL-01-23#