915
CXUS52 KMFL 011000
CF6PMP
PRELIMINARY LOCAL CLIMATOLOGICAL DATA (WS FORM: F-6)
STATION: POMPANO BEACH ARPK
MONTH: JULY
YEAR: 2020
LATITUDE: 26 14 N
LONGITUDE: 80 7 W
TEMPERATURE IN F: :PCPN: SNOW: WIND :SUNSHINE: SKY :PK WND
================================================================================
1 2 3 4 5 6A 6B 7 8 9 10 11 12 13 14 15 16 17 18
12Z AVG MX 2MIN
DY MAX MIN AVG DEP HDD CDD WTR SNW DPTH SPD SPD DIR MIN PSBL S-S WX SPD DR
================================================================================
1 90 74 82 0 0 17 0.05 0.0 0 7.2 22 290 M M 2 13 26 270
2 90 75 83 1 0 18 0.03 0.0 0 5.3 17 160 M M 1 3 22 160
3 90 77 84 2 0 19 0.06 0.0 0 7.7 20 160 M M 1 23 140
4 89 77 83 1 0 18 0.06 0.0 0 6.9 16 150 M M 3 13 21 150
5 90 73 82 0 0 17 0.60 0.0 0 4.5 24 210 M M 4 138 30 210
6 87 72 80 -2 0 15 0.02 0.0 0 4.4 18 240 M M 2 138 23 250
7 88 75 82 0 0 17 0.00 0.0 0 5.8 14 230 M M 2 3 18 130
8 89 75 82 0 0 17 0.56 0.0 0 5.7 21 350 M M 4 13 27 350
9 92 77 85 3 0 20 0.00 0.0 0 8.7 18 140 M M 1 22 140
10 92 79 86 3 0 21 0.00 0.0 0 7.6 15 190 M M 2 3 19 190
11 85 73 79 -4 0 14 0.95 0.0 0 6.1 22 310 M M 3 13 30 290
12 89 76 83 0 0 18 0.05 0.0 0 8.3 26 240 M M 2 13 36 240
13 88 74 81 -2 0 16 0.55 0.0 0 7.8 23 230 M M 2 138 27 230
14 88 73 81 -2 0 16 0.29 0.0 0 5.8 25 280 M M 2 13 31 270
15 88 74 81 -2 0 16 0.00 0.0 0 4.4 14 90 M M 0 3 17 90
16 88 74 81 -2 0 16 0.00 0.0 0 8.5 16 80 M M 2 19 70
17 87 74 81 -2 0 16 1.21 0.0 0 8.1 28 130 M M 4 138 32 120
18 84 73 79 -4 0 14 0.43 0.0 0 8.9 21 110 M M 3 13 26 100
19 87 79 83 0 0 18 0.01 0.0 0 11.0 18 120 M M 2 18 23 100
20 86 78 82 -1 0 17 0.16 0.0 0 11.4 23 130 M M 3 138 29 120
21 83 74 79 -4 0 14 0.30 0.0 0 12.0 26 100 M M 4 138 36 110
22 83 25 54 -29 11 0 0.29 M 0 7.7 18 100 M M 3 13 23 100
23 83 73 78 -5 0 13 0.68 0.0 0 10.5 25 70 M M 6 13 30 120
24 85 73 79 -4 0 14 0.04 0.0 0 11.8 21 130 M M 3 13 26 140
25 89 82 86 3 0 21 0.00 0.0 0 11.5 16 100 M M 3 3 23 120
26 88 75 82 -1 0 17 0.02 0.0 0 8.5 21 200 M M 3 13 26 210
27 89 76 83 0 0 18 0.00 0.0 0 6.7 24 180 M M 3 41 190
28 90 75 83 0 0 18 0.00 0.0 0 6.4 14 130 M M 1 19 130
29 90 82 86 3 0 21 0.00 0.0 0 8.3 14 100 M M 2 18 110
30 91 83 87 4 0 22 0.00 0.0 0 9.0 14 120 M M 1 20 150
31 92 83 88 4 0 23 0.00 0.0 0 10.5 17 80 M M 2 23 60
================================================================================
SM 2730 2303 11 521 6.36 0.0 247.0 M 76
================================================================================
AV 88.1 74.3 8.0 FASTST M M 2 MAX(MPH)
MISC ----> # 28 130 # 41 190
================================================================================
NOTES:
# LAST OF SEVERAL OCCURRENCES
COLUMN 17 PEAK WIND IN M.P.H.
PRELIMINARY LOCAL CLIMATOLOGICAL DATA (WS FORM: F-6) , PAGE 2
STATION: POMPANO BEACH ARPK
MONTH: JULY
YEAR: 2020
LATITUDE: 26 14 N
LONGITUDE: 80 7 W
[TEMPERATURE DATA] [PRECIPITATION DATA] SYMBOLS USED IN COLUMN 16
AVERAGE MONTHLY: 81.2 TOTAL FOR MONTH: 6.36 1 = FOG OR MIST
DPTR FM NORMAL: -1.7 DPTR FM NORMAL: 0.22 2 = FOG REDUCING VISIBILITY
HIGHEST: 92 ON 31,10 GRTST 24HR 1.21 ON 17-17 TO 1/4 MILE OR LESS
LOWEST: 25 ON 22 3 = THUNDER
SNOW, ICE PELLETS, HAIL 4 = ICE PELLETS
TOTAL MONTH: 0.0 INCH 5 = HAIL
GRTST 24HR 0.0 6 = FREEZING RAIN OR DRIZZLE
GRTST DEPTH: 0 7 = DUSTSTORM OR SANDSTORM:
VSBY 1/2 MILE OR LESS
8 = SMOKE OR HAZE
[NO. OF DAYS WITH] [WEATHER - DAYS WITH] 9 = BLOWING SNOW
X = TORNADO
MAX 32 OR BELOW: 0 0.01 INCH OR MORE: 20
MAX 90 OR ABOVE: 10 0.10 INCH OR MORE: 11
MIN 32 OR BELOW: 1 0.50 INCH OR MORE: 6
MIN 0 OR BELOW: 0 1.00 INCH OR MORE: 1
[HDD (BASE 65) ]
TOTAL THIS MO. 11 CLEAR (SCALE 0-3) 26
DPTR FM NORMAL 11 PTCLDY (SCALE 4-7) 5
TOTAL FM JUL 1 11 CLOUDY (SCALE 8-10) 0
DPTR FM NORMAL 11
[CDD (BASE 65) ]
TOTAL THIS MO. 521
DPTR FM NORMAL -32 [PRESSURE DATA]
TOTAL FM JAN 1 2678 HIGHEST SLP 30.14 ON 29
DPTR FM NORMAL 439 LOWEST SLP 29.89 ON 3
[REMARKS]
#FINAL-07-20#