000
CXUS52 KMFL 191943
CF6PMP
PRELIMINARY LOCAL CLIMATOLOGICAL DATA (WS FORM: F-6)
STATION: POMPANO BEACH ARPK
MONTH: SEPTEMBER
YEAR: 2023
LATITUDE: 26 14 N
LONGITUDE: 80 7 W
TEMPERATURE IN F: :PCPN: SNOW: WIND :SUNSHINE: SKY :PK WND
================================================================================
1 2 3 4 5 6A 6B 7 8 9 10 11 12 13 14 15 16 17 18
12Z AVG MX 2MIN
DY MAX MIN AVG DEP HDD CDD WTR SNW DPTH SPD SPD DIR MIN PSBL S-S WX SPD DR
================================================================================
1 92 74 83 -1 0 18 1.31 0.0 0 5.5 33 310 M M 3 13 49 310
2 90 75 83 -1 0 18 1.04 0.0 M 11.0 23 40 M M 6 13 30 40
3 90 82 86 2 0 21 0.00 M M 12.1 20 40 M M 3 24 40
4 90 82 86 3 0 21 0.00 0.0 0 10.5 16 90 M M 3 22 100
5 91 82 87 4 0 22 T 0.0 0 9.0 14 110 M M 2 19 100
6 90 77 84 1 0 19 0.00 0.0 0 5.7 13 70 M M 1 16 50
7 91 80 86 3 0 21 0.00 0.0 0 6.4 14 140 M M 0 19 100
8 91 77 84 1 0 19 0.00 0.0 0 4.5 14 100 M M 1 18 100
9 92 78 85 2 0 20 0.28 0.0 0 5.0 15 130 M M 3 13 19 110
10 91 79 85 2 0 20 0.00 0.0 0 4.4 13 130 M M 2 3 16 110
11 91 80 86 3 0 21 0.00 0.0 0 5.6 13 100 M M 1 16 90
12 92 81 87 4 0 22 0.00 0.0 0 7.2 14 40 M M 2 17 70
13 94 80 87 4 0 22 0.00 0.0 0 6.8 16 40 M M 2 20 40
14 92 80 86 3 0 21 0.00 0.0 0 6.6 15 60 M M 3 19 80
15 91 79 85 2 0 20 0.47 0.0 0 5.1 17 120 M M 3 13 21 120
16 92 79 86 3 0 21 0.08 0.0 0 5.0 16 150 M M 3 13 20 150
17 91 79 85 2 0 20 T 0.0 0 5.5 14 200 M M 4 3 18 200
18 91 77 84 1 0 19 2.71 0.0 0 6.1 21 80 M M 2 13 26 100
19 90 72 81 -2 0 16 2.29 M M 8.8 32 270 M M 4 13 40 270
20 89 75 82 -1 0 17 T M M 6.6 15 10 M M 2 3 19 120
21 89 71 80 -3 0 15 0.72 M M 5.6 26 230 M M 3 13 33 230
22 89 74 82 -1 0 17 0.20 M M 7.7 17 30 M M 2 21 60
23 86 74 80 -3 0 15 0.11 M M 6.3 21 80 M M 4 13 27 80
24 88 75 82 -1 0 17 0.00 M M 7.3 13 120 M M 4 3 18 100
25 90 72 81 -1 0 16 1.21 M M 8.1 35 220 M M 4 13 44 210
26 90 78 84 2 0 19 0.63 M M 8.1 16 110 M M 4 13 18 100
27 88 77 83 1 0 18 0.35 M M 5.7 18 100 M M 6 13 24 110
28 90 77 84 2 0 19 T M M 4.9 21 180 M M 4 1 27 190
29 89 79 84 2 0 19 0.74 0.0 0 3.0 16 350 M M 5 13 19 340
30 90 77 84 2 0 19 0.55 0.0 0 6.8 18 340 M M 4 13 21 10
================================================================================
SM 2710 2322 0 572 12.69 0.0 200.9 M 90
================================================================================
AV 90.3 77.4 6.7 FASTST M M 3 MAX(MPH)
MISC ----> 35 220 49 310
================================================================================
NOTES:
# LAST OF SEVERAL OCCURRENCES
COLUMN 17 PEAK WIND IN M.P.H.
PRELIMINARY LOCAL CLIMATOLOGICAL DATA (WS FORM: F-6) , PAGE 2
STATION: POMPANO BEACH ARPK
MONTH: SEPTEMBER
YEAR: 2023
LATITUDE: 26 14 N
LONGITUDE: 80 7 W
[TEMPERATURE DATA] [PRECIPITATION DATA] SYMBOLS USED IN COLUMN 16
AVERAGE MONTHLY: 83.9 TOTAL FOR MONTH: 12.69 1 = FOG OR MIST
DPTR FM NORMAL: 1.0 DPTR FM NORMAL: 5.11 2 = FOG REDUCING VISIBILITY
HIGHEST: 94 ON 13 GRTST 24HR 2.72 ON 18-19 TO 1/4 MILE OR LESS
LOWEST: 71 ON 21 3 = THUNDER
SNOW, ICE PELLETS, HAIL 4 = ICE PELLETS
TOTAL MONTH: 0.0 INCH 5 = HAIL
GRTST 24HR 0.0 6 = FREEZING RAIN OR DRIZZLE
GRTST DEPTH: 0 7 = DUSTSTORM OR SANDSTORM:
VSBY 1/2 MILE OR LESS
8 = SMOKE OR HAZE
[NO. OF DAYS WITH] [WEATHER - DAYS WITH] 9 = BLOWING SNOW
X = TORNADO
MAX 32 OR BELOW: 0 0.01 INCH OR MORE: 15
MAX 90 OR ABOVE: 23 0.10 INCH OR MORE: 14
MIN 32 OR BELOW: 0 0.50 INCH OR MORE: 9
MIN 0 OR BELOW: 0 1.00 INCH OR MORE: 5
[HDD (BASE 65) ]
TOTAL THIS MO. 0 CLEAR (SCALE 0-3) 17
DPTR FM NORMAL 0 PTCLDY (SCALE 4-7) 13
TOTAL FM JUL 1 0 CLOUDY (SCALE 8-10) 0
DPTR FM NORMAL 0
[CDD (BASE 65) ]
TOTAL THIS MO. 572
DPTR FM NORMAL 35 [PRESSURE DATA]
TOTAL FM JAN 1 4219 HIGHEST SLP 30.12 ON 1
DPTR FM NORMAL 586 LOWEST SLP 29.83 ON 14
[REMARKS]
#FINAL-09-23#