000
CXUS53 KPAH 010839 CCA
CF6POF
PRELIMINARY LOCAL CLIMATOLOGICAL DATA (WS FORM: F-6)
STATION: POPLAR BLUFF MO
MONTH: FEBRUARY
YEAR: 2024
LATITUDE: 36 46 N
LONGITUDE: 90 19 W
TEMPERATURE IN F: :PCPN: SNOW: WIND :SUNSHINE: SKY :PK WND
================================================================================
1 2 3 4 5 6A 6B 7 8 9 10 11 12 13 14 15 16 17 18
12Z AVG MX 2MIN
DY MAX MIN AVG DEP HDD CDD WTR SNW DPTH SPD SPD DIR MIN PSBL S-S WX SPD DR
================================================================================
1 57 29 43 5 22 0 0.00 M M 4.2 14 220 M M 1 12 17 220
2 65 38 52 14 13 0 0.00 M M 3.4 12 50 M M 0 1 24 200
3 61 42 52 14 13 0 0.01 M M 8.2 15 60 M M 3 1 22 60
4 51 45 48 10 17 0 0.46 M M 7.3 14 10 M M 9 1 21 20
5 60 38 49 11 16 0 0.00 M M 11.4 18 360 M M 0 25 10
6 58 31 45 7 20 0 0.00 M M 3.9 10 50 M M 0 14 80
7 58 31 45 6 20 0 0.00 M M 3.8 10 170 M M 0 20 240
8 60 46 53 14 12 0 0.00 M M 11.2 21 200 M M 6 29 210
9 69 55 62 23 3 0 0.00 M M 8.8 18 210 M M 7 3 25 220
10 63 43 53 14 12 0 0.03 M M 9.9 20 360 M M 4 13 28 30
11 54 37 46 6 19 0 T M M 10.4 17 30 M M 6 25 20
12 45 36 41 1 24 0 0.02 M M 10.1 22 20 M M 9 30 20
13 55 29 42 2 23 0 0.00 M M 6.3 15 200 M M 0 20 200
14 62 33 48 8 17 0 0.00 M M 6.2 14 200 M M 0 19 210
15 70 44 57 17 8 0 0.00 M M 7.6 15 340 M M 1 22 80
16 46 31 39 -2 26 0 0.01 M M 12.5 29 360 M M 8 3 41 10
17 39 24 32 -9 33 0 0.00 M M 9.2 22 360 M M 2 31 10
18 50 22 36 -5 29 0 0.00 M M 7.1 16 200 M M 0 21 200
19 58 24 41 0 24 0 T M M 3.9 16 210 M M 1 23 210
20 64 30 47 5 18 0 0.00 M M 2.6 14 220 M M 2 8 17 210
21 69 33 51 9 14 0 0.00 M M 7.4 22 220 M M 3 31 220
22 66 49 58 16 7 0 0.22 M M 9.6 22 40 M M 6 13 32 30
23 66 45 56 14 9 0 0.00 M M 9.7 22 280 M M 1 30 280
24 56 36 46 3 19 0 0.00 M M 6.9 20 350 M M 0 26 360
25 72 32 52 9 13 0 0.00 M M 8.4 22 220 M M 1 30 220
26 73 42 58 15 7 0 0.00 M M 9.4 23 190 M M 3 32 190
27 81 57 69 25 0 4 0.00 M M 19.2 32 210 M M 4 47 210
28 69 31 50 6 15 0 0.08 M M 12.7 30 330 M M 1 38 40 330
29 48 24 36 -8 29 0 T M M 4.4 12 130 M M 1 18 100
================================================================================
SM 1745 1057 482 4 0.83 M 235.7 M 79
================================================================================
AV 60.2 36.4 8.1 FASTST M M 3 MAX(MPH)
MISC ----> 32 210 47 210
================================================================================
NOTES:
# LAST OF SEVERAL OCCURRENCES
COLUMN 17 PEAK WIND IN M.P.H.
PRELIMINARY LOCAL CLIMATOLOGICAL DATA (WS FORM: F-6) , PAGE 2
STATION: POPLAR BLUFF MO
MONTH: FEBRUARY
YEAR: 2024
LATITUDE: 36 46 N
LONGITUDE: 90 19 W
[TEMPERATURE DATA] [PRECIPITATION DATA] SYMBOLS USED IN COLUMN 16
AVERAGE MONTHLY: 48.3 TOTAL FOR MONTH: 0.83 1 = FOG OR MIST
DPTR FM NORMAL: 7.9 DPTR FM NORMAL: -2.84 2 = FOG REDUCING VISIBILITY
HIGHEST: 81 ON 27 GRTST 24HR 0.47 ON 3- 4 TO 1/4 MILE OR LESS
LOWEST: 22 ON 18 3 = THUNDER
SNOW, ICE PELLETS, HAIL 4 = ICE PELLETS
TOTAL MONTH: M 5 = HAIL
GRTST 24HR M ON M 6 = FREEZING RAIN OR DRIZZLE
GRTST DEPTH: M ON M 7 = DUSTSTORM OR SANDSTORM:
VSBY 1/2 MILE OR LESS
8 = SMOKE OR HAZE
[NO. OF DAYS WITH] [WEATHER - DAYS WITH] 9 = BLOWING SNOW
X = TORNADO
MAX 32 OR BELOW: 0 0.01 INCH OR MORE: 7
MAX 90 OR ABOVE: 0 0.10 INCH OR MORE: 2
MIN 32 OR BELOW: 12 0.50 INCH OR MORE: 0
MIN 0 OR BELOW: 0 1.00 INCH OR MORE: 0
[HDD (BASE 65) ]
TOTAL THIS MO. 482 CLEAR (SCALE 0-3) 20
DPTR FM NORMAL -207 PTCLDY (SCALE 4-7) 6
TOTAL FM JUL 1 2791 CLOUDY (SCALE 8-10) 3
DPTR FM NORMAL -413
[CDD (BASE 65) ]
TOTAL THIS MO. 4
DPTR FM NORMAL 4 [PRESSURE DATA]
TOTAL FM JAN 1 4 HIGHEST SLP 30.57 ON 29
DPTR FM NORMAL 4 LOWEST SLP 29.39 ON 27
[REMARKS]
#FINAL-02-24#