000
CXUS55 KPAH 010700
CF6POF
PRELIMINARY LOCAL CLIMATOLOGICAL DATA (WS FORM: F-6)
STATION: POPLAR BLUFF MO
MONTH: MAY
YEAR: 2021
LATITUDE: 36 46 N
LONGITUDE: 90 19 W
TEMPERATURE IN F: :PCPN: SNOW: WIND :SUNSHINE: SKY :PK WND
================================================================================
1 2 3 4 5 6A 6B 7 8 9 10 11 12 13 14 15 16 17 18
12Z AVG MX 2MIN
DY MAX MIN AVG DEP HDD CDD WTR SNW DPTH SPD SPD DIR MIN PSBL S-S WX SPD DR
================================================================================
1 79 52 66 2 0 1 0.00 M M 5.7 17 210 M M 0 25 180
2 68 60 64 0 1 0 0.27 M M 4.7 14 160 M M 9 18 18 150
3 78 63 71 7 0 6 0.00 M M 5.9 17 210 M M 7 1 24 220
4 71 53 62 -3 3 0 1.04 M M 9.5 32 240 M M 9 13 47 260
5 70 48 59 -6 6 0 0.00 M M 5.5 14 350 M M 1 18 70
6 71 48 60 -5 5 0 0.04 M M 6.2 22 360 M M 2 13 29 240
7 71 45 58 -8 7 0 T M M 8.5 21 200 M M 1 28 220
8 68 57 63 -3 2 0 0.12 M M 4.8 15 130 M M 7 18 19 130
9 72 51 62 -4 3 0 0.30 M M 13.6 26 200 M M 8 13 40 210
10 62 48 55 -11 10 0 T M M 7.5 14 20 M M 6 21 10
11 66 46 56 -11 9 0 0.00 M M 8.9 17 40 M M 6 24 30
12 66 48 57 -10 8 0 0.00 M M 10.5 17 40 M M 3 27 360
13 69 41 55 -12 10 0 0.00 M M 5.0 14 30 M M 0 8 19 30
14 72 42 57 -11 8 0 0.00 M M 2.1 10 70 M M 0 14 80
15 72 44 58 -10 7 0 0.09 M M 4.1 14 40 M M 5 1 20 170
16 81 57 69 1 0 4 0.00 M M 5.9 15 210 M M 6 18 21 200
17 71 63 67 -1 0 2 0.48 M M 7.3 17 160 M M 8 18 28 150
18 74 65 70 1 0 5 0.34 M M 11.9 25 140 M M 10 1 34 150
19 80 65 73 4 0 8 0.08 M M 9.7 22 140 M M 8 1 31 170
20 85 68 77 8 0 12 0.00 M M 11.4 20 150 M M 6 29 130
21 85 68 77 7 0 12 0.00 M M 6.9 15 170 M M 4 23 160
22 86 60 73 3 0 8 0.00 M M 2.6 12 250 M M 1 8 17 270
23 87 61 74 4 0 9 0.00 M M 1.5 10 210 M M 0 18 15 180
24 87 62 75 4 0 10 0.00 M M 2.3 13 240 M M 1 18 24 250
25 87 68 78 7 0 13 0.00 M M 6.0 21 220 M M 4 18 31 190
26 85 69 77 6 0 12 0.15 M M 2.0 8 120 M M 6 13 12 80
27 88 66 77 5 0 12 0.50 M M 7.2 31 310 M M 3 138 41 320
28 77 55 66 -6 0 1 0.04 M M 11.7 26 350 M M 7 1 36 340
29 58 50 54 -18 11 0 T M M 8.5 18 10 M M 9 23 340
30 73 46 60 -12 5 0 0.00 M M 4.0 12 30 M M 0 18 50
31 76 49 63 -10 2 0 0.00 M M 2.4 9 250 M M 0 8 18 210
================================================================================
SM 2335 1718 97 115 3.45 M 203.8 M 137
================================================================================
AV 75.3 55.4 6.6 FASTST M M 4 MAX(MPH)
MISC ----> 32 240 47 260
================================================================================
NOTES:
# LAST OF SEVERAL OCCURRENCES
COLUMN 17 PEAK WIND IN M.P.H.
PRELIMINARY LOCAL CLIMATOLOGICAL DATA (WS FORM: F-6) , PAGE 2
STATION: POPLAR BLUFF MO
MONTH: MAY
YEAR: 2021
LATITUDE: 36 46 N
LONGITUDE: 90 19 W
[TEMPERATURE DATA] [PRECIPITATION DATA] SYMBOLS USED IN COLUMN 16
AVERAGE MONTHLY: 65.4 TOTAL FOR MONTH: 3.45 1 = FOG OR MIST
DPTR FM NORMAL: -2.8 DPTR FM NORMAL: -1.62 2 = FOG REDUCING VISIBILITY
HIGHEST: 88 ON 27 GRTST 24HR 1.04 ON 4- 4 TO 1/4 MILE OR LESS
LOWEST: 41 ON 13 3 = THUNDER
SNOW, ICE PELLETS, HAIL 4 = ICE PELLETS
TOTAL MONTH: M 5 = HAIL
GRTST 24HR M ON M 6 = FREEZING RAIN OR DRIZZLE
GRTST DEPTH: M ON M 7 = DUSTSTORM OR SANDSTORM:
VSBY 1/2 MILE OR LESS
8 = SMOKE OR HAZE
[NO. OF DAYS WITH] [WEATHER - DAYS WITH] 9 = BLOWING SNOW
X = TORNADO
MAX 32 OR BELOW: 0 0.01 INCH OR MORE: 12
MAX 90 OR ABOVE: 0 0.10 INCH OR MORE: 8
MIN 32 OR BELOW: 0 0.50 INCH OR MORE: 2
MIN 0 OR BELOW: 0 1.00 INCH OR MORE: 1
[HDD (BASE 65) ]
TOTAL THIS MO. 97 CLEAR (SCALE 0-3) 11
DPTR FM NORMAL 46 PTCLDY (SCALE 4-7) 15
TOTAL FM JUL 1 4055 CLOUDY (SCALE 8-10) 5
DPTR FM NORMAL 123
[CDD (BASE 65) ]
TOTAL THIS MO. 115
DPTR FM NORMAL -36 [PRESSURE DATA]
TOTAL FM JAN 1 128 HIGHEST SLP M ON M
DPTR FM NORMAL -61 LOWEST SLP 29.52 ON 3
[REMARKS]
#FINAL-05-21#