000
CXUS56 KLOX 011155
CF6PRB
PRELIMINARY LOCAL CLIMATOLOGICAL DATA (WS FORM: F-6)
STATION: PASO ROBLES AIRPORT CA
MONTH: APRIL
YEAR: 2023
LATITUDE: 35 40 N
LONGITUDE: 120 38 W
TEMPERATURE IN F: :PCPN: SNOW: WIND :SUNSHINE: SKY :PK WND
================================================================================
1 2 3 4 5 6A 6B 7 8 9 10 11 12 13 14 15 16 17 18
12Z AVG MX 2MIN
DY MAX MIN AVG DEP HDD CDD WTR SNW DPTH SPD SPD DIR MIN PSBL S-S WX SPD DR
================================================================================
1 67 37 52 -3 13 0 0.00 M M 5.6 16 310 M M 1 1 19 300
2 64 39 52 -3 13 0 0.00 M M 6.8 20 330 M M 4 1 26 330
3 56 38 47 -8 18 0 0.00 M M 15.3 28 320 M M 1 39 320
4 59 35 47 -8 18 0 0.00 M M 8.1 16 320 M M 0 20 310
5 63 32 48 -8 17 0 0.00 M M 4.1 10 300 M M 0 16 330
6 70 34 52 -4 13 0 0.00 M M 5.4 16 210 M M 0 21 230
7 65 44 55 -1 10 0 T M M 4.9 14 200 M M 4 17 200
8 72 47 60 4 5 0 0.00 M M 3.5 13 310 M M 4 1 15 300
9 76 43 60 4 5 0 0.00 M M 4.4 14 80 M M 0 20 70
10 81 46 64 8 1 0 0.00 M M 6.0 20 300 M M 0 24 310
11 73 49 61 5 4 0 0.00 M M 9.8 20 310 M M 5 1 26 310
12 65 42 54 -2 11 0 0.00 M M 14.3 21 330 M M 3 26 320
13 67 37 52 -4 13 0 0.00 M M 7.1 16 300 M M 1 20 330
14 69 34 52 -5 13 0 0.00 M M 4.9 13 300 M M 1 16 300
15 77 36 57 0 8 0 0.00 M M 4.6 16 200 M M 0 18 190
16 70 42 56 -1 9 0 0.00 M M 8.3 18 310 M M 4 12 24 320
17 69 43 56 -1 9 0 0.00 M M 7.6 15 320 M M 2 1 20 320
18 64 36 50 -7 15 0 0.00 M M 8.6 18 330 M M 1 23 340
19 66 33 50 -8 15 0 0.00 M M 6.4 14 330 M M 0 19 330
20 76 34 55 -3 10 0 0.00 M M 4.0 16 90 M M 0 18 90
21 82 40 61 3 4 0 0.00 M M 4.3 17 330 M M 0 21 340
22 82 43 63 5 2 0 0.00 M M 6.3 20 320 M M 0 24 320
23 79 43 61 3 4 0 0.00 M M 11.3 21 330 M M 0 26 310
24 81 46 64 5 1 0 0.00 M M 9.7 20 310 M M 4 1 24 310
25 82 41 62 3 3 0 0.00 M M 4.9 16 320 M M 2 18 20 320
26 88 42 65 6 0 0 0.00 M M 4.1 14 310 M M 0 17 310
27 91 44 68 9 0 3 0.00 M M 4.5 15 200 M M 0 18 210
28 92 45 69 10 0 4 0.00 M M 4.8 16 180 M M 0 19 180
29 90 47 69 9 0 4 0.00 M M 5.5 20 310 M M 1 12 23 310
30 79 47 63 3 2 0 0.00 M M 10.5 21 310 M M 2 27 300
================================================================================
SM 2215 1219 236 11 T M 205.6 M 40
================================================================================
AV 73.8 40.6 6.9 FASTST M M 1 MAX(MPH)
MISC ----> 28 320 39 320
================================================================================
NOTES:
# LAST OF SEVERAL OCCURRENCES
COLUMN 17 PEAK WIND IN M.P.H.
PRELIMINARY LOCAL CLIMATOLOGICAL DATA (WS FORM: F-6) , PAGE 2
STATION: PASO ROBLES AIRPORT CA
MONTH: APRIL
YEAR: 2023
LATITUDE: 35 40 N
LONGITUDE: 120 38 W
[TEMPERATURE DATA] [PRECIPITATION DATA] SYMBOLS USED IN COLUMN 16
AVERAGE MONTHLY: 57.2 TOTAL FOR MONTH: T 1 = FOG OR MIST
DPTR FM NORMAL: 0.0 DPTR FM NORMAL: -0.60 2 = FOG REDUCING VISIBILITY
HIGHEST: 92 ON 28 GRTST 24HR T ON 7- 7 TO 1/4 MILE OR LESS
LOWEST: 32 ON 5 3 = THUNDER
SNOW, ICE PELLETS, HAIL 4 = ICE PELLETS
TOTAL MONTH: M 5 = HAIL
GRTST 24HR M ON M 6 = FREEZING RAIN OR DRIZZLE
GRTST DEPTH: M ON M 7 = DUSTSTORM OR SANDSTORM:
VSBY 1/2 MILE OR LESS
8 = SMOKE OR HAZE
[NO. OF DAYS WITH] [WEATHER - DAYS WITH] 9 = BLOWING SNOW
X = TORNADO
MAX 32 OR BELOW: 0 0.01 INCH OR MORE: 0
MAX 90 OR ABOVE: 3 0.10 INCH OR MORE: 0
MIN 32 OR BELOW: 1 0.50 INCH OR MORE: 0
MIN 0 OR BELOW: 0 1.00 INCH OR MORE: 0
[HDD (BASE 65) ]
TOTAL THIS MO. 236 CLEAR (SCALE 0-3) 24
DPTR FM NORMAL -6 PTCLDY (SCALE 4-7) 6
TOTAL FM JUL 1 2815 CLOUDY (SCALE 8-10) 0
DPTR FM NORMAL 186
[CDD (BASE 65) ]
TOTAL THIS MO. 11
DPTR FM NORMAL 4 [PRESSURE DATA]
TOTAL FM JAN 1 11 HIGHEST SLP 30.29 ON 20
DPTR FM NORMAL 4 LOWEST SLP 29.78 ON 13
[REMARKS]
#FINAL-04-23#