685
CXUS56 KLOX 011655
CF6PRB
PRELIMINARY LOCAL CLIMATOLOGICAL DATA (WS FORM: F-6)
STATION: PASO ROBLES AIRPORT CA
MONTH: OCTOBER
YEAR: 2020
LATITUDE: 35 40 N
LONGITUDE: 120 38 W
TEMPERATURE IN F: :PCPN: SNOW: WIND :SUNSHINE: SKY :PK WND
================================================================================
1 2 3 4 5 6A 6B 7 8 9 10 11 12 13 14 15 16 17 18
12Z AVG MX 2MIN
DY MAX MIN AVG DEP HDD CDD WTR SNW DPTH SPD SPD DIR MIN PSBL S-S WX SPD DR
================================================================================
1 104 55 80 14 0 15 0.00 0.0 0 1.4 12 320 M M 0 8 14 320
2 104 56 80 14 0 15 0.00 0.0 0 4.2 18 330 M M 2 8 24 330
3 100 53 77 12 0 12 0.00 0.0 0 2.7 15 320 M M 8 8 18 330
4 101 50 76 11 0 11 0.00 0.0 0 1.9 12 320 M M 0 8 14 330
5 98 50 74 9 0 9 0.00 0.0 0 3.4 15 210 M M 0 8 19 210
6 94 50 72 7 0 7 0.00 0.0 0 2.8 12 260 M M 0 8 13 260
7 94 46 70 6 0 5 0.00 0.0 0 3.4 16 200 M M 0 19 200
8 78 45 62 -2 3 0 0.00 0.0 0 5.9 18 200 M M 1 128 23 200
9 82 53 68 4 0 3 0.00 0.0 0 4.7 17 200 M M 5 1 20 200
10 80 47 64 1 1 0 0.00 0.0 0 5.8 17 320 M M 2 20 310
11 85 56 71 8 0 6 0.00 0.0 0 5.9 17 90 M M 3 21 90
12 91 48 70 7 0 5 0.00 0.0 0 6.3 18 100 M M 0 24 80
13 97 46 72 9 0 7 0.00 0.0 0 3.3 14 100 M M 0 16 90
14 97 48 73 11 0 8 0.00 0.0 0 4.5 15 50 M M 0 18 50
15 98 51 75 13 0 10 0.00 0.0 0 3.9 14 90 M M 0 18 80
16 100 50 75 13 0 10 0.00 0.0 0 2.1 13 190 M M 0 15 200
17 98 50 74 12 0 9 0.00 0.0 0 3.2 15 200 M M 0 18 200
18 98 50 74 13 0 9 0.00 0.0 0 3.8 15 200 M M 0 17 200
19 95 45 70 9 0 5 0.00 0.0 0 2.8 13 300 M M 0 15 300
20 95 45 70 9 0 5 0.00 0.0 0 2.3 12 320 M M 0 14 320
21 92 46 69 9 0 4 0.00 0.0 0 2.3 12 200 M M 0 13 200
22 75 48 62 2 3 0 0.00 0.0 0 9.3 22 210 M M 1 28 210
23 76 54 65 5 0 0 0.00 0.0 0 4.0 14 210 M M 4 16 220
24 74 49 62 3 3 0 0.00 0.0 0 4.9 18 220 M M 4 22 210
25 67 49 58 -1 7 0 0.00 0.0 0 4.9 15 210 M M 7 18 210
26 72 41 57 -2 8 0 0.00 0.0 0 5.2 15 90 M M 3 1 18 90
27 77 33 55 -3 10 0 0.00 0.0 0 3.0 9 160 M M 0 10 210
28 84 35 60 2 5 0 0.00 0.0 0 2.8 14 210 M M 0 16 210
29 84 36 60 2 5 0 0.00 0.0 0 2.6 13 210 M M 0 14 210
30 88 37 63 5 2 0 0.00 0.0 0 2.7 13 90 M M 0 16 80
31 89 37 63 6 2 0 0.00 0.0 0 3.6 15 100 M M 0 18 90
================================================================================
SM 2767 1459 49 155 0.00 0.0 119.6 M 40
================================================================================
AV 89.3 47.1 3.9 FASTST M M 1 MAX(MPH)
MISC ----> # 22 210 # 28 210
================================================================================
NOTES:
# LAST OF SEVERAL OCCURRENCES
COLUMN 17 PEAK WIND IN M.P.H.
PRELIMINARY LOCAL CLIMATOLOGICAL DATA (WS FORM: F-6) , PAGE 2
STATION: PASO ROBLES AIRPORT CA
MONTH: OCTOBER
YEAR: 2020
LATITUDE: 35 40 N
LONGITUDE: 120 38 W
[TEMPERATURE DATA] [PRECIPITATION DATA] SYMBOLS USED IN COLUMN 16
AVERAGE MONTHLY: 68.2 TOTAL FOR MONTH: 0.00 1 = FOG OR MIST
DPTR FM NORMAL: 6.5 DPTR FM NORMAL: -0.62 2 = FOG REDUCING VISIBILITY
HIGHEST: 104 ON 2, 1 GRTST 24HR T ON 30- 1 TO 1/4 MILE OR LESS
LOWEST: 33 ON 27 3 = THUNDER
SNOW, ICE PELLETS, HAIL 4 = ICE PELLETS
TOTAL MONTH: 0.0 INCH 5 = HAIL
GRTST 24HR 0.0 6 = FREEZING RAIN OR DRIZZLE
GRTST DEPTH: 0 7 = DUSTSTORM OR SANDSTORM:
VSBY 1/2 MILE OR LESS
8 = SMOKE OR HAZE
[NO. OF DAYS WITH] [WEATHER - DAYS WITH] 9 = BLOWING SNOW
X = TORNADO
MAX 32 OR BELOW: 0 0.01 INCH OR MORE: 0
MAX 90 OR ABOVE: 17 0.10 INCH OR MORE: 0
MIN 32 OR BELOW: 0 0.50 INCH OR MORE: 0
MIN 0 OR BELOW: 0 1.00 INCH OR MORE: 0
[HDD (BASE 65) ]
TOTAL THIS MO. 49 CLEAR (SCALE 0-3) 26
DPTR FM NORMAL -89 PTCLDY (SCALE 4-7) 5
TOTAL FM JUL 1 56 CLOUDY (SCALE 8-10) 0
DPTR FM NORMAL -114
[CDD (BASE 65) ]
TOTAL THIS MO. 155
DPTR FM NORMAL 120 [PRESSURE DATA]
TOTAL FM JAN 1 1363 HIGHEST SLP 30.10 ON 28
DPTR FM NORMAL 437 LOWEST SLP 29.78 ON 2
[REMARKS]
#FINAL-10-20#