000
CXUS56 KSGX 011245
CF6PSP
PRELIMINARY LOCAL CLIMATOLOGICAL DATA (WS FORM: F-6)
STATION: PALM SPRINGS INTL AIRPORT CA
MONTH: NOVEMBER
YEAR: 2020
LATITUDE: 33 49 N
LONGITUDE: 116 30 W
TEMPERATURE IN F: :PCPN: SNOW: WIND :SUNSHINE: SKY :PK WND
================================================================================
1 2 3 4 5 6A 6B 7 8 9 10 11 12 13 14 15 16 17 18
12Z AVG MX 2MIN
DY MAX MIN AVG DEP HDD CDD WTR SNW DPTH SPD SPD DIR MIN PSBL S-S WX SPD DR
================================================================================
1 95 64 80 10 0 15 0.00 0.0 0 5.3 10 100 M M 0 14 110
2 97 66 82 12 0 17 0.00 0.0 0 5.7 10 350 M M 0 14 90
3 96 64 80 10 0 15 0.00 0.0 0 4.6 12 330 M M 0 14 330
4 98 63 81 12 0 16 0.00 0.0 0 5.5 13 340 M M 0 14 230
5 98 72 85 16 0 20 0.00 0.0 0 5.0 9 250 M M 0 12 260
6 88 65 77 9 0 12 0.00 0.0 0 8.4 28 330 M M 0 35 330
7 68 48 58 -10 7 0 0.04 M 0 8.3 29 250 M M 4 40 240
8 66 45 56 -12 9 0 T M 0 6.2 29 220 M M 3 50 230
9 67 46 57 -10 8 0 0.00 0.0 0 3.8 14 320 M M 0 16 340
10 72 48 60 -7 5 0 0.00 0.0 0 4.4 8 360 M M 0 11 260
11 73 47 60 -6 5 0 0.00 0.0 0 3.2 12 120 M M 0 15 120
12 75 48 62 -4 3 0 0.00 0.0 0 4.2 10 340 M M 0 13 330
13 79 48 64 -2 1 0 0.00 0.0 0 3.9 10 350 M M 0 13 330
14 86 53 70 5 0 5 0.00 0.0 0 3.4 12 330 M M 0 15 350
15 85 54 70 5 0 5 0.00 0.0 0 4.7 10 350 M M 0 12 330
16 89 57 73 9 0 8 0.00 0.0 0 6.3 10 320 M M 0 14 110
17 87 57 72 8 0 7 0.00 0.0 0 5.3 12 110 M M 0 15 110
18 86 54 70 7 0 5 0.00 0.0 0 3.3 13 320 M M 0 19 320
19 83 56 70 7 0 5 0.00 0.0 0 2.9 9 310 M M 0 11 330
20 85 58 72 10 0 7 0.00 0.0 0 4.3 9 330 M M 0 12 320
21 87 59 73 11 0 8 0.00 0.0 0 4.3 9 320 M M 0 13 290
22 82 59 71 9 0 6 0.00 0.0 0 3.2 9 330 M M 0 11 340
23 81 54 68 7 0 3 0.00 0.0 0 7.2 26 320 M M 0 39 320
24 79 50 65 4 0 0 0.00 0.0 0 4.0 13 320 M M 0 15 320
25 73 50 62 2 3 0 0.00 0.0 0 5.1 12 120 M M 0 15 120
26 73 51 62 2 3 0 0.00 0.0 0 9.6 26 20 M M 0 32 20
27 72 54 63 3 2 0 0.00 0.0 0 6.2 20 20 M M 0 27 20
28 75 46 61 2 4 0 0.00 0.0 0 4.7 9 330 M M 0 11 330
29 79 45 62 3 3 0 0.00 0.0 0 4.6 10 330 M M 0 12 320
30 78 50 64 6 1 0 0.00 0.0 0 4.5 12 330 M M 0 14 340
================================================================================
SM 2452 1631 54 154 0.04 0.0 152.1 M 7
================================================================================
AV 81.7 54.4 5.1 FASTST M M 0 MAX(MPH)
MISC ----> # 29 250 # 50 230
================================================================================
NOTES:
# LAST OF SEVERAL OCCURRENCES
COLUMN 17 PEAK WIND IN M.P.H.
PRELIMINARY LOCAL CLIMATOLOGICAL DATA (WS FORM: F-6) , PAGE 2
STATION: PALM SPRINGS INTL AIRPORT CA
MONTH: NOVEMBER
YEAR: 2020
LATITUDE: 33 49 N
LONGITUDE: 116 30 W
[TEMPERATURE DATA] [PRECIPITATION DATA] SYMBOLS USED IN COLUMN 16
AVERAGE MONTHLY: 68.1 TOTAL FOR MONTH: 0.04 1 = FOG OR MIST
DPTR FM NORMAL: 3.6 DPTR FM NORMAL: -0.49 2 = FOG REDUCING VISIBILITY
HIGHEST: 98 ON 5, 4 GRTST 24HR 0.04 ON 7- 7 TO 1/4 MILE OR LESS
LOWEST: 45 ON 29, 8 3 = THUNDER
SNOW, ICE PELLETS, HAIL 4 = ICE PELLETS
TOTAL MONTH: 0.0 INCH 5 = HAIL
GRTST 24HR 0.0 6 = FREEZING RAIN OR DRIZZLE
GRTST DEPTH: 0 7 = DUSTSTORM OR SANDSTORM:
VSBY 1/2 MILE OR LESS
8 = SMOKE OR HAZE
[NO. OF DAYS WITH] [WEATHER - DAYS WITH] 9 = BLOWING SNOW
X = TORNADO
MAX 32 OR BELOW: 0 0.01 INCH OR MORE: 1
MAX 90 OR ABOVE: 5 0.10 INCH OR MORE: 0
MIN 32 OR BELOW: 0 0.50 INCH OR MORE: 0
MIN 0 OR BELOW: 0 1.00 INCH OR MORE: 0
[HDD (BASE 65) ]
TOTAL THIS MO. 54 CLEAR (SCALE 0-3) 29
DPTR FM NORMAL -38 PTCLDY (SCALE 4-7) 1
TOTAL FM JUL 1 54 CLOUDY (SCALE 8-10) 0
DPTR FM NORMAL -42
[CDD (BASE 65) ]
TOTAL THIS MO. 154
DPTR FM NORMAL 79 [PRESSURE DATA]
TOTAL FM JAN 1 5109 HIGHEST SLP 30.29 ON 27
DPTR FM NORMAL 972 LOWEST SLP 29.52 ON 6
[REMARKS]
#FINAL-11-20#