000
CXUS56 KSGX 011912
CLMPSP
CLIMATE REPORT
NATIONAL WEATHER SERVICE SAN DIEGO, CA
1112 AM PST FRI DEC 01 2023
...................................
...THE PALM SPRINGS INTL AIRPORT CA CLIMATE SUMMARY FOR THE MONTH OF NOVEMBER 2023...
CLIMATE NORMAL PERIOD: 1991 TO 2020
CLIMATE RECORD PERIOD: 1893 TO 2023
WEATHER OBSERVED NORMAL DEPART LAST YEAR`S
VALUE DATE(S) VALUE FROM VALUE DATE(S)
NORMAL
................................................................
TEMPERATURE (F)
RECORD
HIGH 100 11/07/1991
LOW 23 11/17/1964
HIGHEST 91 11/05 78 13 81 11/01
LOWEST 48 11/29 50 -2 45 11/13
11/23
AVG. MAXIMUM 79.2 78.7 0.5 73.9
AVG. MINIMUM 54.5 53.4 1.1 50.7
MEAN 66.8 66.0 0.8 62.3
DAYS MAX >= 90 MM 2.9 MM 0
DAYS MAX <= 32 0 0.0 0.0 0
DAYS MAX >= 45 30 30
DAYS MAX >= 120 0 0
DAYS MIN <= 32 0 0.0 0.0 0
PRECIPITATION (INCHES)
RECORD
MAXIMUM 6.35 1965
MINIMUM 0.00 2021
TOTALS 0.41 0.23 0.18 0.15
DAILY AVG. 0.01 0.01 0.00 0.01
DAYS >= .01 2 1.3 0.7 1
DAYS >= .10 1 0.6 0.4 1
DAYS >= .50 0 0.2 -0.2 0
DAYS >= 1.00 0 0.1 -0.1 0
DAYS >= %-5.2F 0 0
DAYS >= %-5.2F 0 0
GREATEST
24 HR. TOTAL 0.39 11/15 TO 11/15 0.15 11/08 TO 11/08
STORM TOTAL 0.39 0.15
(MM/DD(HH)) MM
DEGREE DAYS
HEATING TOTAL 22 70 -48 84
SINCE 7/1 22 73 -51 MM
COOLING TOTAL 86 102 -16 11
SINCE 1/1 4487 4594 -107 MM
FREEZE DATES
RECORD
EARLIEST 10/24/1951
LATEST 03/13/1956
EARLIEST MM
LATEST MM
................................................................
WIND (MPH)
AVERAGE WIND SPEED 5.7
RESULTANT WIND SPEED/DIRECTION 3/330
HIGHEST WIND SPEED/DIRECTION 29/330 DATE 11/07
HIGHEST GUST SPEED/DIRECTION 34/330 DATE 11/07
SKY COVER
POSSIBLE SUNSHINE (PERCENT) MM
AVERAGE SKY COVER 0.04
NUMBER OF DAYS FAIR 29
NUMBER OF DAYS PC 1
NUMBER OF DAYS CLOUDY 0
AVERAGE RH (PERCENT) 34
WEATHER CONDITIONS. NUMBER OF DAYS WITH
THUNDERSTORM 1 MIXED PRECIP 0
HEAVY RAIN 1 RAIN 1
LIGHT RAIN 2 FREEZING RAIN 0
LT FREEZING RAIN 0 HAIL 0
HEAVY SNOW 0 SNOW 0
LIGHT SNOW 0 SLEET 0
FOG 2 FOG W/VIS <= 1/4 MILE 0
HAZE 1
- INDICATES NEGATIVE NUMBERS.
R INDICATES RECORD WAS SET OR TIED.
MM INDICATES DATA IS MISSING.
T INDICATES TRACE AMOUNT.
$$