000
CXUS54 KHGX 020714
CF6PSX
PRELIMINARY LOCAL CLIMATOLOGICAL DATA (WS FORM: F-6)
STATION: PALACIOS
MONTH: MAY
YEAR: 2022
LATITUDE: 28 43 N
LONGITUDE: 96 15 W
TEMPERATURE IN F: :PCPN: SNOW: WIND :SUNSHINE: SKY :PK WND
================================================================================
1 2 3 4 5 6A 6B 7 8 9 10 11 12 13 14 15 16 17 18
12Z AVG MX 2MIN
DY MAX MIN AVG DEP HDD CDD WTR SNW DPTH SPD SPD DIR MIN PSBL S-S WX SPD DR
================================================================================
1 87 72 80 5 0 15 0.00 0.0 0 13.2 24 140 M M 4 1 32 130
2 85 77 81 6 0 16 T 0.0 0 17.4 28 160 M M 7 39 160
3 87 78 83 8 0 18 T 0.0 0 15.3 22 170 M M 8 29 160
4 87 77 82 7 0 17 0.00 0.0 0 17.7 26 140 M M 8 37 160
5 87 78 83 7 0 18 T 0.0 0 15.9 33 150 M M 5 44 150
6 89 74 82 6 0 17 0.00 0.0 0 10.4 18 180 M M 5 25 180
7 87 79 83 7 0 18 0.00 0.0 0 12.8 20 170 M M 8 8 28 170
8 89 79 84 8 0 19 0.00 0.0 0 15.1 23 140 M M 4 30 140
9 90 80 85 9 0 20 0.00 0.0 0 18.3 25 150 M M 7 33 150
10 90 80 85 8 0 20 0.00 0.0 0 17.2 23 130 M M 5 29 130
11 88 77 83 6 0 18 0.00 0.0 0 11.7 22 140 M M 3 28 160
12 87 73 80 3 0 15 0.00 0.0 0 11.1 18 140 M M 1 8 25 160
13 87 78 83 6 0 18 0.00 0.0 0 11.8 16 160 M M 3 22 170
14 87 73 80 2 0 15 0.00 0.0 0 11.0 17 160 M M 1 23 170
15 88 79 84 6 0 19 0.00 0.0 0 11.1 16 180 M M 2 24 170
16 87 73 80 2 0 15 0.00 0.0 0 11.1 18 170 M M 3 26 200
17 89 78 84 6 0 19 0.00 0.0 0 12.4 21 160 M M 4 29 160
18 89 80 85 6 0 20 0.00 0.0 0 16.3 25 160 M M 4 32 190
19 89 80 85 6 0 20 0.00 0.0 0 17.1 23 150 M M 6 33 160
20 90 80 85 6 0 20 0.00 0.0 0 19.0 36 130 M M 7 18 51 130
21 92 81 87 8 0 22 0.00 0.0 0 15.1 23 130 M M 10 8 30 120
22 87 71 79 -1 0 14 1.12 0.0 0 9.2 28 300 M M 3 13 38 300
23 89 71 80 0 0 15 T 0.0 0 12.3 23 130 M M 4 13 29 120
24 84 75 80 0 0 15 0.02 0.0 0 13.1 22 180 M M 3 36 120
25 86 64 75 -5 0 10 0.71 0.0 0 11.9 30 330 M M 3 13 55 320
26 89 64 77 -3 0 12 0.00 0.0 0 9.0 15 160 M M 0 21 170
27 90 78 84 3 0 19 0.00 0.0 0 8.5 17 190 M M 0 26 180
28 88 80 84 3 0 19 0.00 0.0 0 11.3 17 160 M M 3 23 160
29 89 80 85 4 0 20 T 0.0 0 18.3 25 150 M M 7 35 170
30 89 81 85 4 0 20 0.00 0.0 0 19.2 25 150 M M 7 37 160
31 91 80 86 4 0 21 0.02 0.0 0 15.6 23 140 M M 6 1 30 140
================================================================================
SM 2733 2370 0 544 1.87 0.0 429.4 M 141
================================================================================
AV 88.2 76.5 13.9 FASTST M M 5 MAX(MPH)
MISC ----> 36 130 55 320
================================================================================
NOTES:
# LAST OF SEVERAL OCCURRENCES
COLUMN 17 PEAK WIND IN M.P.H.
PRELIMINARY LOCAL CLIMATOLOGICAL DATA (WS FORM: F-6) , PAGE 2
STATION: PALACIOS
MONTH: MAY
YEAR: 2022
LATITUDE: 28 43 N
LONGITUDE: 96 15 W
[TEMPERATURE DATA] [PRECIPITATION DATA] SYMBOLS USED IN COLUMN 16
AVERAGE MONTHLY: 82.3 TOTAL FOR MONTH: 1.87 1 = FOG OR MIST
DPTR FM NORMAL: 4.2 DPTR FM NORMAL: -1.99 2 = FOG REDUCING VISIBILITY
HIGHEST: 92 ON 21 GRTST 24HR 1.12 ON 22-22 TO 1/4 MILE OR LESS
LOWEST: 64 ON 26,25 3 = THUNDER
SNOW, ICE PELLETS, HAIL 4 = ICE PELLETS
TOTAL MONTH: 0.0 INCH 5 = HAIL
GRTST 24HR 0.0 6 = FREEZING RAIN OR DRIZZLE
GRTST DEPTH: 0 7 = DUSTSTORM OR SANDSTORM:
VSBY 1/2 MILE OR LESS
8 = SMOKE OR HAZE
[NO. OF DAYS WITH] [WEATHER - DAYS WITH] 9 = BLOWING SNOW
X = TORNADO
MAX 32 OR BELOW: 0 0.01 INCH OR MORE: 4
MAX 90 OR ABOVE: 6 0.10 INCH OR MORE: 2
MIN 32 OR BELOW: 0 0.50 INCH OR MORE: 2
MIN 0 OR BELOW: 0 1.00 INCH OR MORE: 1
[HDD (BASE 65) ]
TOTAL THIS MO. 0 CLEAR (SCALE 0-3) 10
DPTR FM NORMAL -1 PTCLDY (SCALE 4-7) 19
TOTAL FM JUL 1 997 CLOUDY (SCALE 8-10) 2
DPTR FM NORMAL -4
[CDD (BASE 65) ]
TOTAL THIS MO. 544
DPTR FM NORMAL 137 [PRESSURE DATA]
TOTAL FM JAN 1 943 HIGHEST SLP 30.13 ON 22
DPTR FM NORMAL 179 LOWEST SLP 29.59 ON 20
[REMARKS]
#FINAL-05-22#