000
CXUS55 KPUB 012056
CF6PUB
PRELIMINARY LOCAL CLIMATOLOGICAL DATA (WS FORM: F-6)
STATION: PUEBLO CO
MONTH: JULY
YEAR: 2022
LATITUDE: 38 16 N
LONGITUDE: 104 31 W
TEMPERATURE IN F: :PCPN: SNOW: WIND :SUNSHINE: SKY :PK WND
================================================================================
1 2 3 4 5 6A 6B 7 8 9 10 11 12 13 14 15 16 17 18
12Z AVG MX 2MIN
DY MAX MIN AVG DEP HDD CDD WTR SNW DPTH SPD SPD DIR MIN PSBL S-S WX SPD DR
================================================================================
1 86 61 74 -2 0 9 0.19 0.0 0 6.7 32 230 M M 2 3 44 230
2 90 57 74 -2 0 9 0.03 0.0 0 7.2 31 300 M M 3 123 40 300
3 94 59 77 1 0 12 0.00 0.0 0 5.9 24 290 M M 0 32 290
4 100 60 80 4 0 15 0.00 0.0 0 8.8 32 320 M M 1 43 330
5 97 63 80 3 0 15 T 0.0 0 10.4 30 210 M M 3 41 220
6 95 63 79 2 0 14 0.19 0.0 0 7.8 41 20 M M 2 13 52 20
7 95 61 78 1 0 13 T 0.0 0 6.8 25 40 M M 1 13 33 30
8 98 63 81 4 0 16 0.00 0.0 0 9.1 24 130 M M 1 32 120
9 103 65 84 7 0 19 0.00 0.0 0 7.0 20 130 M M 0 24 140
10 107 64 86 9 0 21 0.01 0.0 0 10.8 38 310 M M 1 3 50 300
11 90 63 77 0 0 12 0.00 0.0 0 11.5 39 20 M M 0 50 20
12 95 60 78 1 0 13 T 0.0 0 7.8 21 220 M M 1 3 29 220
13 103 55 79 1 0 14 0.00 0.0 0 6.5 15 170 M M 0 22 180
14 103 67 85 7 0 20 0.04 0.0 0 8.8 36 290 M M 1 3 48 280
15 103 64 84 6 0 19 0.00 0.0 0 8.5 29 10 M M 0 39 360
16 101 67 84 6 0 19 0.17 0.0 0 8.1 23 20 M M 2 3 30 40
17 98 63 81 3 0 16 0.00 0.0 0 7.8 20 110 M M 0 26 100
18 105 62 84 6 0 19 0.11 0.0 0 8.0 40 360 M M 0 3 53 360
19 103 70 87 9 0 22 0.06 0.0 0 10.5 35 10 M M 2 3 50 10
20 98 66 82 4 0 17 T 0.0 0 8.9 37 360 M M 1 3 50 360
21 100 59 80 2 0 15 0.00 0.0 0 6.6 16 130 M M 0 21 120
22 103 61 82 4 0 17 T 0.0 0 6.2 30 220 M M 0 3 45 180
23 108 61 85 7 0 20 T 0.0 0 12.1 39 360 M M 1 3 53 360
24 96 64 80 2 0 15 0.07 0.0 0 9.9 33 290 M M 2 3 43 280
25 85 62 74 -4 0 9 1.20 0.0 0 7.1 26 170 M M 3 13 36 160
26 93 66 80 2 0 15 0.01 0.0 0 7.8 36 40 M M 3 3 43 40
27 95 66 81 4 0 16 T 0.0 0 7.9 18 130 M M 0 25 130
28 81 66 74 -3 0 9 0.03 0.0 0 8.3 35 50 M M 6 47 50
29 81 64 73 -4 0 8 0.01 0.0 0 7.0 29 100 M M 6 35 100
30 91 64 78 1 0 13 0.00 0.0 0 6.6 17 110 M M 3 21 110
31 98 62 80 3 0 15 0.00 0.0 0 7.3 25 360 M M 2 1 33 10
================================================================================
SM 2995 1948 0 466 2.12 0.0 253.7 M 47
================================================================================
AV 96.6 62.8 8.2 FASTST M M 2 MAX(MPH)
MISC ----> 41 20 #53 360
================================================================================
NOTES:
# LAST OF SEVERAL OCCURRENCES
COLUMN 17 PEAK WIND IN M.P.H.
PRELIMINARY LOCAL CLIMATOLOGICAL DATA (WS FORM: F-6) , PAGE 2
STATION: PUEBLO CO
MONTH: JULY
YEAR: 2022
LATITUDE: 38 16 N
LONGITUDE: 104 31 W
[TEMPERATURE DATA] [PRECIPITATION DATA] SYMBOLS USED IN COLUMN 16
AVERAGE MONTHLY: 79.7 TOTAL FOR MONTH: 2.12 1 = FOG OR MIST
DPTR FM NORMAL: 2.5 DPTR FM NORMAL: 0.23 2 = FOG REDUCING VISIBILITY
HIGHEST: 108 ON 23 GRTST 24HR 1.21 ON 24-25 TO 1/4 MILE OR LESS
LOWEST: 55 ON 13 AND ON 25-26 3 = THUNDER
SNOW, ICE PELLETS, HAIL 4 = ICE PELLETS
TOTAL MONTH: 0.0 INCH 5 = HAIL
GRTST 24HR 0.0 6 = FREEZING RAIN OR DRIZZLE
GRTST DEPTH: 0 7 = DUSTSTORM OR SANDSTORM:
VSBY 1/2 MILE OR LESS
8 = SMOKE OR HAZE
[NO. OF DAYS WITH] [WEATHER - DAYS WITH] 9 = BLOWING SNOW
X = TORNADO
MAX 32 OR BELOW: 0 0.01 INCH OR MORE: 13
MAX 90 OR ABOVE: 27 0.10 INCH OR MORE: 5
MIN 32 OR BELOW: 0 0.50 INCH OR MORE: 1
MIN 0 OR BELOW: 0 1.00 INCH OR MORE: 1
[HDD (BASE 65) ]
TOTAL THIS MO. 0 CLEAR (SCALE 0-3) 29
DPTR FM NORMAL -1 PTCLDY (SCALE 4-7) 2
TOTAL FM JUL 1 0 CLOUDY (SCALE 8-10) 0
DPTR FM NORMAL 0
[CDD (BASE 65) ]
TOTAL THIS MO. 466
DPTR FM NORMAL 87 [PRESSURE DATA]
TOTAL FM JAN 1 798 HIGHEST SLP 30.10 ON 29
DPTR FM NORMAL 150 LOWEST SLP 29.65 ON 23
[REMARKS]
#FINAL-07-22#