000
CXUS56 KOTX 280910
CF6PUW
PRELIMINARY LOCAL CLIMATOLOGICAL DATA (WS FORM: F-6)
STATION: PULLMAN_MOSCOW AIRPORT
MONTH: MARCH
YEAR: 2024
LATITUDE: 46 44 N
LONGITUDE: 117 7 W
TEMPERATURE IN F: :PCPN: SNOW: WIND :SUNSHINE: SKY :PK WND
================================================================================
1 2 3 4 5 6A 6B 7 8 9 10 11 12 13 14 15 16 17 18
12Z AVG MX 2MIN
DY MAX MIN AVG DEP HDD CDD WTR SNW DPTH SPD SPD DIR MIN PSBL S-S WX SPD DR
================================================================================
1 44 27 36 -2 29 0 0.19 M M 9.8 20 110 M M 5 12 28 110
2 38 26 32 -6 33 0 0.07 M M 11.0 23 240 M M 6 1 32 240
3 38 25 32 -6 33 0 0.01 M M 7.8 14 100 M M 2 18 21 90
4 36 26 31 -7 34 0 0.04 M M 11.7 22 230 M M 6 12 32 220
5 37 25 31 -8 34 0 0.00 M M 3.4 12 330 M M 7 14 90
6 40 22 31 -8 34 0 0.00 M M 3.7 12 230 M M 2 17 200
7 39 22 31 -8 34 0 0.00 M M 2.5 10 90 M M 2 13 100
8 47 26 37 -3 28 0 0.00 M M 12.0 21 100 M M 0 26 100
9 52 31 42 2 23 0 T M M 12.7 24 200 M M 4 38 200
10 48 35 42 2 23 0 0.15 M M 11.4 25 230 M M 8 1 36 240
11 49 34 42 2 23 0 0.17 M M 6.4 15 160 M M 8 1 23 130
12 50 33 42 2 23 0 0.14 M M 10.0 25 250 M M 7 1 41 280
13 42 30 36 -5 29 0 0.00 M M 9.5 18 280 M M 5 28 240
14 50 29 40 -1 25 0 0.00 M M 4.0 12 100 M M 0 15 350
15 56 30 43 2 22 0 0.00 M M 3.2 13 90 M M 0 16 90
16 65 34 50 9 15 0 0.00 M M 3.5 12 50 M M 0 15 100
17 69 32 51 9 14 0 0.00 M M 3.7 15 120 M M 0 19 100
18 69 34 52 10 13 0 0.00 M M 4.2 15 90 M M 0 18 100
19 67 40 54 12 11 0 0.00 M M 4.8 14 90 M M 0 20 240
20 61 37 49 7 16 0 0.00 M M 8.4 23 250 M M 1 8 34 270
21 55 40 48 6 17 0 0.04 M M 10.8 26 250 M M 7 8 36 240
22 59 38 49 7 16 0 T M M 8.0 20 100 M M 4 24 90
23 50 36 43 0 22 0 0.10 M M 6.9 18 260 M M 7 1 27 250
24 42 28 35 -8 30 0 0.34 M M 8.1 17 260 M M 8 1 26 280
25 46 28 37 -6 28 0 0.01 M M 5.3 17 240 M M 7 22 240
26 50 34 42 -1 23 0 0.01 M M 8.1 23 240 M M 8 29 240
27 45 32 39 -4 26 0 0.21 M M 10.3 24 230 M M 5 1 36 250
================================================================================
SM 1344 834 658 0 1.48 M 201.2 M 109
================================================================================
AV 49.8 30.9 7.5 FASTST M M 4 MAX(MPH)
MISC ----> 26 250 41 280
================================================================================
NOTES:
# LAST OF SEVERAL OCCURRENCES
COLUMN 17 PEAK WIND IN M.P.H.
PRELIMINARY LOCAL CLIMATOLOGICAL DATA (WS FORM: F-6) , PAGE 2
STATION: PULLMAN_MOSCOW AIRPORT
MONTH: MARCH
YEAR: 2024
LATITUDE: 46 44 N
LONGITUDE: 117 7 W
[TEMPERATURE DATA] [PRECIPITATION DATA] SYMBOLS USED IN COLUMN 16
AVERAGE MONTHLY: 40.3 TOTAL FOR MONTH: 1.48 1 = FOG OR MIST
DPTR FM NORMAL: -0.4 DPTR FM NORMAL: -0.21 2 = FOG REDUCING VISIBILITY
HIGHEST: 69 ON 18,17 GRTST 24HR 0.34 ON 24-24 TO 1/4 MILE OR LESS
LOWEST: 22 ON 7, 6 3 = THUNDER
SNOW, ICE PELLETS, HAIL 4 = ICE PELLETS
TOTAL MONTH: M 5 = HAIL
GRTST 24HR M ON M 6 = FREEZING RAIN OR DRIZZLE
GRTST DEPTH: M ON M 7 = DUSTSTORM OR SANDSTORM:
VSBY 1/2 MILE OR LESS
8 = SMOKE OR HAZE
[NO. OF DAYS WITH] [WEATHER - DAYS WITH] 9 = BLOWING SNOW
X = TORNADO
MAX 32 OR BELOW: 0 0.01 INCH OR MORE: 13
MAX 90 OR ABOVE: 0 0.10 INCH OR MORE: 7
MIN 32 OR BELOW: 16 0.50 INCH OR MORE: 0
MIN 0 OR BELOW: 0 1.00 INCH OR MORE: 0
[HDD (BASE 65) ]
TOTAL THIS MO. 658 CLEAR (SCALE 0-3) 11
DPTR FM NORMAL 2 PTCLDY (SCALE 4-7) 16
TOTAL FM JUL 1 4836 CLOUDY (SCALE 8-10) 0
DPTR FM NORMAL -275
[CDD (BASE 65) ]
TOTAL THIS MO. 0
DPTR FM NORMAL 0 [PRESSURE DATA]
TOTAL FM JAN 1 0 HIGHEST SLP M ON M
DPTR FM NORMAL 0 LOWEST SLP 29.26 ON 2
[REMARKS]