000
CXUS54 KOUN 010810
CF6PWA
PRELIMINARY LOCAL CLIMATOLOGICAL DATA (WS FORM: F-6)
STATION: BETHANY/WILEY POST
MONTH: JULY
YEAR: 2022
LATITUDE: 35 31 N
LONGITUDE: 97 38 W
TEMPERATURE IN F: :PCPN: SNOW: WIND :SUNSHINE: SKY :PK WND
================================================================================
1 2 3 4 5 6A 6B 7 8 9 10 11 12 13 14 15 16 17 18
12Z AVG MX 2MIN
DY MAX MIN AVG DEP HDD CDD WTR SNW DPTH SPD SPD DIR MIN PSBL S-S WX SPD DR
================================================================================
1 99 76 88 6 0 23 0.00 0.0 0 14.3 20 140 M M 0 26 190
2 98 76 87 5 0 22 0.00 0.0 0 11.9 20 160 M M 1 25 160
3 99 78 89 7 0 24 0.40 0.0 0 10.4 21 190 M M 2 27 200
4 100 77 89 7 0 24 0.00 M M 14.2 23 160 M M 0 32 180
5 103 82 93 10 0 28 0.00 M M 17.1 26 200 M M 0 32 190
6 105 81 93 10 0 28 0.00 M M 15.2 25 200 M M 1 31 190
7 107 83 95 12 0 30 0.00 M M 14.4 22 200 M M 0 27 200
8 106 78 92 9 0 27 0.27 M M 8.7 32 290 M M 1 3 42 280
9 101 75 88 5 0 23 0.00 M M 8.8 17 40 M M 0 23 30
10 99 73 86 2 0 21 0.00 M M 6.3 14 70 M M 0 18 60
11 103 71 87 3 0 22 0.00 M M 8.1 16 170 M M 0 21 180
12 97 72 85 1 0 20 0.00 M M 10.4 18 60 M M 0 25 50
13 98 75 87 3 0 22 0.00 M M 7.2 15 90 M M 0 20 80
14 104 78 91 7 0 26 0.00 M M 9.8 17 140 M M 0 22 120
15 103 76 90 6 0 25 0.00 M M 12.7 20 180 M M 0 8 34 180
16 103 79 91 7 0 26 0.00 M M 12.7 20 170 M M 0 26 190
17 108 80 94 10 0 29 0.00 M M 10.2 20 190 M M 1 25 200
18 103 80 92 8 0 27 0.00 M M 9.9 18 50 M M 0 23 20
19 112 76 94 10 0 29 0.00 M M 9.0 18 170 M M 0 38 24 170
20 102 83 93 8 0 28 0.00 M M 8.6 20 200 M M 0 8 24 210
21 101 83 92 7 0 27 0.00 M M 11.0 24 210 M M 1 8 31 210
22 103 79 91 6 0 26 0.01 M M 12.4 24 140 M M 1 3 36 160
23 105 77 91 6 0 26 0.00 M M 14.6 23 210 M M 0 30 210
24 106 81 94 9 0 29 0.00 M M 15.0 25 200 M M 0 30 210
25 107 80 94 9 0 29 0.00 0.0 M 13.2 20 170 M M 0 25 170
26 108 84 96 11 0 31 0.00 0.0 M 15.0 22 200 M M 0 27 200
27 108 82 95 10 0 30 0.01 0.0 M 12.0 28 30 M M 2 3 44 30
28 102 79 91 6 0 26 0.14 M M 10.4 22 90 M M 3 3 26 90
29 88 76 82 -3 0 17 0.05 M M 11.4 16 40 M M 5 13 20 40
30 90 70 80 -5 0 15 T M M 7.2 14 360 M M 3 20 320
31 94 75 85 0 0 20 0.18 M M 13.7 21 10 M M 4 1 29 360
================================================================================
SM 3162 2415 0 780 1.06 0.0 355.8 M 25
================================================================================
AV102.0 77.9 11.5 FASTST M M 1 MAX(MPH)
MISC ----> 32 290 44 30
================================================================================
NOTES:
# LAST OF SEVERAL OCCURRENCES
COLUMN 17 PEAK WIND IN M.P.H.
PRELIMINARY LOCAL CLIMATOLOGICAL DATA (WS FORM: F-6) , PAGE 2
STATION: BETHANY/WILEY POST
MONTH: JULY
YEAR: 2022
LATITUDE: 35 31 N
LONGITUDE: 97 38 W
[TEMPERATURE DATA] [PRECIPITATION DATA] SYMBOLS USED IN COLUMN 16
AVERAGE MONTHLY: 90.0 TOTAL FOR MONTH: 1.06 1 = FOG OR MIST
DPTR FM NORMAL: 6.1 DPTR FM NORMAL: -1.82 2 = FOG REDUCING VISIBILITY
HIGHEST: 112 ON 19 GRTST 24HR 0.40 ON 3- 3 TO 1/4 MILE OR LESS
LOWEST: 70 ON 30 3 = THUNDER
SNOW, ICE PELLETS, HAIL 4 = ICE PELLETS
TOTAL MONTH: 0.0 INCH 5 = HAIL
GRTST 24HR 0.0 6 = FREEZING RAIN OR DRIZZLE
GRTST DEPTH: 0 7 = DUSTSTORM OR SANDSTORM:
VSBY 1/2 MILE OR LESS
8 = SMOKE OR HAZE
[NO. OF DAYS WITH] [WEATHER - DAYS WITH] 9 = BLOWING SNOW
X = TORNADO
MAX 32 OR BELOW: 0 0.01 INCH OR MORE: 7
MAX 90 OR ABOVE: 30 0.10 INCH OR MORE: 4
MIN 32 OR BELOW: 0 0.50 INCH OR MORE: 0
MIN 0 OR BELOW: 0 1.00 INCH OR MORE: 0
[HDD (BASE 65) ]
TOTAL THIS MO. 0 CLEAR (SCALE 0-3) 28
DPTR FM NORMAL 0 PTCLDY (SCALE 4-7) 3
TOTAL FM JUL 1 0 CLOUDY (SCALE 8-10) 0
DPTR FM NORMAL 0
[CDD (BASE 65) ]
TOTAL THIS MO. 780
DPTR FM NORMAL 194 [PRESSURE DATA]
TOTAL FM JAN 1 1686 HIGHEST SLP M ON M
DPTR FM NORMAL 438 LOWEST SLP 28.38 ON 20
[REMARKS]
#FINAL-07-22#