000
CXUS56 KSGX 011245
CF6RAL
PRELIMINARY LOCAL CLIMATOLOGICAL DATA (WS FORM: F-6)
STATION: RIVERSIDE MUNI AIRPORT CA
MONTH: MARCH
YEAR: 2020
LATITUDE: 33 57 N
LONGITUDE: 117 27 W
TEMPERATURE IN F: :PCPN: SNOW: WIND :SUNSHINE: SKY :PK WND
================================================================================
1 2 3 4 5 6A 6B 7 8 9 10 11 12 13 14 15 16 17 18
12Z AVG MX 2MIN
DY MAX MIN AVG DEP HDD CDD WTR SNW DPTH SPD SPD DIR MIN PSBL S-S WX SPD DR
================================================================================
1 63 47 55 -2 10 0 T M 0 6.9 21 250 M M 9 26 250
2 67 45 56 -1 9 0 0.00 0.0 0 10.4 23 20 M M 2 38 360
3 81 54 68 11 0 3 0.00 0.0 0 9.5 26 360 M M 0 39 360
4 77 45 61 4 4 0 0.00 0.0 0 3.5 16 270 M M 1 20 270
5 83 47 65 7 0 0 0.00 0.0 0 3.3 15 270 M M 3 128 17 270
6 77 50 64 6 1 0 0.00 0.0 0 5.8 20 270 M M 1 18 24 270
7 67 51 59 1 6 0 0.00 0.0 0 7.1 18 260 M M 9 24 270
8 67 50 59 1 6 0 T 0.0 0 4.4 16 260 M M 6 22 240
9 75 45 60 2 5 0 0.10 M 0 3.5 16 140 M M 2 22 150
10 70 53 62 4 3 0 0.52 0.0 0 5.8 16 100 M M 9 18 23 100
11 73 51 62 4 3 0 0.00 0.0 0 3.3 16 250 M M 5 19 270
12 59 50 55 -3 10 0 1.53 0.0 0 6.1 17 270 M M 7 13 24 280
13 56 50 53 -5 12 0 0.08 0.0 0 1.4 10 250 M M 9 1 13 270
14 61 53 57 -2 8 0 T 0.0 0 3.5 13 270 M M 10 1 15 270
15 62 49 56 -3 9 0 T M 0 4.4 14 270 M M 9 1 18 290
16 64 49 57 -2 8 0 0.18 M 0 6.0 17 180 M M 10 1 23 190
17 60 44 52 -7 13 0 0.03 M 0 3.5 14 270 M M 5 16 270
18 57 39 48 -11 17 0 T M 0 5.8 17 240 M M 5 23 130
19 59 46 53 -6 12 0 0.25 M 0 3.4 18 270 M M 8 1 24 270
20 64 46 55 -4 10 0 0.01 M 0 2.4 9 250 M M 7 1 11 250
21 67 46 57 -2 8 0 0.00 0.0 0 3.8 15 270 M M 4 18 280
22 70 46 58 -1 7 0 0.45 M 0 4.4 16 270 M M 5 1 20 270
23 65 51 58 -2 7 0 0.49 0.0 0 7.1 16 270 M M 6 1 22 270
24 65 50 58 -2 7 0 0.00 0.0 0 6.1 16 270 M M 7 20 270
25 64 49 57 -3 8 0 0.00 0.0 0 6.4 20 250 M M 9 28 230
26 61 43 52 -8 13 0 0.00 0.0 0 8.0 23 230 M M 4 28 240
27 64 41 53 -7 12 0 0.00 0.0 0 5.7 18 270 M M 2 24 250
28 67 40 54 -6 11 0 0.00 0.0 0 4.4 16 260 M M 2 19 250
29 67 44 56 -4 9 0 0.00 0.0 0 5.4 18 260 M M 3 24 270
30 74 46 60 0 5 0 0.00 0.0 0 3.3 14 270 M M 0 19 250
31 79 50 65 5 0 0 0.00 0.0 0 3.1 14 270 M M 2 17 270
================================================================================
SM 2085 1470 233 3 3.64 0.0 157.7 M 161
================================================================================
AV 67.3 47.4 5.1 FASTST M M 5 MAX(MPH)
MISC ----> # 26 360 # 39 360
================================================================================
NOTES:
# LAST OF SEVERAL OCCURRENCES
COLUMN 17 PEAK WIND IN M.P.H.
PRELIMINARY LOCAL CLIMATOLOGICAL DATA (WS FORM: F-6) , PAGE 2
STATION: RIVERSIDE MUNI AIRPORT CA
MONTH: MARCH
YEAR: 2020
LATITUDE: 33 57 N
LONGITUDE: 117 27 W
[TEMPERATURE DATA] [PRECIPITATION DATA] SYMBOLS USED IN COLUMN 16
AVERAGE MONTHLY: 57.3 TOTAL FOR MONTH: 3.64 1 = FOG OR MIST
DPTR FM NORMAL: -1.5 DPTR FM NORMAL: 1.63 2 = FOG REDUCING VISIBILITY
HIGHEST: 83 ON 5 GRTST 24HR 1.53 ON 12-12 TO 1/4 MILE OR LESS
LOWEST: 39 ON 18 3 = THUNDER
SNOW, ICE PELLETS, HAIL 4 = ICE PELLETS
TOTAL MONTH: 0.0 INCH 5 = HAIL
GRTST 24HR 0.0 6 = FREEZING RAIN OR DRIZZLE
GRTST DEPTH: 0 7 = DUSTSTORM OR SANDSTORM:
VSBY 1/2 MILE OR LESS
8 = SMOKE OR HAZE
[NO. OF DAYS WITH] [WEATHER - DAYS WITH] 9 = BLOWING SNOW
X = TORNADO
MAX 32 OR BELOW: 0 0.01 INCH OR MORE: 10
MAX 90 OR ABOVE: 0 0.10 INCH OR MORE: 7
MIN 32 OR BELOW: 0 0.50 INCH OR MORE: 2
MIN 0 OR BELOW: 0 1.00 INCH OR MORE: 1
[HDD (BASE 65) ]
TOTAL THIS MO. 233 CLEAR (SCALE 0-3) 11
DPTR FM NORMAL 28 PTCLDY (SCALE 4-7) 11
TOTAL FM JUL 1 1158 CLOUDY (SCALE 8-10) 9
DPTR FM NORMAL -155
[CDD (BASE 65) ]
TOTAL THIS MO. 3
DPTR FM NORMAL -9 [PRESSURE DATA]
TOTAL FM JAN 1 11 HIGHEST SLP 30.23 ON 30
DPTR FM NORMAL -10 LOWEST SLP 29.71 ON 18
[REMARKS]
#FINAL-03-20#