000
CXUS56 KSGX 010949
CLMRAL
CLIMATE REPORT
NATIONAL WEATHER SERVICE SAN DIEGO, CA
249 AM PDT SAT JUL 01 2023
...................................
...THE RIVERSIDE MUNI AIRPORT CA CLIMATE SUMMARY FOR THE MONTH OF JUNE 2023...
CLIMATE NORMAL PERIOD: 1991 TO 2020
CLIMATE RECORD PERIOD: 1893 TO 2023
WEATHER OBSERVED NORMAL DEPART LAST YEAR`S
VALUE DATE(S) VALUE FROM VALUE DATE(S)
NORMAL
................................................................
TEMPERATURE (F)
RECORD
HIGH 118 06/16/1917
LOW 39 06/08/1950
HIGHEST 95 06/30 88 7 105 06/27
LOWEST 54 06/03 59 -5 56 06/19
06/23
06/24
AVG. MAXIMUM 79.1 86.7 -7.6 92.9
AVG. MINIMUM 56.8 59.3 -2.5 62.7
MEAN 68.0 73.0 -5.0 77.8
DAYS MAX >= 90 2 12.1 -10.1 21
DAYS MAX <= 32 0 0.0 0.0 0
DAYS MAX >= 45 30 30
DAYS MAX >= 120 0 0
DAYS MIN <= 32 0 0.0 0.0 0
PRECIPITATION (INCHES)
RECORD
MAXIMUM 0.84 1993
MINIMUM 0.00 2019
TOTALS 0.02 0.04 -0.02 0.01
DAILY AVG. 0.00 0.00 -0.00 0.00
DAYS >= .01 1 0.2 0.8 1
DAYS >= .10 0 0.0 0.0 0
DAYS >= .50 0 0.0 0.0 0
DAYS >= 1.00 0 0.0 0.0 0
DAYS >= %-5.2F 0 0
DAYS >= %-5.2F 0 0
GREATEST
24 HR. TOTAL 0.02 06/11 TO 06/11 0.01 06/22 TO 06/22
STORM TOTAL 0.02 0.01
(MM/DD(HH)) MM
DEGREE DAYS
HEATING TOTAL 11 2 9 0
SINCE 7/1 1800 1385 415 MM
COOLING TOTAL 108 242 -134 391
SINCE 1/1 216 435 -219 MM
FREEZE DATES
RECORD
EARLIEST 10/21/1949
LATEST 04/28/1894
EARLIEST 01/17 01/17
LATEST 01/17 01/02
................................................................
WIND (MPH)
AVERAGE WIND SPEED 5.8
RESULTANT WIND SPEED/DIRECTION 5/270
HIGHEST WIND SPEED/DIRECTION 22/270 DATE 06/22
22/270 06/24
HIGHEST GUST SPEED/DIRECTION 29/270 DATE 06/22
SKY COVER
POSSIBLE SUNSHINE (PERCENT) MM
AVERAGE SKY COVER 0.37
NUMBER OF DAYS FAIR 15
NUMBER OF DAYS PC 11
NUMBER OF DAYS CLOUDY 4
AVERAGE RH (PERCENT) 64
WEATHER CONDITIONS. NUMBER OF DAYS WITH
THUNDERSTORM 0 MIXED PRECIP 0
HEAVY RAIN 0 RAIN 0
LIGHT RAIN 1 FREEZING RAIN 0
LT FREEZING RAIN 0 HAIL 0
HEAVY SNOW 0 SNOW 0
LIGHT SNOW 0 SLEET 0
FOG 11 FOG W/VIS <= 1/4 MILE 0
HAZE 13
- INDICATES NEGATIVE NUMBERS.
R INDICATES RECORD WAS SET OR TIED.
MM INDICATES DATA IS MISSING.
T INDICATES TRACE AMOUNT.
$$