539
CXUS53 KUNR 010945
CF6RAP
PRELIMINARY LOCAL CLIMATOLOGICAL DATA (WS FORM: F-6)
STATION: RAPID CITY AIRPORT SD
MONTH: JULY
YEAR: 2020
LATITUDE: 44 2 N
LONGITUDE: 103 4 W
TEMPERATURE IN F: :PCPN: SNOW: WIND :SUNSHINE: SKY :PK WND
================================================================================
1 2 3 4 5 6A 6B 7 8 9 10 11 12 13 14 15 16 17 18
12Z AVG MX 2MIN
DY MAX MIN AVG DEP HDD CDD WTR SNW DPTH SPD SPD DIR MIN PSBL S-S WX SPD DR
================================================================================
1 89 47 68 -2 0 3 0.00 M M 10.0 23 210 M M 0 32 270
2 94 61 78 8 0 13 0.10 M M 14.4 31 180 M M 0 35 40 160
3 95 60 78 8 0 13 0.00 M M 12.7 26 190 M M 0 33 190
4 93 65 79 9 0 14 T M M 9.5 26 250 M M 1 3 46 280
5 92 59 76 5 0 11 0.53 M M 9.9 44 220 M M 1 13 56 220
6 86 57 72 1 0 7 0.08 M M 8.7 22 360 M M 3 35 30 60
7 93 59 76 5 0 11 T M M 10.2 32 330 M M 2 3 52 120
8 84 61 73 1 0 8 0.00 M M 11.5 26 340 M M 1 36 340
9 82 60 71 -1 0 6 0.01 M M 8.6 16 10 M M 1 3 20 310
10 85 59 72 0 0 7 0.32 M M 11.9 31 320 M M 3 135 45 360
11 85 57 71 -1 0 6 0.00 M M 6.4 22 330 M M 0 27 320
12 91 53 72 0 0 7 0.00 M M 10.3 21 170 M M 1 31 180
13 87 58 73 0 0 8 0.00 M M 17.3 44 320 M M 2 60 330
14 75 54 65 -8 0 0 0.41 M M 7.4 16 190 M M 6 13 24 340
15 84 57 71 -2 0 6 0.00 M M 8.2 20 220 M M 0 26 220
16 87 61 74 1 0 9 T M M 7.7 16 330 M M 0 22 330
17 99 58 79 6 0 14 0.00 M M 5.7 18 340 M M 0 24 340
18 84 61 73 0 0 8 0.00 M M 14.0 36 330 M M 1 49 330
19 81 59 70 -3 0 5 0.17 M M 7.1 20 120 M M 6 13 27 120
20 84 58 71 -3 0 6 0.12 M M 5.1 24 10 M M 1 13 32 10
21 82 58 70 -4 0 5 0.00 M M 5.4 14 120 M M 1 18 110
22 94 57 76 2 0 11 0.00 M M 11.5 23 140 M M 0 32 150
23 100 66 83 9 0 18 0.00 M M 9.8 24 190 M M 0 35 190
24 90 60 75 1 0 10 T M M 7.2 20 270 M M 1 25 280
25 96 61 79 5 0 14 0.00 M M 8.0 25 20 M M 0 34 30
26 85 55 70 -4 0 5 0.00 M M 6.4 15 340 M M 1 22 350
27 92 57 75 1 0 10 0.00 M M 6.2 12 50 M M 1 16 360
28 90 59 75 1 0 10 0.08 M M 7.4 29 220 M M 1 3 39 240
29 71 62 67 -7 0 2 0.23 M M 8.0 21 30 M M 5 13 26 30
30 83 59 71 -3 0 6 0.11 M M 4.4 24 330 M M 3 34 330
31 91 61 76 2 0 11 T M M 8.7 33 10 M M 1 46 360
================================================================================
SM 2724 1819 0 264 2.16 M 279.6 M 43
================================================================================
AV 87.9 58.7 9.0 FASTST M M 1 MAX(MPH)
MISC ----> # 44 220 # 60 330
================================================================================
NOTES:
# LAST OF SEVERAL OCCURRENCES
COLUMN 17 PEAK WIND IN M.P.H.
PRELIMINARY LOCAL CLIMATOLOGICAL DATA (WS FORM: F-6) , PAGE 2
STATION: RAPID CITY AIRPORT SD
MONTH: JULY
YEAR: 2020
LATITUDE: 44 2 N
LONGITUDE: 103 4 W
[TEMPERATURE DATA] [PRECIPITATION DATA] SYMBOLS USED IN COLUMN 16
AVERAGE MONTHLY: 73.3 TOTAL FOR MONTH: 2.16 1 = FOG OR MIST
DPTR FM NORMAL: 0.7 DPTR FM NORMAL: 0.31 2 = FOG REDUCING VISIBILITY
HIGHEST: 100 ON 23 GRTST 24HR 0.53 ON 5- 5 TO 1/4 MILE OR LESS
LOWEST: 47 ON 1 3 = THUNDER
SNOW, ICE PELLETS, HAIL 4 = ICE PELLETS
TOTAL MONTH: M 5 = HAIL
GRTST 24HR M ON M 6 = FREEZING RAIN OR DRIZZLE
GRTST DEPTH: M ON M 7 = DUSTSTORM OR SANDSTORM:
VSBY 1/2 MILE OR LESS
8 = SMOKE OR HAZE
[NO. OF DAYS WITH] [WEATHER - DAYS WITH] 9 = BLOWING SNOW
X = TORNADO
MAX 32 OR BELOW: 0 0.01 INCH OR MORE: 11
MAX 90 OR ABOVE: 14 0.10 INCH OR MORE: 8
MIN 32 OR BELOW: 0 0.50 INCH OR MORE: 1
MIN 0 OR BELOW: 0 1.00 INCH OR MORE: 0
[HDD (BASE 65) ]
TOTAL THIS MO. 0 CLEAR (SCALE 0-3) 28
DPTR FM NORMAL -15 PTCLDY (SCALE 4-7) 3
TOTAL FM JUL 1 0 CLOUDY (SCALE 8-10) 0
DPTR FM NORMAL -15
[CDD (BASE 65) ]
TOTAL THIS MO. 264
DPTR FM NORMAL 14 [PRESSURE DATA]
TOTAL FM JAN 1 395 HIGHEST SLP 30.17 ON 11
DPTR FM NORMAL 46 LOWEST SLP 29.51 ON 7
[REMARKS]
#FINAL-07-20#