000
CXUS54 KFWD 220502
CF6RBD
PRELIMINARY LOCAL CLIMATOLOGICAL DATA (WS FORM: F-6)
STATION: DALLAS EXECUTIVE
MONTH: JULY
YEAR: 2022
LATITUDE: 32 40 N
LONGITUDE: 96 52 W
TEMPERATURE IN F: :PCPN: SNOW: WIND :SUNSHINE: SKY :PK WND
================================================================================
1 2 3 4 5 6A 6B 7 8 9 10 11 12 13 14 15 16 17 18
12Z AVG MX 2MIN
DY MAX MIN AVG DEP HDD CDD WTR SNW DPTH SPD SPD DIR MIN PSBL S-S WX SPD DR
================================================================================
1 95 73 84 0 0 19 0.00 M M 8.1 16 130 M M 1 22 130
2 97 75 86 2 0 21 T M M 7.6 18 120 M M 2 24 110
3 101 78 90 6 0 25 0.00 M M 8.8 17 170 M M 1 27 150
4 100 78 89 5 0 24 0.00 M M 11.2 20 170 M M 0 29 150
5 101 78 90 6 0 25 0.00 M M 10.5 18 190 M M 0 27 140
6 103 78 91 6 0 26 0.00 M M 10.7 17 160 M M 0 25 190
7 102 79 91 6 0 26 0.00 M M 9.2 16 180 M M 0 26 150
8 104 80 92 7 0 27 0.00 M M 9.0 20 160 M M 0 33 120
9 106 83 95 10 0 30 0.00 M M 6.1 18 30 M M 1 3 22 30
10 103 79 91 6 0 26 0.00 M M 8.3 16 10 M M 0 24 40
11 102 79 91 6 0 26 0.00 M M 8.2 16 60 M M 0 25 60
12 103 78 91 6 0 26 0.00 M M 7.9 21 50 M M 0 31 40
13 106 73 90 5 0 25 0.00 M M 5.3 14 70 M M 0 21 80
14 94 74 84 -2 0 19 T M M 9.0 25 120 M M 1 38 34 120
15 99 73 86 0 0 21 0.00 M M 7.3 17 140 M M 1 23 140
16 99 76 88 2 0 23 0.00 M M 8.7 16 140 M M 0 23 140
17 104 81 93 7 0 28 0.00 M M 10.0 17 180 M M 0 26 170
18 108 83 96 10 0 31 T M M 13.7 22 170 M M 0 30 180
19 107 81 94 8 0 29 0.00 M M 14.5 23 170 M M 0 32 180
20 107 80 94 8 0 29 0.00 M M 11.4 22 190 M M 0 32 190
21 103 82 93 7 0 28 T M M 9.3 18 100 M M 1 30 200
22 99 80 90 4 0 25 0.00 M M 11.5 24 110 M M 1 34 130
23 100 75 88 2 0 23 0.00 M M 11.2 18 170 M M 1 27 180
24 101 80 91 5 0 26 0.00 M M 10.9 18 170 M M 0 28 170
25 103 80 92 5 0 27 0.00 M M 11.5 20 180 M M 1 30 180
26 102 78 90 3 0 25 0.00 M M 11.2 20 180 M M 0 30 200
27 102 79 91 4 0 26 0.00 M M 11.1 21 180 M M 0 30 180
28 101 80 91 4 0 26 0.00 M M 10.3 18 190 M M 0 28 200
29 102 79 91 4 0 26 0.00 M M 7.7 17 180 M M 1 27 180
30 102 80 91 4 0 26 0.00 M M 10.2 18 170 M M 1 3 25 170
31 102 82 92 5 0 27 0.00 M M 10.4 20 190 M M 0 26 160
================================================================================
SM 3158 2434 0 791 T M 300.8 M 13
================================================================================
AV101.9 78.5 9.7 FASTST M M 0 MAX(MPH)
MISC ----> 25 120 # 34 120
================================================================================
NOTES:
# LAST OF SEVERAL OCCURRENCES
COLUMN 17 PEAK WIND IN M.P.H.
PRELIMINARY LOCAL CLIMATOLOGICAL DATA (WS FORM: F-6) , PAGE 2
STATION: DALLAS EXECUTIVE
MONTH: JULY
YEAR: 2022
LATITUDE: 32 40 N
LONGITUDE: 96 52 W
[TEMPERATURE DATA] [PRECIPITATION DATA] SYMBOLS USED IN COLUMN 16
AVERAGE MONTHLY: 90.2 TOTAL FOR MONTH: T 1 = FOG OR MIST
DPTR FM NORMAL: 4.6 DPTR FM NORMAL: -1.91 2 = FOG REDUCING VISIBILITY
HIGHEST: 108 ON 18 GRTST 24HR T ON 2- 2 TO 1/4 MILE OR LESS
LOWEST: 73 ON 15,13 3 = THUNDER
SNOW, ICE PELLETS, HAIL 4 = ICE PELLETS
TOTAL MONTH: M 5 = HAIL
GRTST 24HR M ON M 6 = FREEZING RAIN OR DRIZZLE
GRTST DEPTH: M ON M 7 = DUSTSTORM OR SANDSTORM:
VSBY 1/2 MILE OR LESS
8 = SMOKE OR HAZE
[NO. OF DAYS WITH] [WEATHER - DAYS WITH] 9 = BLOWING SNOW
X = TORNADO
MAX 32 OR BELOW: 0 0.01 INCH OR MORE: 0
MAX 90 OR ABOVE: 31 0.10 INCH OR MORE: 0
MIN 32 OR BELOW: 0 0.50 INCH OR MORE: 0
MIN 0 OR BELOW: 0 1.00 INCH OR MORE: 0
[HDD (BASE 65) ]
TOTAL THIS MO. 0 CLEAR (SCALE 0-3) 31
DPTR FM NORMAL 0 PTCLDY (SCALE 4-7) 0
TOTAL FM JUL 1 0 CLOUDY (SCALE 8-10) 0
DPTR FM NORMAL 0
[CDD (BASE 65) ]
TOTAL THIS MO. 791
DPTR FM NORMAL 151 [PRESSURE DATA]
TOTAL FM JAN 1 1927 HIGHEST SLP 30.07 ON 15
DPTR FM NORMAL 349 LOWEST SLP 29.73 ON 19
[REMARKS]
#FINAL-07-22#