000
CXUS54 KFWD 251720
CF6RBD
PRELIMINARY LOCAL CLIMATOLOGICAL DATA (WS FORM: F-6)
STATION: DALLAS EXECUTIVE
MONTH: MARCH
YEAR: 2021
LATITUDE: 32 40 N
LONGITUDE: 96 52 W
TEMPERATURE IN F: :PCPN: SNOW: WIND :SUNSHINE: SKY :PK WND
================================================================================
1 2 3 4 5 6A 6B 7 8 9 10 11 12 13 14 15 16 17 18
12Z AVG MX 2MIN
DY MAX MIN AVG DEP HDD CDD WTR SNW DPTH SPD SPD DIR MIN PSBL S-S WX SPD DR
================================================================================
1 58 44 51 -3 14 0 0.31 M M 10.0 25 20 M M 8 3 34 20
2 63 38 51 -4 14 0 0.00 M M 3.5 12 320 M M 2 19 20
3 70 40 55 0 10 0 0.00 M M 8.1 15 180 M M 0 20 170
4 74 49 62 7 3 0 0.00 M M 10.9 21 160 M M 0 28 140
5 73 53 63 7 2 0 0.00 M M 12.2 21 170 M M 5 29 160
6 65 42 54 -2 11 0 0.00 M M 8.0 15 70 M M 0 23 30
7 67 43 55 -1 10 0 0.00 M M 8.7 20 130 M M 0 26 160
8 71 45 58 2 7 0 0.00 M M 10.7 21 170 M M 0 28 160
9 72 56 64 7 1 0 0.00 M M 15.7 24 190 M M 6 36 180
10 76 62 69 12 0 4 0.00 M M 18.8 35 170 M M 8 46 160
11 78 68 73 16 0 8 0.00 M M 14.4 29 180 M M 8 39 180
12 80 66 73 15 0 8 T M M 12.4 23 170 M M 9 18 33 180
13 79 66 73 15 0 8 0.00 M M 14.5 25 140 M M 8 36 140
14 74 53 64 6 1 0 0.06 M M 8.9 20 240 M M 6 1 28 220
15 81 50 66 8 0 1 0.00 M M 9.6 22 260 M M 0 33 240
16 81 55 68 9 0 3 0.00 M M 10.5 22 140 M M 4 27 140
17 71 47 59 0 6 0 0.57 M M 18.6 39 270 M M 5 13 60 280
18 62 43 53 -6 12 0 0.00 M M 17.5 28 330 M M 2 37 320
19 66 40 53 -7 12 0 0.00 M M 8.7 18 10 M M 0 27 340
20 68 44 56 -4 9 0 0.00 M M 7.9 14 140 M M 0 8 19 140
21 69 43 56 -4 9 0 0.00 M M 11.8 20 150 M M 0 30 160
22 64 54 59 -1 6 0 1.07 M M 12.4 22 300 M M 7 13 29 160
23 74 48 61 0 4 0 0.00 M M 8.1 18 260 M M 1 26 250
24 79 50 65 4 0 0 0.17 M M 10.4 22 110 M M 3 13 29 70
25 69 51 60 -1 5 0 0.52 M M 9.8 28 350 M M 5 13 34 340
26 79 49 64 3 1 0 0.00 M M 9.5 21 140 M M 0 29 130
27 80 58 69 7 0 4 0.00 M M 11.3 25 10 M M 5 18 39 360
28 73 54 64 2 1 0 0.00 M M 12.0 25 360 M M 0 35 10
29 77 49 63 1 2 0 0.00 M M 11.9 18 160 M M 0 31 170
30 79 58 69 7 0 4 0.00 M M 11.9 25 200 M M 5 40 200
31 67 53 60 -3 5 0 0.00 M M 15.3 31 30 M M 5 46 50
================================================================================
SM 2239 1571 145 40 2.70 M 354.0 M 102
================================================================================
AV 72.2 50.7 11.4 FASTST M M 3 MAX(MPH)
MISC ----> 39 270 60 280
================================================================================
NOTES:
# LAST OF SEVERAL OCCURRENCES
COLUMN 17 PEAK WIND IN M.P.H.
PRELIMINARY LOCAL CLIMATOLOGICAL DATA (WS FORM: F-6) , PAGE 2
STATION: DALLAS EXECUTIVE
MONTH: MARCH
YEAR: 2021
LATITUDE: 32 40 N
LONGITUDE: 96 52 W
[TEMPERATURE DATA] [PRECIPITATION DATA] SYMBOLS USED IN COLUMN 16
AVERAGE MONTHLY: 61.5 TOTAL FOR MONTH: 2.70 1 = FOG OR MIST
DPTR FM NORMAL: 2.8 DPTR FM NORMAL: -0.87 2 = FOG REDUCING VISIBILITY
HIGHEST: 81 ON 16,15 GRTST 24HR 1.07 ON 22-22 TO 1/4 MILE OR LESS
LOWEST: 38 ON 2 3 = THUNDER
SNOW, ICE PELLETS, HAIL 4 = ICE PELLETS
TOTAL MONTH: M 5 = HAIL
GRTST 24HR M ON M 6 = FREEZING RAIN OR DRIZZLE
GRTST DEPTH: M ON M 7 = DUSTSTORM OR SANDSTORM:
VSBY 1/2 MILE OR LESS
8 = SMOKE OR HAZE
[NO. OF DAYS WITH] [WEATHER - DAYS WITH] 9 = BLOWING SNOW
X = TORNADO
MAX 32 OR BELOW: 0 0.01 INCH OR MORE: 6
MAX 90 OR ABOVE: 0 0.10 INCH OR MORE: 5
MIN 32 OR BELOW: 0 0.50 INCH OR MORE: 3
MIN 0 OR BELOW: 0 1.00 INCH OR MORE: 1
[HDD (BASE 65) ]
TOTAL THIS MO. 145 CLEAR (SCALE 0-3) 16
DPTR FM NORMAL -90 PTCLDY (SCALE 4-7) 14
TOTAL FM JUL 1 1994 CLOUDY (SCALE 8-10) 1
DPTR FM NORMAL -11
[CDD (BASE 65) ]
TOTAL THIS MO. 40
DPTR FM NORMAL 2 [PRESSURE DATA]
TOTAL FM JAN 1 41 HIGHEST SLP 30.45 ON 31
DPTR FM NORMAL -11 LOWEST SLP 29.54 ON 17
[REMARKS]
#FINAL-03-21#