000
CXUS56 KSTO 041730
CF6RBL
PRELIMINARY LOCAL CLIMATOLOGICAL DATA (WS FORM: F-6)
STATION: RED BLUFF
MONTH: JUNE
YEAR: 2022
LATITUDE: 40 8 N
LONGITUDE: 122-15 E
TEMPERATURE IN F: :PCPN: SNOW: WIND :SUNSHINE: SKY :PK WND
================================================================================
1 2 3 4 5 6A 6B 7 8 9 10 11 12 13 14 15 16 17 18
12Z AVG MX 2MIN
DY MAX MIN AVG DEP HDD CDD WTR SNW DPTH SPD SPD DIR MIN PSBL S-S WX SPD DR
================================================================================
1 92 58 75 3 0 10 0.00 M M 5.9 14 150 M M 0 24 150
2 92 64 78 5 0 13 0.00 0.0 M 8.0 21 160 M M 0 24 160
3 86 62 74 1 0 9 T 0.0 M 9.6 23 140 M M 2 30 150
4 77 57 67 -6 0 2 0.03 0.0 M 11.2 26 140 M M 8 34 160
5 79 58 69 -5 0 4 0.01 0.0 M 12.4 22 150 M M 6 1 27 140
6 89 55 72 -2 0 7 0.00 0.0 M 5.0 12 20 M M 1 16 10
7 93 60 77 3 0 12 0.00 M M 6.1 15 20 M M 0 19 10
8 93 64 79 5 0 14 0.00 M M 4.5 13 120 M M 1 18 130
9 101 68 85 10 0 20 0.00 M M 11.4 22 350 M M 0 26 340
10 102 75 89 14 0 24 0.00 0.0 M 8.3 17 310 M M 0 25 240
11 98 71 85 10 0 20 T 0.0 M 7.4 17 330 M M 0 22 330
12 84 62 73 -2 0 8 0.47 0.0 M 14.7 28 300 M M 6 13 39 300
13 81 58 70 -6 0 5 0.00 0.0 M 15.3 28 360 M M 0 35 360
14 91 61 76 0 0 11 0.00 M M 14.4 25 350 M M 0 32 10
15 96 63 80 4 0 15 0.00 M M 10.8 24 150 M M 0 29 140
16 87 66 77 0 0 12 0.00 0.0 M 8.2 17 140 M M 0 25 160
17 74 56 65 -12 0 0 0.17 M M 8.8 24 250 M M 5 3 31 250
18 78 54 66 -11 0 1 0.00 0.0 M 5.6 13 310 M M 3 17 310
19 88 57 73 -4 0 8 0.00 M M 9.3 16 30 M M 0 23 360
20 94 65 80 2 0 15 0.00 0.0 M 10.8 18 10 M M 0 23 20
21 103 74 89 11 0 24 0.00 0.0 M 10.9 22 360 M M 0 27 360
22 103 73 88 10 0 23 0.00 M M 11.9 24 160 M M 0 30 160
23 99 67 83 5 0 18 0.00 M M 7.1 17 140 M M 0 23 170
24 103 68 86 7 0 21 0.00 M M 6.4 16 140 M M 0 26 160
25 107 66 87 8 0 22 0.00 M M 7.7 18 140 M M 0 22 170
26 103 64 84 5 0 19 0.00 M M 6.0 18 150 M M 0 23 140
27 102 65 84 4 0 19 0.00 M M 7.7 17 160 M M 0 23 150
28 101 68 85 5 0 20 0.00 M M 6.2 17 140 M M 0 21 140
29 98 63 81 1 0 16 0.00 M M 6.0 16 140 M M 0 24 140
30 92 61 77 -3 0 12 0.00 M M 7.4 18 140 M M 0 23 140
================================================================================
SM 2786 1903 0 404 0.68 0.0 265.0 M 32
================================================================================
AV 92.9 63.4 8.8 FASTST M M 1 MAX(MPH)
MISC ----> # 28 300 39 300
================================================================================
NOTES:
# LAST OF SEVERAL OCCURRENCES
COLUMN 17 PEAK WIND IN M.P.H.
PRELIMINARY LOCAL CLIMATOLOGICAL DATA (WS FORM: F-6) , PAGE 2
STATION: RED BLUFF
MONTH: JUNE
YEAR: 2022
LATITUDE: 40 8 N
LONGITUDE: 122-15 E
[TEMPERATURE DATA] [PRECIPITATION DATA] SYMBOLS USED IN COLUMN 16
AVERAGE MONTHLY: 78.2 TOTAL FOR MONTH: 0.68 1 = FOG OR MIST
DPTR FM NORMAL: 1.8 DPTR FM NORMAL: 0.24 2 = FOG REDUCING VISIBILITY
HIGHEST: 107 ON 25 GRTST 24HR 0.47 ON 11-12 TO 1/4 MILE OR LESS
LOWEST: 54 ON 18 3 = THUNDER
SNOW, ICE PELLETS, HAIL 4 = ICE PELLETS
TOTAL MONTH: 0.0 INCH 5 = HAIL
GRTST 24HR 0.0 6 = FREEZING RAIN OR DRIZZLE
GRTST DEPTH: M ON M 7 = DUSTSTORM OR SANDSTORM:
VSBY 1/2 MILE OR LESS
8 = SMOKE OR HAZE
[NO. OF DAYS WITH] [WEATHER - DAYS WITH] 9 = BLOWING SNOW
X = TORNADO
MAX 32 OR BELOW: 0 0.01 INCH OR MORE: 4
MAX 90 OR ABOVE: 20 0.10 INCH OR MORE: 2
MIN 32 OR BELOW: 0 0.50 INCH OR MORE: 0
MIN 0 OR BELOW: 0 1.00 INCH OR MORE: 0
[HDD (BASE 65) ]
TOTAL THIS MO. 0 CLEAR (SCALE 0-3) 25
DPTR FM NORMAL -6 PTCLDY (SCALE 4-7) 4
TOTAL FM JUL 1 2200 CLOUDY (SCALE 8-10) 1
DPTR FM NORMAL -320
[CDD (BASE 65) ]
TOTAL THIS MO. 404
DPTR FM NORMAL 56 [PRESSURE DATA]
TOTAL FM JAN 1 635 HIGHEST SLP 30.09 ON 19
DPTR FM NORMAL 107 LOWEST SLP 29.58 ON 16
[REMARKS]
#FINAL-06-22#