000
CXUS56 KSTO 011401
CF6RBL
PRELIMINARY LOCAL CLIMATOLOGICAL DATA (WS FORM: F-6)
STATION: RED BLUFF
MONTH: NOVEMBER
YEAR: 2023
LATITUDE: 40 8 N
LONGITUDE: 122-15 E
TEMPERATURE IN F: :PCPN: SNOW: WIND :SUNSHINE: SKY :PK WND
================================================================================
1 2 3 4 5 6A 6B 7 8 9 10 11 12 13 14 15 16 17 18
12Z AVG MX 2MIN
DY MAX MIN AVG DEP HDD CDD WTR SNW DPTH SPD SPD DIR MIN PSBL S-S WX SPD DR
================================================================================
1 77 41 59 0 6 0 0.00 M M 4.5 9 350 M M 0 12 330
2 70 46 58 0 7 0 0.00 0.0 M 5.8 13 340 M M 2 16 340
3 82 52 67 9 0 2 0.00 M M 5.1 13 360 M M 0 8 16 340
4 71 54 63 6 2 0 0.00 M M 4.5 14 170 M M 1 17 150
5 72 52 62 5 3 0 T M M 11.2 22 150 M M 4 30 160
6 72 54 63 6 2 0 0.10 M M 12.8 29 150 M M 6 1 35 150
7 68 43 56 0 9 0 0.00 M M 6.2 14 330 M M 1 18 320
8 71 43 57 1 8 0 0.00 M M 8.5 17 350 M M 0 21 350
9 64 37 51 -5 14 0 0.00 M M 5.2 10 320 M M 0 15 360
10 69 44 57 2 8 0 T M M 4.6 9 20 M M 5 21 80
11 73 41 57 2 8 0 0.00 M M 4.0 9 280 M M 0 19 80
12 68 40 54 0 11 0 0.00 M M 3.5 13 190 M M 0 19 210
13 69 44 57 3 8 0 0.00 M M 3.5 9 280 M M 0 15 60
14 59 43 51 -3 14 0 0.05 0.0 M 5.0 9 350 M M 6 1 14 220
15 70 47 59 6 6 0 0.03 M M 6.2 15 160 M M 8 19 360
16 68 51 60 7 5 0 T M M 5.0 10 350 M M 7 13 40
17 72 49 61 8 4 0 0.15 M M 4.4 9 140 M M 6 1 15 10
18 60 53 57 5 8 0 0.47 M M 16.0 29 160 M M 8 13 37 150
19 63 40 52 0 13 0 0.00 M M 8.1 18 320 M M 0 29 290
20 71 46 59 7 6 0 0.00 M M 11.0 21 350 M M 0 26 340
21 70 39 55 4 10 0 0.00 M M 5.7 10 340 M M 0 16 10
22 65 38 52 1 13 0 0.00 M M 4.0 10 340 M M 2 15 330
23 68 45 57 6 8 0 0.00 M M 18.6 33 350 M M 0 44 340
24 61 47 54 4 11 0 0.00 M M 15.6 25 360 M M 0 33 340
25 63 37 50 0 15 0 0.00 M M 7.0 17 360 M M 0 20 10
26 65 31 48 -2 17 0 0.00 M M 6.1 13 360 M M 0 16 360
27 60 28 44 -6 21 0 0.00 M M 4.3 8 310 M M 0 10 360
28 62 30 46 -3 19 0 0.00 M M 5.3 10 340 M M 1 12 340
29 63 36 50 1 15 0 0.00 M M 5.7 12 330 M M 6 13 340
30 59 37 48 -1 17 0 0.03 M M 3.9 10 170 M M 4 14 130
================================================================================
SM 2025 1288 288 2 0.83 0.0 211.3 M 67
================================================================================
AV 67.5 42.9 7.0 FASTST M M 2 MAX(MPH)
MISC ----> 33 350 44 340
================================================================================
NOTES:
# LAST OF SEVERAL OCCURRENCES
COLUMN 17 PEAK WIND IN M.P.H.
PRELIMINARY LOCAL CLIMATOLOGICAL DATA (WS FORM: F-6) , PAGE 2
STATION: RED BLUFF
MONTH: NOVEMBER
YEAR: 2023
LATITUDE: 40 8 N
LONGITUDE: 122-15 E
[TEMPERATURE DATA] [PRECIPITATION DATA] SYMBOLS USED IN COLUMN 16
AVERAGE MONTHLY: 55.2 TOTAL FOR MONTH: 0.83 1 = FOG OR MIST
DPTR FM NORMAL: 1.8 DPTR FM NORMAL: -1.71 2 = FOG REDUCING VISIBILITY
HIGHEST: 82 ON 3 GRTST 24HR 0.62 ON 17-18 TO 1/4 MILE OR LESS
LOWEST: 28 ON 27 3 = THUNDER
SNOW, ICE PELLETS, HAIL 4 = ICE PELLETS
TOTAL MONTH: 0.0 INCH 5 = HAIL
GRTST 24HR 0.0 6 = FREEZING RAIN OR DRIZZLE
GRTST DEPTH: M ON M 7 = DUSTSTORM OR SANDSTORM:
VSBY 1/2 MILE OR LESS
8 = SMOKE OR HAZE
[NO. OF DAYS WITH] [WEATHER - DAYS WITH] 9 = BLOWING SNOW
X = TORNADO
MAX 32 OR BELOW: 0 0.01 INCH OR MORE: 6
MAX 90 OR ABOVE: 0 0.10 INCH OR MORE: 3
MIN 32 OR BELOW: 3 0.50 INCH OR MORE: 0
MIN 0 OR BELOW: 0 1.00 INCH OR MORE: 0
[HDD (BASE 65) ]
TOTAL THIS MO. 288 CLEAR (SCALE 0-3) 20
DPTR FM NORMAL -62 PTCLDY (SCALE 4-7) 9
TOTAL FM JUL 1 379 CLOUDY (SCALE 8-10) 1
DPTR FM NORMAL -61
[CDD (BASE 65) ]
TOTAL THIS MO. 2
DPTR FM NORMAL 0 [PRESSURE DATA]
TOTAL FM JAN 1 2197 HIGHEST SLP 30.44 ON 21
DPTR FM NORMAL 272 LOWEST SLP 29.73 ON 6
[REMARKS]
#FINAL-11-23#