000
CXUS56 KPDT 011810
CF6RDM
PRELIMINARY LOCAL CLIMATOLOGICAL DATA (WS FORM: F-6)
STATION: REDMOND OR
MONTH: SEPTEMBER
YEAR: 2021
LATITUDE: 44 16 N
LONGITUDE: 121 9 W
TEMPERATURE IN F: :PCPN: SNOW: WIND :SUNSHINE: SKY :PK WND
================================================================================
1 2 3 4 5 6A 6B 7 8 9 10 11 12 13 14 15 16 17 18
12Z AVG MX 2MIN
DY MAX MIN AVG DEP HDD CDD WTR SNW DPTH SPD SPD DIR MIN PSBL S-S WX SPD DR
================================================================================
1 74 32 53 -11 12 0 0.00 M M 7.4 20 340 M M 0 23 350
2 77 33 55 -8 10 0 0.00 M M 5.5 18 330 M M 1 23 330
3 85 33 59 -4 6 0 0.00 M M 5.4 14 330 M M 1 17 320
4 89 38 64 1 1 0 0.00 M M 5.6 17 310 M M 6 8 23 320
5 91 47 69 6 0 4 0.00 M M 6.5 20 300 M M 10 8 25 300
6 91 44 68 6 0 3 0.00 M M 4.5 13 340 M M 4 8 16 350
7 93 46 70 8 0 5 0.00 M M 6.5 20 330 M M 1 8 23 330
8 89 53 71 9 0 6 0.00 M M 5.0 13 350 M M 2 8 17 350
9 86 49 68 6 0 3 0.00 M M 5.6 14 330 M M 3 8 18 340
10 69 52 61 0 4 0 0.61 M M 5.6 10 320 M M 7 18 13 320
11 78 42 60 -1 5 0 0.00 M M 3.1 10 360 M M 0 18 13 350
12 78 43 61 0 4 0 0.00 M M 5.5 16 300 M M 0 20 290
13 77 40 59 -2 6 0 0.00 M M 4.2 14 360 M M 0 18 360
14 85 37 61 1 4 0 0.00 M M 4.8 17 320 M M 0 22 320
15 81 44 63 3 2 0 0.00 M M 6.1 21 300 M M 0 27 280
16 69 27 48 -12 17 0 0.00 M M 4.6 13 340 M M 0 18 340
17 86 34 60 1 5 0 0.00 M M 6.9 18 200 M M 2 8 25 210
18 67 48 58 -1 7 0 0.19 M M 7.3 31 290 M M 7 18 39 280
19 64 41 53 -6 12 0 0.02 M M 7.4 24 300 M M 7 31 280
20 71 36 54 -4 11 0 0.00 M M 4.7 12 320 M M 0 15 340
21 88 36 62 4 3 0 0.00 M M 5.8 15 330 M M 0 20 130
22 76 42 59 1 6 0 0.00 M M 8.9 25 300 M M 1 30 310
23 79 38 59 2 6 0 0.00 M M 4.7 12 350 M M 0 16 350
24 83 35 59 2 6 0 0.00 M M 5.4 17 330 M M 0 22 340
25 88 41 65 8 0 0 0.00 M M 5.4 17 320 M M 0 23 310
26 84 47 66 10 0 1 0.00 M M 9.2 20 190 M M 0 26 240
27 73 45 59 3 6 0 0.20 M M 10.8 25 200 M M 8 33 200
28 59 35 47 -9 18 0 0.00 M M 5.2 17 310 M M 4 21 300
29 70 30 50 -5 15 0 0.00 M M 4.8 12 170 M M 0 14 170
30 81 36 59 4 6 0 T M M 6.5 18 320 M M 3 24 330
================================================================================
SM 2381 1204 172 22 1.02 M 178.9 M 67
================================================================================
AV 79.4 40.1 6.0 FASTST M M 2 MAX(MPH)
MISC ----> 31 290 39 280
================================================================================
NOTES:
# LAST OF SEVERAL OCCURRENCES
COLUMN 17 PEAK WIND IN M.P.H.
PRELIMINARY LOCAL CLIMATOLOGICAL DATA (WS FORM: F-6) , PAGE 2
STATION: REDMOND OR
MONTH: SEPTEMBER
YEAR: 2021
LATITUDE: 44 16 N
LONGITUDE: 121 9 W
[TEMPERATURE DATA] [PRECIPITATION DATA] SYMBOLS USED IN COLUMN 16
AVERAGE MONTHLY: 59.8 TOTAL FOR MONTH: 1.02 1 = FOG OR MIST
DPTR FM NORMAL: 0.2 DPTR FM NORMAL: 0.65 2 = FOG REDUCING VISIBILITY
HIGHEST: 93 ON 7 GRTST 24HR 0.61 ON 10-10 TO 1/4 MILE OR LESS
LOWEST: 27 ON 16 3 = THUNDER
SNOW, ICE PELLETS, HAIL 4 = ICE PELLETS
TOTAL MONTH: M 5 = HAIL
GRTST 24HR M ON M 6 = FREEZING RAIN OR DRIZZLE
GRTST DEPTH: M ON M 7 = DUSTSTORM OR SANDSTORM:
VSBY 1/2 MILE OR LESS
8 = SMOKE OR HAZE
[NO. OF DAYS WITH] [WEATHER - DAYS WITH] 9 = BLOWING SNOW
X = TORNADO
MAX 32 OR BELOW: 0 0.01 INCH OR MORE: 4
MAX 90 OR ABOVE: 3 0.10 INCH OR MORE: 3
MIN 32 OR BELOW: 3 0.50 INCH OR MORE: 1
MIN 0 OR BELOW: 0 1.00 INCH OR MORE: 0
[HDD (BASE 65) ]
TOTAL THIS MO. 172 CLEAR (SCALE 0-3) 21
DPTR FM NORMAL -20 PTCLDY (SCALE 4-7) 7
TOTAL FM JUL 1 230 CLOUDY (SCALE 8-10) 2
DPTR FM NORMAL -60
[CDD (BASE 65) ]
TOTAL THIS MO. 22
DPTR FM NORMAL -8 [PRESSURE DATA]
TOTAL FM JAN 1 615 HIGHEST SLP 30.38 ON 20
DPTR FM NORMAL 299 LOWEST SLP 29.66 ON 18
[REMARKS]
#FINAL-09-21#