000
CXUS56 KPDT 011540
CLMRDM
CLIMATE REPORT
NATIONAL WEATHER SERVICE PENDLETON, OR
840 AM PDT SAT APR 01 2023
...................................
...THE REDMOND OR CLIMATE SUMMARY FOR THE MONTH OF MARCH 2023...
CLIMATE NORMAL PERIOD 1991 TO 2020
CLIMATE RECORD PERIOD 1949 TO 2023
WEATHER OBSERVED NORMAL DEPART LAST YEAR`S
VALUE DATE(S) VALUE FROM VALUE DATE(S)
NORMAL
................................................................
TEMPERATURE (F)
RECORD
HIGH 80 03/29/1966
LOW 03/05/1955
HIGHEST 62 03/18 74 03/22
LOWEST 17 03/05 5 03/10
03/16
AVG. MAXIMUM 47.4 54.9 -7.5 57.9
AVG. MINIMUM 23.7 27.7 -4.0 29.6
MEAN 35.6 41.3 -5.7 43.8
DAYS MAX >= 90 0 0.0 0.0 0
DAYS MAX <= 32 0 0.2 -0.2 0
DAYS MIN <= 32 31 25.5 5.5 19
DAYS MIN <= 0 0 0.0 0.0 0
PRECIPITATION (INCHES)
RECORD
MAXIMUM 1.94 1960
MINIMUM 0.01 1968
TOTALS 0.70 0.58 0.12 0.10
DAILY AVG. 0.02 0.02 0.00 0.01
DAYS >= .01 10 8.2 1.8 4
DAYS >= .10 2 2.0 0.0 0
DAYS >= .50 0 0.0 0.0 0
DAYS >= 1.00 0 0.0 0.0 0
GREATEST
24 HR. TOTAL 0.20 03/09 TO 03/10 0.04 03/21 TO 03/21
DEGREE DAYS
HEATING TOTAL 903 735 168 650
SINCE 7/1 5155 5038 117 MM
COOLING TOTAL 0 0 0 0
SINCE 1/1 0 0 0 MM
................................................................
WIND (MPH)
AVERAGE WIND SPEED 7.2
RESULTANT WIND SPEED/DIRECTION 2/190
HIGHEST WIND SPEED/DIRECTION 38/270 DATE 03/23
HIGHEST GUST SPEED/DIRECTION 47/270 DATE 03/23
AVERAGE RH (PERCENT) 63
WEATHER CONDITIONS. NUMBER OF DAYS WITH
THUNDERSTORM 0 MIXED PRECIP 0
HEAVY RAIN 1 RAIN 1
LIGHT RAIN 11 FREEZING RAIN 0
LT FREEZING RAIN 0 HAIL 0
HEAVY SNOW 1 SNOW 2
LIGHT SNOW 12 SLEET 1
FOG 14 FOG W/VIS <= 1/4 MILE 0
HAZE 5
- INDICATES NEGATIVE NUMBERS.
R INDICATES RECORD WAS SET OR TIED.
MM INDICATES DATA IS MISSING.
T INDICATES TRACE AMOUNT.
$$