000
CDUS43 KLOT 262141
CLIRFD


CLIMATE REPORT
NATIONAL WEATHER SERVICE CHICAGO IL
439 PM CDT THU APR 26 2018


...................................

...THE ROCKFORD IL CLIMATE SUMMARY FOR APRIL 26 2018...
VALID TODAY AS OF 0400 PM LOCAL TIME.

CLIMATE NORMAL PERIOD 1981 TO 2010
CLIMATE RECORD PERIOD 1905 TO 2018


WEATHER ITEM   OBSERVED TIME   RECORD YEAR NORMAL DEPARTURE LAST
                VALUE   (LST)  VALUE       VALUE  FROM      YEAR
                                                  NORMAL
..................................................................
TEMPERATURE (F)
 TODAY
  MAXIMUM         66    259 PM  90    1986  65      1       69
  MINIMUM         31    449 AM  25    1926  42    -11       51
  AVERAGE         49                        53     -4       60

PRECIPITATION (IN)
  TODAY            0.00          1.50 1921   0.11  -0.11     0.59
  MONTH TO DATE    1.15                      2.88  -1.73     4.70
  SINCE MAR 1      2.37                      5.20  -2.83     7.49
  SINCE JAN 1      7.32                      7.98  -0.66    11.52

SNOWFALL (IN)
  TODAY            0.0           T    1932   0.0    0.0      0.0
  MONTH TO DATE    4.1                       0.9    3.2       T
  SINCE MAR 1      6.5                       5.7    0.8      5.1
  SINCE JUL 1     34.8                      36.7   -1.9     22.1

DEGREE DAYS
 HEATING
  TODAY           16                        12      4        5
  MONTH TO DATE  672                       431    241      275
  SINCE MAR 1   1563                      1293    270     1077
  SINCE JUL 1   6504                      6295    209     5151

 COOLING
  TODAY            0                         0      0        0
  MONTH TO DATE    0                         0      0        8
  SINCE MAR 1      0                         0      0        8
  SINCE JAN 1      0                         0      0        8
..................................................................


WIND (MPH)
  HIGHEST WIND SPEED    13   HIGHEST WIND DIRECTION    SW (240)
  HIGHEST GUST SPEED    20   HIGHEST GUST DIRECTION    SW (230)
  AVERAGE WIND SPEED     4.6


SKY COVER
  POSSIBLE SUNSHINE  MM
  AVERAGE SKY COVER 0.6


WEATHER CONDITIONS
 THE FOLLOWING WEATHER WAS RECORDED TODAY.
  NO SIGNIFICANT WEATHER WAS OBSERVED.


RELATIVE HUMIDITY (PERCENT)
 HIGHEST    89           600 AM
 LOWEST     26           300 PM
 AVERAGE    58

..........................................................


THE ROCKFORD IL CLIMATE NORMALS FOR TOMORROW
                         NORMAL    RECORD    YEAR
 MAXIMUM TEMPERATURE (F)   65        88      1915
 MINIMUM TEMPERATURE (F)   42        26      1933
                                             1928
                                             1907


SUNRISE AND SUNSET
APRIL 26 2018.........SUNRISE   559 AM CDT   SUNSET   750 PM CDT
APRIL 27 2018.........SUNRISE   557 AM CDT   SUNSET   751 PM CDT


-  INDICATES NEGATIVE NUMBERS.
R  INDICATES RECORD WAS SET OR TIED.
MM INDICATES DATA IS MISSING.
T  INDICATES TRACE AMOUNT.




$$
