000
CDUS43 KLOT 292141
CLIRFD


CLIMATE REPORT
NATIONAL WEATHER SERVICE CHICAGO IL
438 PM CDT THU MAR 29 2018


...................................

...THE ROCKFORD IL CLIMATE SUMMARY FOR MARCH 29 2018...
VALID TODAY AS OF 0400 PM LOCAL TIME.

CLIMATE NORMAL PERIOD 1981 TO 2010
CLIMATE RECORD PERIOD 1905 TO 2018


WEATHER ITEM   OBSERVED TIME   RECORD YEAR NORMAL DEPARTURE LAST
                VALUE   (LST)  VALUE       VALUE  FROM      YEAR
                                                  NORMAL
..................................................................
TEMPERATURE (F)
 TODAY
  MAXIMUM         53    102 PM  85    1986  53      0       49
  MINIMUM         42    730 AM  12    1969  32     10       36
  AVERAGE         48                        42      6       43

PRECIPITATION (IN)
  TODAY            T             1.75 1914   0.09  -0.09     0.15
  MONTH TO DATE    1.07                      2.13  -1.06     1.27
  SINCE MAR 1      1.07                      2.13  -1.06     1.27
  SINCE JAN 1      6.02                      4.91   1.11     5.30

SNOWFALL (IN)
  TODAY            0.0          10.4  1972   0.1   -0.1      0.0
  MONTH TO DATE    2.4                       4.6   -2.2      5.1
  SINCE MAR 1      2.4                       4.6   -2.2      5.1
  SINCE JUL 1     30.7                      35.6   -4.9     22.1

DEGREE DAYS
 HEATING
  TODAY           17                        23     -6       22
  MONTH TO DATE  838                       820     18      754
  SINCE MAR 1    838                       820     18      754
  SINCE JUL 1   5779                      5822    -43     4828

 COOLING
  TODAY            0                         0      0        0
  MONTH TO DATE    0                         0      0        0
  SINCE MAR 1      0                         0      0        0
  SINCE JAN 1      0                         0      0        0
..................................................................


WIND (MPH)
  HIGHEST WIND SPEED    21   HIGHEST WIND DIRECTION     N (20)
  HIGHEST GUST SPEED    26   HIGHEST GUST DIRECTION     N (20)
  AVERAGE WIND SPEED    11.5


SKY COVER
  POSSIBLE SUNSHINE  MM
  AVERAGE SKY COVER 1.0


WEATHER CONDITIONS
 THE FOLLOWING WEATHER WAS RECORDED TODAY.
  LIGHT RAIN
  FOG
  HAZE


RELATIVE HUMIDITY (PERCENT)
 HIGHEST    89          1200 AM
 LOWEST     48           300 PM
 AVERAGE    69

..........................................................


THE ROCKFORD IL CLIMATE NORMALS FOR TOMORROW
                         NORMAL    RECORD    YEAR
 MAXIMUM TEMPERATURE (F)   54        82      1910
 MINIMUM TEMPERATURE (F)   32         6      1954


SUNRISE AND SUNSET
MARCH 29 2018.........SUNRISE   644 AM CDT   SUNSET   719 PM CDT
MARCH 30 2018.........SUNRISE   642 AM CDT   SUNSET   720 PM CDT


-  INDICATES NEGATIVE NUMBERS.
R  INDICATES RECORD WAS SET OR TIED.
MM INDICATES DATA IS MISSING.
T  INDICATES TRACE AMOUNT.




$$
