000
CXUS53 KGRB 011628
CF6RHI
PRELIMINARY LOCAL CLIMATOLOGICAL DATA (WS FORM: F-6)
STATION: RHINELANDER WI
MONTH: NOVEMBER
YEAR: 2020
LATITUDE: 45 37 N
LONGITUDE: 89 27 W
TEMPERATURE IN F: :PCPN: SNOW: WIND :SUNSHINE: SKY :PK WND
================================================================================
1 2 3 4 5 6A 6B 7 8 9 10 11 12 13 14 15 16 17 18
12Z AVG MX 2MIN
DY MAX MIN AVG DEP HDD CDD WTR SNW DPTH SPD SPD DIR MIN PSBL S-S WX SPD DR
================================================================================
1 33 21 27 -11 38 0 T 0.1 0 13.2 29 280 M M 6 1 43 280
2 50 23 37 0 28 0 0.00 0.0 0 8.9 17 270 M M 1 24 230
3 70 25 48 11 17 0 0.00 0.0 0 8.7 21 220 M M 0 29 230
4 73 42 58 22 7 0 0.00 0.0 0 8.2 22 270 M M 0 30 270
5 68 42 55 19 10 0 0.00 0.0 0 4.7 10 280 M M 0 14 310
6 73 47 60 25 5 0 0.00 0.0 0 10.4 17 220 M M 0 27 230
7 71 54 63 28 2 0 0.00 0.0 0 11.5 18 180 M M 1 31 230
8 69 53 61 27 4 0 0.00 0.0 0 10.8 23 210 M M 1 32 180
9 66 47 57 23 8 0 0.69 0.0 0 13.2 26 260 M M 8 1 41 190
10 47 32 40 7 25 0 1.16 T 0 8.3 24 240 M M 10 1 38 210
11 38 26 32 -1 33 0 T T 0 12.3 26 270 M M 5 16 38 260
12 39 24 32 0 33 0 0.08 0.5 1 8.4 16 210 M M 6 1 22 210
13 29 21 25 -7 40 0 T T 0 8.5 16 280 M M 5 8 23 310
14 38 20 29 -2 36 0 0.31 0.0 0 9.8 21 140 M M 5 1 34 130
15 38 24 31 0 34 0 0.31 0.7 0 14.8 28 280 M M 10 1 41 280
16 31 18 25 -5 40 0 T T 0 10.9 23 270 M M 8 1 35 270
17 33 15 24 -6 41 0 0.00 0.0 0 7.6 18 270 M M 1 24 290
18 43 16 30 1 35 0 0.00 0.0 0 9.2 21 180 M M 2 33 160
19 57 31 44 16 21 0 0.00 0.0 0 6.6 16 260 M M 0 12 23 210
20 37 27 32 4 33 0 0.01 0.0 0 9.2 20 270 M M 9 12 29 280
21 34 16 25 -2 40 0 0.00 0.0 0 3.4 14 260 M M 2 18 260
22 34 15 25 -2 40 0 T 0.2 0 5.9 15 280 M M 7 1 23 280
23 32 16 24 -2 41 0 0.00 0.0 0 4.6 15 310 M M 5 24 310
24 33 15 24 -2 41 0 0.02 0.3 0 7.2 15 150 M M 9 1 25 150
25 33 31 32 7 33 0 T T 0 2.7 9 100 M M 10 12 12 40
26 34 30 32 7 33 0 T T T 9.0 16 240 M M 10 1 25 240
27 34 22 28 4 37 0 0.00 0.0 0 9.6 21 270 M M 6 27 260
28 49 22 36 12 29 0 0.00 0.0 0 8.1 14 230 M M 0 23 270
29 36 24 30 7 35 0 0.02 0.5 0 8.5 20 320 M M 6 1 32 360
30 24 16 20 -3 45 0 T T 0 7.0 17 10 M M 9 30 360
================================================================================
SM 1346 815 864 0 2.60 2.3 261.2 M 142
================================================================================
AV 44.9 27.2 8.7 FASTST M M 5 MAX(MPH)
MISC ----> 29 280 43 280
================================================================================
NOTES:
# LAST OF SEVERAL OCCURRENCES
COLUMN 17 PEAK WIND IN M.P.H.
PRELIMINARY LOCAL CLIMATOLOGICAL DATA (WS FORM: F-6) , PAGE 2
STATION: RHINELANDER WI
MONTH: NOVEMBER
YEAR: 2020
LATITUDE: 45 37 N
LONGITUDE: 89 27 W
[TEMPERATURE DATA] [PRECIPITATION DATA] SYMBOLS USED IN COLUMN 16
AVERAGE MONTHLY: 36.0 TOTAL FOR MONTH: 2.60 1 = FOG OR MIST
DPTR FM NORMAL: 5.7 DPTR FM NORMAL: 0.76 2 = FOG REDUCING VISIBILITY
HIGHEST: 73 ON 6, 4 GRTST 24HR 1.26 ON 9-10 TO 1/4 MILE OR LESS
LOWEST: 15 ON 24,22 3 = THUNDER
SNOW, ICE PELLETS, HAIL 4 = ICE PELLETS
TOTAL MONTH: 2.3 INCHES 5 = HAIL
GRTST 24HR 0.7 ON 15-15 6 = FREEZING RAIN OR DRIZZLE
GRTST DEPTH: 1 ON 12 7 = DUSTSTORM OR SANDSTORM:
VSBY 1/2 MILE OR LESS
8 = SMOKE OR HAZE
[NO. OF DAYS WITH] [WEATHER - DAYS WITH] 9 = BLOWING SNOW
X = TORNADO
MAX 32 OR BELOW: 4 0.01 INCH OR MORE: 8
MAX 90 OR ABOVE: 0 0.10 INCH OR MORE: 4
MIN 32 OR BELOW: 24 0.50 INCH OR MORE: 2
MIN 0 OR BELOW: 0 1.00 INCH OR MORE: 1
[HDD (BASE 65) ]
TOTAL THIS MO. 864 CLEAR (SCALE 0-3) 12
DPTR FM NORMAL -177 PTCLDY (SCALE 4-7) 10
TOTAL FM JUL 1 2120 CLOUDY (SCALE 8-10) 8
DPTR FM NORMAL -14
[CDD (BASE 65) ]
TOTAL THIS MO. 0
DPTR FM NORMAL 0 [PRESSURE DATA]
TOTAL FM JAN 1 356 HIGHEST SLP 30.57 ON 21
DPTR FM NORMAL 95 LOWEST SLP 29.19 ON 15
[REMARKS]
#FINAL-11-20#