000
CXUS53 KGRB 032012
CLSRHI
CLIMATE REPORT
NATIONAL WEATHER SERVICE GREEN BAY
312 PM CDT THU SEP 3 2020
...TIED 36TH WARMEST SUMMER...
...13TH WETTEST SUMMER...
...26TH LEAST HEATING DEGREE DAYS...
...39TH MOST COOLING DEGREE DAYS...
...THE RHINELANDER WI SUMMARY CLIMATE SUMMARY FROM 6/1/2020 TO
8/31/2020...
CLIMATE NORMAL PERIOD 1981 TO 2010
CLIMATE RECORD PERIOD 1908 TO 2020
WEATHER OBSERVED NORMAL DEPART LAST YEAR`S
VALUE DATE(S) VALUE FROM VALUE DATE(S)
NORMAL
................................................................
TEMPERATURE (F)
RECORD
HIGH 108 07/13/1936
LOW 27 06/01/2003
HIGHEST 92 07/04 92 0 89 07/19
LOWEST 35 06/13 35 0 37 06/03
AVG. MAXIMUM 78.4 76.8 1.6 77.6
AVG. MINIMUM 53.9 52.6 1.3 52.6
MEAN 66.2 64.7 1.5 65.1
DAYS MAX >= 90 5 2.1 2.9 0
DAYS MAX <= 32 0 0.0 0.0 0
DAYS MIN <= 32 0 0.5 -0.5 0
DAYS MIN <= 0 0 0.0 0.0 0
PRECIPITATION (INCHES)
RECORD
MAXIMUM 21.33 1978
MINIMUM 5.37 1910
TOTALS 16.60 11.20 5.40 13.35
DAILY AVG. 0.18 0.12 0.06 0.14
DAYS >= .01 34 MM MM 37
DAYS >= .10 24 MM MM 25
DAYS >= .50 12 MM MM 6
DAYS >= 1.00 4 MM MM 3
SNOWFALL (INCHES)
RECORDS
TOTAL T 1945
24 HR TOTAL 0.0
TOTALS 0.0 MM MM 0.0
SINCE 7/1 0.0 MM MM 0.0
DAYS >= TRACE 0 MM MM 0
DAYS >= 1.0 0 MM MM 0
GREATEST
SNOW DEPTH 0 MM 0 MM
24 HR TOTAL 0.0 MM
DEGREE_DAYS
HEATING TOTAL 186 261 -75 207
SINCE 7/1 86 127 -41 126
COOLING TOTAL 326 230 96 240
SINCE 1/1 352 241 111 249
FREEZE DATES
RECORD
EARLIEST 08/27/1915
LATEST 07/30/1928
EARLIEST 09/23
LATEST 05/20
.................................................................
WIND (MPH)
AVERAGE WIND SPEED 5.6
RESULTANT WIND SPEED/DIRECTION 2/225
HIGHEST WIND SPEED/DIRECTION 25/330 DATE 07/08
HIGHEST GUST SPEED/DIRECTION 46/240 DATE 07/14
SKY COVER
POSSIBLE SUNSHINE (PERCENT) MM
AVERAGE SKY COVER 0.30
NUMBER OF DAYS FAIR 56
NUMBER OF DAYS PC 27
NUMBER OF DAYS CLOUDY 9
AVERAGE RH (PERCENT) 70
- INDICATES NEGATIVE NUMBERS.
R INDICATES RECORD WAS SET OR TIED.
MM INDICATES DATA IS MISSING.
T INDICATES TRACE AMOUNT.
$$
ECKBERG