000
CXUS52 KFFC 011010
CF6RMG
PRELIMINARY LOCAL CLIMATOLOGICAL DATA (WS FORM: F-6)
STATION: ROME
MONTH: AUGUST
YEAR: 2022
LATITUDE: 34 20 N
LONGITUDE: 85 10 W
TEMPERATURE IN F: :PCPN: SNOW: WIND :SUNSHINE: SKY :PK WND
================================================================================
1 2 3 4 5 6A 6B 7 8 9 10 11 12 13 14 15 16 17 18
12Z AVG MX 2MIN
DY MAX MIN AVG DEP HDD CDD WTR SNW DPTH SPD SPD DIR MIN PSBL S-S WX SPD DR
================================================================================
1 82 73 78 -2 0 13 0.03 M M 1.8 12 290 M M 6 1 17 320
2 93 73 83 3 0 18 0.00 M M 2.9 20 310 M M 5 12 28 300
3 93 73 83 3 0 18 0.06 M M 2.7 18 110 M M 2 138 27 120
4 92 70 81 1 0 16 0.02 M M 2.9 14 180 M M 4 123 18 170
5 93 73 83 3 0 18 T M M 2.5 17 160 M M 2 3 23 170
6 94 72 83 3 0 18 0.08 M M 3.6 10 30 M M 2 13 15 230
7 93 71 82 2 0 17 0.00 M M 2.6 12 20 M M 1 3 16 20
8 89 72 81 1 0 16 0.00 M M 2.1 16 360 M M 1 3 23 360
9 90 73 82 2 0 17 0.00 M M 3.1 15 190 M M 3 3 19 190
10 86 72 79 -1 0 14 0.70 M M 2.5 20 260 M M 5 13 26 260
11 88 72 80 0 0 15 0.01 M M 1.8 9 300 M M 6 12 320
12 90 72 81 1 0 16 0.00 M M 4.6 15 350 M M 2 20 330
13 86 69 78 -2 0 13 0.00 M M 4.4 13 180 M M 6 18 130
14 90 68 79 -1 0 14 0.00 M M 2.1 10 220 M M 1 1 15 240
15 92 70 81 1 0 16 T M M 3.8 13 260 M M 2 1 19 270
16 87 68 78 -2 0 13 0.00 M M 3.6 13 340 M M 3 15 340
17 85 70 78 -2 0 13 0.00 M M 2.9 9 300 M M 7 13 300
18 87 68 78 -2 0 13 0.00 M M 1.9 10 180 M M 5 1 14 130
19 85 70 78 -1 0 13 0.60 M M 4.4 18 160 M M 7 138 27 150
20 87 72 80 1 0 15 0.56 M M 3.9 23 230 M M 8 13 42 220
21 85 72 79 0 0 14 0.01 M M 3.7 12 270 M M 5 13 15 270
22 83 72 78 -1 0 13 0.89 M M 2.9 18 360 M M 4 12 22 350
23 89 71 80 1 0 15 0.00 M M 1.6 7 40 M M 6 12 12 20
24 86 73 80 1 0 15 0.00 M M 2.0 12 130 M M 9 13 15 140
25 88 72 80 1 0 15 0.00 M M 2.5 15 200 M M 6 23 210
26 91 72 82 4 0 17 0.00 M M 0.9 7 30 M M 5 10 270
27 93 70 82 4 0 17 0.00 M M 1.9 10 20 M M 0 13 10
28 92 72 82 4 0 17 0.00 M M 2.8 13 160 M M 1 18 160
29 92 70 81 3 0 16 0.00 M M 2.5 13 130 M M 1 18 130
30 91 71 81 3 0 16 0.24 M M 2.5 26 320 M M 3 138 45 310
31 90 68 79 1 0 14 0.00 M M 3.2 15 350 M M 1 12 20 30
================================================================================
SM 2762 2204 0 475 3.20 M 86.6 M 119
================================================================================
AV 89.1 71.1 2.8 FASTST M M 4 MAX(MPH)
MISC ----> 26 320 45 310
================================================================================
NOTES:
# LAST OF SEVERAL OCCURRENCES
COLUMN 17 PEAK WIND IN M.P.H.
PRELIMINARY LOCAL CLIMATOLOGICAL DATA (WS FORM: F-6) , PAGE 2
STATION: ROME
MONTH: AUGUST
YEAR: 2022
LATITUDE: 34 20 N
LONGITUDE: 85 10 W
[TEMPERATURE DATA] [PRECIPITATION DATA] SYMBOLS USED IN COLUMN 16
AVERAGE MONTHLY: 80.1 TOTAL FOR MONTH: 3.20 1 = FOG OR MIST
DPTR FM NORMAL: 0.6 DPTR FM NORMAL: -0.57 2 = FOG REDUCING VISIBILITY
HIGHEST: 94 ON 6 GRTST 24HR 0.89 ON 22-22 TO 1/4 MILE OR LESS
LOWEST: 68 ON 31,18 3 = THUNDER
SNOW, ICE PELLETS, HAIL 4 = ICE PELLETS
TOTAL MONTH: M 5 = HAIL
GRTST 24HR M ON M 6 = FREEZING RAIN OR DRIZZLE
GRTST DEPTH: M ON M 7 = DUSTSTORM OR SANDSTORM:
VSBY 1/2 MILE OR LESS
8 = SMOKE OR HAZE
[NO. OF DAYS WITH] [WEATHER - DAYS WITH] 9 = BLOWING SNOW
X = TORNADO
MAX 32 OR BELOW: 0 0.01 INCH OR MORE: 11
MAX 90 OR ABOVE: 16 0.10 INCH OR MORE: 5
MIN 32 OR BELOW: 0 0.50 INCH OR MORE: 4
MIN 0 OR BELOW: 0 1.00 INCH OR MORE: 0
[HDD (BASE 65) ]
TOTAL THIS MO. 0 CLEAR (SCALE 0-3) 14
DPTR FM NORMAL 0 PTCLDY (SCALE 4-7) 16
TOTAL FM JUL 1 0 CLOUDY (SCALE 8-10) 1
DPTR FM NORMAL 0
[CDD (BASE 65) ]
TOTAL THIS MO. 475
DPTR FM NORMAL 27 [PRESSURE DATA]
TOTAL FM JAN 1 1809 HIGHEST SLP 30.23 ON 7
DPTR FM NORMAL 308 LOWEST SLP 29.80 ON 15
[REMARKS]
#FINAL-08-22#