000
CXUS54 KEWX 011110
CF6RND
PRELIMINARY LOCAL CLIMATOLOGICAL DATA (WS FORM: F-6)
STATION: RANDOLPH AFB
MONTH: NOVEMBER
YEAR: 2023
LATITUDE: 29 31 N
LONGITUDE: 98 17 W
TEMPERATURE IN F: :PCPN: SNOW: WIND :SUNSHINE: SKY :PK WND
================================================================================
1 2 3 4 5 6A 6B 7 8 9 10 11 12 13 14 15 16 17 18
12Z AVG MX 2MIN
DY MAX MIN AVG DEP HDD CDD WTR SNW DPTH SPD SPD DIR MIN PSBL S-S WX SPD DR
================================================================================
1 62 37 50 -15 15 0 0.00 M M 6.4 12 30 M M 0 18 30
2 68 39 54 -11 11 0 0.00 M M 5.0 9 150 M M 6 M M
3 77 52 65 1 0 0 0.00 M M 4.7 12 170 M M 5 16 170
4 80 57 69 5 0 4 0.00 M M 3.5 13 170 M M 4 12 M M
5 81 55 68 4 0 3 0.00 M M 4.4 12 170 M M 1 12 M M
6 81 62 72 9 0 7 0.00 M M 5.5 15 210 M M 2 22 210
7 85 63 74 11 0 9 0.00 M M 7.0 14 180 M M 2 12 M M
8 84 67 76 13 0 11 T M M 7.0 14 160 M M 6 16 220
9 77 57 67 5 0 2 0.25 M M 7.2 18 350 M M 8 1 25 350
10 58 54 56 -6 9 0 0.19 M M 13.1 20 360 M M 10 1 30 350
11 60 55 58 -4 7 0 0.04 M M 7.4 15 10 M M 10 1 M M
12 59 56 58 -3 7 0 0.45 M M 8.1 15 20 M M 9 1 M M
13 65 55 60 -1 5 0 0.01 M M 9.6 15 30 M M 10 18 21 30
14 75 53 64 3 1 0 0.00 M M 6.3 12 360 M M 4 18 M M
15 76 46 61 1 4 0 0.00 M M 5.1 9 10 M M 0 18 M M
16 63 46 55 -5 10 0 0.00 M M 3.8 8 330 M M 3 128 M M
17 80 54 67 7 0 2 0.00 M M 6.4 12 360 M M 5 18 M M
18 71 57 64 4 1 0 0.00 M M 5.5 10 10 M M 8 M M
19 68 58 63 4 2 0 0.02 M M 4.1 9 160 M M 9 12 M M
20 84 64 74 15 0 9 0.00 M M 7.9 20 360 M M 5 1 24 360
21 64 44 54 -5 11 0 0.00 M M 14.1 25 360 M M 4 32 350
22 66 38 52 -6 13 0 0.00 M M 3.7 8 330 M M 0 M M
23 58 39 49 -9 16 0 0.03 M M 5.0 12 220 M M 3 M M
24 66 40 53 -5 12 0 0.00 M M 5.6 12 40 M M 0 M M
25 61 52 57 -1 8 0 T M M 6.8 12 70 M M 9 M M
26 59 46 53 -5 12 0 0.00 M M 12.1 27 360 M M 6 35 360
27 57 44 51 -6 14 0 0.00 M M 6.8 13 40 M M 8 M M
28 62 46 54 -3 11 0 0.00 M M 4.0 7 160 M M 7 M M
29 64 51 58 1 7 0 T M M 5.5 14 160 M M 10 M M
30 74 58 66 10 0 1 0.27 M M 5.6 18 220 M M 7 1 21 190
================================================================================
SM 2085 1545 176 48 1.26 M 197.1 M 161
================================================================================
AV 69.5 51.5 6.6 FASTST M M 5 MAX(MPH)
MISC ----> 27 360 35 360
================================================================================
NOTES:
# LAST OF SEVERAL OCCURRENCES
COLUMN 17 PEAK WIND IN M.P.H.
PRELIMINARY LOCAL CLIMATOLOGICAL DATA (WS FORM: F-6) , PAGE 2
STATION: RANDOLPH AFB
MONTH: NOVEMBER
YEAR: 2023
LATITUDE: 29 31 N
LONGITUDE: 98 17 W
[TEMPERATURE DATA] [PRECIPITATION DATA] SYMBOLS USED IN COLUMN 16
AVERAGE MONTHLY: 60.5 TOTAL FOR MONTH: 1.26 1 = FOG OR MIST
DPTR FM NORMAL: 0.0 DPTR FM NORMAL: M 2 = FOG REDUCING VISIBILITY
HIGHEST: 85 ON 7 GRTST 24HR 0.45 ON 12-12 TO 1/4 MILE OR LESS
LOWEST: 37 ON 1 3 = THUNDER
SNOW, ICE PELLETS, HAIL 4 = ICE PELLETS
TOTAL MONTH: M 5 = HAIL
GRTST 24HR M ON M 6 = FREEZING RAIN OR DRIZZLE
GRTST DEPTH: M ON M 7 = DUSTSTORM OR SANDSTORM:
VSBY 1/2 MILE OR LESS
8 = SMOKE OR HAZE
[NO. OF DAYS WITH] [WEATHER - DAYS WITH] 9 = BLOWING SNOW
X = TORNADO
MAX 32 OR BELOW: 0 0.01 INCH OR MORE: 8
MAX 90 OR ABOVE: 0 0.10 INCH OR MORE: 4
MIN 32 OR BELOW: 0 0.50 INCH OR MORE: 0
MIN 0 OR BELOW: 0 1.00 INCH OR MORE: 0
[HDD (BASE 65) ]
TOTAL THIS MO. 176 CLEAR (SCALE 0-3) 7
DPTR FM NORMAL -1 PTCLDY (SCALE 4-7) 16
TOTAL FM JUL 1 224 CLOUDY (SCALE 8-10) 7
DPTR FM NORMAL 33
[CDD (BASE 65) ]
TOTAL THIS MO. 48
DPTR FM NORMAL 7 [PRESSURE DATA]
TOTAL FM JAN 1 3731 HIGHEST SLP M ON M
DPTR FM NORMAL 783 LOWEST SLP M ON M
[REMARKS]
#FINAL-11-23#