000
CXUS55 KREV 010914
CF6RNO
PRELIMINARY LOCAL CLIMATOLOGICAL DATA (WS FORM: F-6)
STATION: RENO-TAHOE INTL AIRPORT NV
MONTH: MARCH
YEAR: 2024
LATITUDE: 39 30 N
LONGITUDE: 119 47 W
TEMPERATURE IN F: :PCPN: SNOW: WIND :SUNSHINE: SKY :PK WND
================================================================================
1 2 3 4 5 6A 6B 7 8 9 10 11 12 13 14 15 16 17 18
12Z AVG MX 2MIN
DY MAX MIN AVG DEP HDD CDD WTR SNW DPTH SPD SPD DIR MIN PSBL S-S WX SPD DR
================================================================================
1 42 34 38 -6 27 0 0.45 T 0 11.1 24 180 M M 10 1 43 200
2 35 26 31 -13 34 0 0.65 9.4 2 8.1 31 230 M M 10 128 46 240
3 38 27 33 -11 32 0 0.02 1.2 7 9.6 29 290 M M 9 128 42 290
4 42 26 34 -10 31 0 0.00 0.0 T 6.7 21 290 M M 7 28 290
5 55 31 43 -2 22 0 0.00 0.0 0 4.0 15 230 M M 6 26 270
6 54 34 44 -1 21 0 0.00 0.0 0 5.0 22 330 M M 8 29 320
7 46 29 38 -7 27 0 0.00 0.0 0 5.1 17 10 M M 6 22 40
8 53 26 40 -5 25 0 0.00 0.0 0 4.0 13 120 M M 1 17 100
9 57 28 43 -3 22 0 0.00 0.0 0 5.6 23 190 M M 6 30 180
10 60 34 47 1 18 0 0.00 0.0 0 5.5 22 190 M M M 32 230
11 58 39 49 3 16 0 0.00 0.0 0 7.5 25 270 M M 7 40 300
12 54 40 47 1 18 0 0.00 0.0 0 11.0 25 280 M M 6 41 270
13 51 36 44 -2 21 0 0.00 0.0 0 8.5 20 340 M M 5 29 360
14 52 28 40 -6 25 0 0.00 0.0 0 7.3 18 30 M M 2 30 30
15 57 31 44 -3 21 0 0.00 0.0 0 4.9 18 40 M M 2 25 40
16 63 31 47 0 18 0 0.00 0.0 0 4.0 13 350 M M 1 17 240
17 65 31 48 1 17 0 0.00 0.0 0 2.8 12 110 M M 1 18 80
18 69 34 52 5 13 0 0.00 0.0 0 3.1 14 110 M M 2 20 140
19 73 38 56 9 9 0 0.00 0.0 0 3.8 17 300 M M 1 24 330
20 70 39 55 8 10 0 0.00 0.0 0 5.8 25 280 M M 2 47 270
21 69 42 56 8 9 0 0.00 0.0 0 6.8 23 290 M M 5 31 290
22 67 43 55 7 10 0 0.07 0.0 0 10.4 35 180 M M 7 44 180
23 52 36 44 -4 21 0 T T T 8.4 32 290 M M 8 41 290
24 50 35 43 -5 22 0 0.04 0.0 0 7.8 26 320 M M M 18 33 320
25 56 29 43 -5 22 0 0.00 0.0 0 9.1 23 290 M M 6 35 280
26 60 36 48 0 17 0 T 0.0 0 8.1 21 280 M M 7 28 270
27 61 35 48 0 17 0 T 0.0 0 14.8 39 130 M M 7 55 150
28 52 35 44 -4 21 0 0.07 0.0 0 11.6 31 170 M M 7 1 40 180
29 49 33 41 -8 24 0 0.35 0.3 T 4.8 18 150 M M 9 1 29 230
30 45 33 39 -10 26 0 0.44 0.4 1 5.6 18 280 M M 10 1 23 290
31 50 32 41 -8 24 0 0.11 0.3 T 5.8 31 350 M M 7 1 39 350
================================================================================
SM 1705 1031 640 0 2.20 11.6 216.6 M 165
================================================================================
AV 55.0 33.3 7.0 FASTST M M 6 MAX(MPH)
MISC ----> 39 130 55 150
================================================================================
NOTES:
# LAST OF SEVERAL OCCURRENCES
COLUMN 17 PEAK WIND IN M.P.H.
PRELIMINARY LOCAL CLIMATOLOGICAL DATA (WS FORM: F-6) , PAGE 2
STATION: RENO-TAHOE INTL AIRPORT NV
MONTH: MARCH
YEAR: 2024
LATITUDE: 39 30 N
LONGITUDE: 119 47 W
[TEMPERATURE DATA] [PRECIPITATION DATA] SYMBOLS USED IN COLUMN 16
AVERAGE MONTHLY: 44.1 TOTAL FOR MONTH: 2.20 1 = FOG OR MIST
DPTR FM NORMAL: -2.5 DPTR FM NORMAL: 1.40 2 = FOG REDUCING VISIBILITY
HIGHEST: 73 ON 19 GRTST 24HR 0.93 ON 1- 2 TO 1/4 MILE OR LESS
LOWEST: 26 ON 8, 4 3 = THUNDER
SNOW, ICE PELLETS, HAIL 4 = ICE PELLETS
TOTAL MONTH: 11.6 INCHES 5 = HAIL
GRTST 24HR 9.4 ON 2- 2 6 = FREEZING RAIN OR DRIZZLE
GRTST DEPTH: 7 ON 3 7 = DUSTSTORM OR SANDSTORM:
VSBY 1/2 MILE OR LESS
8 = SMOKE OR HAZE
[NO. OF DAYS WITH] [WEATHER - DAYS WITH] 9 = BLOWING SNOW
X = TORNADO
MAX 32 OR BELOW: 0 0.01 INCH OR MORE: 9
MAX 90 OR ABOVE: 0 0.10 INCH OR MORE: 5
MIN 32 OR BELOW: 13 0.50 INCH OR MORE: 1
MIN 0 OR BELOW: 0 1.00 INCH OR MORE: 0
[HDD (BASE 65) ]
TOTAL THIS MO. 640 CLEAR (SCALE 0-3) 8
DPTR FM NORMAL 69 PTCLDY (SCALE 4-7) 16
TOTAL FM JUL 1 3804 CLOUDY (SCALE 8-10) 7
DPTR FM NORMAL -224
[CDD (BASE 65) ]
TOTAL THIS MO. 0
DPTR FM NORMAL 0 [PRESSURE DATA]
TOTAL FM JAN 1 0 HIGHEST SLP M ON M
DPTR FM NORMAL 0 LOWEST SLP 29.44 ON 2
[REMARKS]
THE AVERAGE TEMPERATURE FOR MARCH 2024 AT THE RENO-TAHOE
INTERNATIONAL AIRPORT WAS 44.1 DEGREES, WHICH IS 2.5 DEGREES BELOW
NORMAL. THE HIGHEST TEMPERATURE FOR MARCH WAS 73 DEGREES, WHICH
OCCURRED ON THE 19TH. THE LOWEST TEMPERATURE FOR THE MONTH WAS 26
DEGREES, WHICH OCCURRED ON THE 2ND, 4TH, AND 8TH.
FOR MARCH 2024, 2.20 INCHES OF PRECIPITATION WAS RECORDED AT THE
RENO-TAHOE INTERNATIONAL AIRPORT. THIS IS 1.40 INCHES ABOVE NORMAL
FOR THE MONTH. 11.6 INCHES OF SNOWFALL WERE REPORTED IN MARCH, WHICH
IS 8.7 INCHES ABOVE NORMAL.
THE AVERAGE WIND SPEED FOR MARCH 2024 WAS 7.0 MPH. THE PEAK WIND
GUST FOR THE MONTH WAS 55 MPH FROM THE SOUTHEAST ON THE 27TH.
#FINAL-03-24#