000
CXUS51 KRNK 010657
CF6ROA
PRELIMINARY LOCAL CLIMATOLOGICAL DATA (WS FORM: F-6)
STATION: ROANOKE VA
MONTH: JANUARY
YEAR: 2024
LATITUDE: 37 19 N
LONGITUDE: 79 58 W
TEMPERATURE IN F: :PCPN: SNOW: WIND :SUNSHINE: SKY :PK WND
================================================================================
1 2 3 4 5 6A 6B 7 8 9 10 11 12 13 14 15 16 17 18
12Z AVG MX 2MIN
DY MAX MIN AVG DEP HDD CDD WTR SNW DPTH SPD SPD DIR MIN PSBL S-S WX SPD DR
================================================================================
1 44 34 39 0 26 0 0.00 0.0 0 9.2 21 350 M M 7 29 270
2 45 33 39 1 26 0 0.00 0.0 0 10.9 21 290 M M 3 28 310
3 51 30 41 3 24 0 T 0.0 0 6.4 15 250 M M 4 26 260
4 44 29 37 -1 28 0 T 0.0 0 10.5 25 330 M M 6 33 340
5 44 22 33 -5 32 0 0.00 0.0 0 4.2 13 110 M M 0 15 110
6 42 32 37 -1 28 0 0.71 0.0 0 3.3 12 70 M M 8 1 15 260
7 51 34 43 5 22 0 0.01 0.0 0 11.0 28 300 M M 7 1 43 320
8 48 29 39 1 26 0 0.00 0.0 0 5.8 24 310 M M 2 35 310
9 50 35 43 5 22 0 1.96 0.0 0 5.4 25 250 M M 9 12 38 260
10 47 36 42 4 23 0 T 0.0 0 13.4 30 260 M M 8 42 270
11 57 29 43 5 22 0 0.00 0.0 0 7.9 21 250 M M 0 31 260
12 50 26 38 0 27 0 0.19 0.0 0 4.9 18 110 M M 5 1 24 120
13 45 31 38 0 27 0 0.00 0.0 0 9.6 31 280 M M 4 12 49 290
14 51 31 41 3 24 0 0.00 0.0 0 9.3 31 260 M M 0 38 260
15 34 28 31 -7 34 0 0.35 3.8 3 2.5 9 150 M M 8 1 12 140
16 33 16 25 -13 40 0 T T 3 9.2 28 290 M M 7 1 38 290
17 29 13 21 -17 44 0 0.00 0.0 3 12.6 20 260 M M 0 28 260
18 39 16 28 -10 37 0 0.00 0.0 2 3.0 16 270 M M 5 21 260
19 39 27 33 -5 32 0 0.01 0.1 1 11.6 32 300 M M 9 4 46 300
20 27 17 22 -16 43 0 0.00 0.0 0 16.0 29 310 M M 7 39 310
21 36 16 26 -12 39 0 0.00 0.0 0 9.3 26 330 M M 0 36 330
22 48 15 32 -6 33 0 0.00 0.0 0 1.9 9 170 M M 0 13 170
23 53 27 40 2 25 0 0.00 0.0 0 2.2 9 340 M M 6 13 350
24 55 43 49 11 16 0 0.00 0.0 0 2.6 13 130 M M 10 12 16 140
25 64 52 58 20 7 0 0.07 0.0 0 2.5 14 110 M M 10 12 17 120
26 76 55 66 28 0 1 0.05 0.0 0 4.0 16 270 M M 5 12 24 230
27 64 44 54 16 11 0 0.68 0.0 0 5.5 16 110 M M 5 1 22 120
28 52 43 48 10 17 0 0.55 0.0 0 9.6 24 300 M M 9 1 36 260
29 50 34 42 4 23 0 0.00 0.0 0 14.9 25 330 M M 3 39 330
30 47 26 37 -1 28 0 T 0.0 0 4.2 13 160 M M 5 17 120
31 51 38 45 7 20 0 0.01 0.0 0 4.9 17 300 M M 9 1 24 310
================================================================================
SM 1466 941 806 1 4.59 3.9 228.3 M 161
================================================================================
AV 47.3 30.4 7.4 FASTST M M 5 MAX(MPH)
MISC ----> 32 300 49 290
================================================================================
NOTES:
# LAST OF SEVERAL OCCURRENCES
COLUMN 17 PEAK WIND IN M.P.H.
PRELIMINARY LOCAL CLIMATOLOGICAL DATA (WS FORM: F-6) , PAGE 2
STATION: ROANOKE VA
MONTH: JANUARY
YEAR: 2024
LATITUDE: 37 19 N
LONGITUDE: 79 58 W
[TEMPERATURE DATA] [PRECIPITATION DATA] SYMBOLS USED IN COLUMN 16
AVERAGE MONTHLY: 38.8 TOTAL FOR MONTH: 4.59 1 = FOG OR MIST
DPTR FM NORMAL: 0.9 DPTR FM NORMAL: 1.42 2 = FOG REDUCING VISIBILITY
HIGHEST: 76 ON 26 GRTST 24HR 1.96 ON 9- 9 TO 1/4 MILE OR LESS
LOWEST: 13 ON 17 3 = THUNDER
SNOW, ICE PELLETS, HAIL 4 = ICE PELLETS
TOTAL MONTH: 3.9 INCHES 5 = HAIL
GRTST 24HR 3.8 ON 15-15 6 = FREEZING RAIN OR DRIZZLE
GRTST DEPTH: 3 ON 17,16 7 = DUSTSTORM OR SANDSTORM:
VSBY 1/2 MILE OR LESS
8 = SMOKE OR HAZE
[NO. OF DAYS WITH] [WEATHER - DAYS WITH] 9 = BLOWING SNOW
X = TORNADO
MAX 32 OR BELOW: 2 0.01 INCH OR MORE: 11
MAX 90 OR ABOVE: 0 0.10 INCH OR MORE: 6
MIN 32 OR BELOW: 19 0.50 INCH OR MORE: 4
MIN 0 OR BELOW: 0 1.00 INCH OR MORE: 1
[HDD (BASE 65) ]
TOTAL THIS MO. 806 CLEAR (SCALE 0-3) 9
DPTR FM NORMAL -34 PTCLDY (SCALE 4-7) 13
TOTAL FM JUL 1 2051 CLOUDY (SCALE 8-10) 9
DPTR FM NORMAL -285
[CDD (BASE 65) ]
TOTAL THIS MO. 1
DPTR FM NORMAL 1 [PRESSURE DATA]
TOTAL FM JAN 1 1 HIGHEST SLP M ON M
DPTR FM NORMAL 1 LOWEST SLP 29.22 ON 9
[REMARKS]
#FINAL-01-24#