000
CXUS54 KFWD 010730
CF6RPH
PRELIMINARY LOCAL CLIMATOLOGICAL DATA (WS FORM: F-6)
STATION: GRAHAM
MONTH: OCTOBER
YEAR: 2022
LATITUDE: 33 6 N
LONGITUDE: 98 30 W
TEMPERATURE IN F: :PCPN: SNOW: WIND :SUNSHINE: SKY :PK WND
================================================================================
1 2 3 4 5 6A 6B 7 8 9 10 11 12 13 14 15 16 17 18
12Z AVG MX 2MIN
DY MAX MIN AVG DEP HDD CDD WTR SNW DPTH SPD SPD DIR MIN PSBL S-S WX SPD DR
================================================================================
1 87 51 69 0 0 4 0.00 M M 3.9 9 90 M M 0 M M
2 85 47 66 -3 0 1 0.00 M M 3.5 8 140 M M 0 M M
3 86 44 65 -3 0 0 0.00 M M 3.8 9 150 M M 0 16 160
4 86 50 68 0 0 3 0.00 M M 3.5 9 110 M M 0 M M
5 89 55 72 4 0 7 0.00 M M 3.0 7 140 M M 1 M M
6 89 54 72 5 0 7 0.00 M M 2.4 7 99 M M 2 M M
7 87 58 73 6 0 8 0.00 M M 4.2 14 40 M M 3 22 40
8 71 54 63 -4 2 0 0.00 M M 7.1 13 350 M M 6 16 30
9 81 54 68 2 0 3 0.00 M M 4.1 12 220 M M 6 M M
10 83 61 72 6 0 7 0.06 M M 3.7 13 200 M M 7 13 17 210
11 83 63 73 7 0 8 0.01 M M 5.3 12 170 M M 5 1 22 170
12 87 63 75 9 0 10 0.00 M M 7.2 13 300 M M 0 21 280
13 81 49 65 0 0 0 0.00 M M 3.9 7 99 M M 0 M M
14 87 44 66 1 0 1 0.00 M M 3.8 10 220 M M 0 17 220
15 92 66 79 15 0 14 0.00 M M 6.9 12 160 M M 1 21 190
16 79 60 70 6 0 5 T M M 7.0 16 10 M M 8 25 70
17 69 45 57 -7 8 0 0.00 M M 6.9 15 340 M M 5 23 340
18 66 35 51 -13 14 0 0.00 M M 3.5 8 30 M M 0 8 16 99
19 75 33 54 -9 11 0 0.00 M M 3.0 9 160 M M 0 8 M M
20 84 49 67 4 0 2 0.00 M M 5.0 15 300 M M 0 18 99
21 92 41 67 4 0 2 0.00 M M 5.8 14 210 M M 0 24 200
22 92 65 79 17 0 14 0.00 M M 10.1 15 230 M M 0 8 24 230
23 87 68 78 16 0 13 0.00 M M 11.8 18 150 M M 2 8 30 M
24 77 50 64 2 1 0 0.05 M M 8.0 17 270 M M 8 1 38 160
25 70 46 58 -3 7 0 T M M 9.4 23 290 M M 2 38 290
26 75 39 57 -4 8 0 0.00 M M 4.8 10 120 M M 0 20 130
27 77 51 64 3 1 0 0.00 M M 9.4 14 130 M M 1 23 150
28 65 51 58 -2 7 0 0.16 M M 9.6 21 70 M M 9 1 37 M
29 64 51 58 -2 7 0 0.00 M M 7.6 13 330 M M 7 20 320
30 73 45 59 -1 6 0 0.00 M M 3.3 9 340 M M 1 M M
31 76 44 60 1 5 0 0.00 M M 0.7 3 30 M M 0 M M
================================================================================
SM 2495 1586 77 109 0.28 M 172.4 M 74
================================================================================
AV 80.5 51.2 5.6 FASTST M M 2 MAX(MPH)
MISC ----> 23 290 # 38 160
================================================================================
NOTES:
# LAST OF SEVERAL OCCURRENCES
COLUMN 17 PEAK WIND IN M.P.H.
PRELIMINARY LOCAL CLIMATOLOGICAL DATA (WS FORM: F-6) , PAGE 2
STATION: GRAHAM
MONTH: OCTOBER
YEAR: 2022
LATITUDE: 33 6 N
LONGITUDE: 98 30 W
[TEMPERATURE DATA] [PRECIPITATION DATA] SYMBOLS USED IN COLUMN 16
AVERAGE MONTHLY: 65.8 TOTAL FOR MONTH: 0.28 1 = FOG OR MIST
DPTR FM NORMAL: 1.6 DPTR FM NORMAL: -3.48 2 = FOG REDUCING VISIBILITY
HIGHEST: 92 ON 22,21 GRTST 24HR 0.16 ON 28-28 TO 1/4 MILE OR LESS
LOWEST: 33 ON 19 3 = THUNDER
SNOW, ICE PELLETS, HAIL 4 = ICE PELLETS
TOTAL MONTH: M 5 = HAIL
GRTST 24HR M ON M 6 = FREEZING RAIN OR DRIZZLE
GRTST DEPTH: M ON M 7 = DUSTSTORM OR SANDSTORM:
VSBY 1/2 MILE OR LESS
8 = SMOKE OR HAZE
[NO. OF DAYS WITH] [WEATHER - DAYS WITH] 9 = BLOWING SNOW
X = TORNADO
MAX 32 OR BELOW: 0 0.01 INCH OR MORE: 4
MAX 90 OR ABOVE: 3 0.10 INCH OR MORE: 1
MIN 32 OR BELOW: 0 0.50 INCH OR MORE: 0
MIN 0 OR BELOW: 0 1.00 INCH OR MORE: 0
[HDD (BASE 65) ]
TOTAL THIS MO. 77 CLEAR (SCALE 0-3) 22
DPTR FM NORMAL -42 PTCLDY (SCALE 4-7) 7
TOTAL FM JUL 1 77 CLOUDY (SCALE 8-10) 2
DPTR FM NORMAL -59
[CDD (BASE 65) ]
TOTAL THIS MO. 109
DPTR FM NORMAL 14 [PRESSURE DATA]
TOTAL FM JAN 1 3108 HIGHEST SLP M ON M
DPTR FM NORMAL 820 LOWEST SLP M ON M
[REMARKS]
#FINAL-10-22#