000
CXUS53 KGRB 010910
CF6RRL
PRELIMINARY LOCAL CLIMATOLOGICAL DATA (WS FORM: F-6)
STATION: MERRILL MUNICIPAL AI
MONTH: NOVEMBER
YEAR: 2022
LATITUDE: 45 10 N
LONGITUDE: 89 42 W
TEMPERATURE IN F: :PCPN: SNOW: WIND :SUNSHINE: SKY :PK WND
================================================================================
1 2 3 4 5 6A 6B 7 8 9 10 11 12 13 14 15 16 17 18
12Z AVG MX 2MIN
DY MAX MIN AVG DEP HDD CDD WTR SNW DPTH SPD SPD DIR MIN PSBL S-S WX SPD DR
================================================================================
1 70 27 49 M 16 0 M M M 1.8 13 240 M M 1 18 M M
2 73 32 53 M 12 0 M M M 4.4 14 200 M M 3 1 24 180
3 70 53 62 M 3 0 M M M 8.7 16 190 M M 5 22 190
4 64 39 52 M 13 0 M M M 8.1 16 200 M M 9 1 24 200
5 42 37 40 M 25 0 M M M 7.3 12 260 M M 10 1 20 280
6 54 34 44 M 21 0 M M M 11.8 28 250 M M 3 1 38 250
7 40 28 34 M 31 0 M M M 8.2 20 270 M M 1 26 280
8 47 32 40 M 25 0 M M M 8.7 17 150 M M 4 22 150
9 64 40 52 M 13 0 M M M 5.0 12 210 M M 9 20 210
10 65 42 54 M 11 0 M M M 10.3 20 270 M M 9 25 220
11 42 26 34 M 31 0 M M M 9.6 16 280 M M 10 22 280
12 32 23 28 M 37 0 M M M 8.3 16 360 M M 9 21 360
13 29 21 25 M 40 0 M M M 3.1 7 300 M M 9 M M
14 28 17 23 M 42 0 M M M 1.9 8 140 M M 8 M M
15 32 26 29 M 36 0 M M M 2.6 8 80 M M 10 M M
16 34 23 29 M 36 0 M M M 2.4 7 360 M M 9 M M
17 28 20 24 M 41 0 M M M 7.2 10 240 M M 10 8 17 300
18 22 14 18 M 47 0 M M M 10.1 17 270 M M 10 23 240
19 19 10 15 M 50 0 M M M 11.2 20 310 M M 8 8 29 300
20 25 3 14 M 51 0 M M M 3.8 9 220 M M 3 M M
21 32 12 22 M 43 0 M M M 6.7 13 10 M M 3 1 18 260
22 34 6 20 M 45 0 M M M 1.4 6 240 M M 3 M M
23 44 7 26 M 39 0 M M M 0.3 3 60 M M 0 M M
24 41 19 30 M 35 0 M M M 3.7 10 300 M M 7 12 17 300
25 43 24 34 M 31 0 M M M 5.2 9 240 M M 0 M M
26 54 27 41 M 24 0 M M M 6.5 16 240 M M 0 21 240
27 40 22 31 M 34 0 M M M 6.4 13 360 M M 2 21 360
28 38 15 27 M 38 0 M M M 4.6 12 160 M M 5 17 160
29 39 22 31 M 34 0 M M M 7.5 21 300 M M 9 1 25 300
30 22 11 17 M 48 0 M M M 16.0 21 300 M M 8 31 300
================================================================================
SM 1267 712 952 0 M M 192.8 M 177
================================================================================
AV 42.2 23.7 6.4 FASTST M M 6 MAX(MPH)
MISC ----> 28 250 38 250
================================================================================
NOTES:
# LAST OF SEVERAL OCCURRENCES
COLUMN 17 PEAK WIND IN M.P.H.
PRELIMINARY LOCAL CLIMATOLOGICAL DATA (WS FORM: F-6) , PAGE 2
STATION: MERRILL MUNICIPAL AI
MONTH: NOVEMBER
YEAR: 2022
LATITUDE: 45 10 N
LONGITUDE: 89 42 W
[TEMPERATURE DATA] [PRECIPITATION DATA] SYMBOLS USED IN COLUMN 16
AVERAGE MONTHLY: 33.0 TOTAL FOR MONTH: M 1 = FOG OR MIST
DPTR FM NORMAL: 0.0 DPTR FM NORMAL: M 2 = FOG REDUCING VISIBILITY
HIGHEST: 73 ON 2 GRTST 24HR M ON M TO 1/4 MILE OR LESS
LOWEST: 3 ON 20 3 = THUNDER
SNOW, ICE PELLETS, HAIL 4 = ICE PELLETS
TOTAL MONTH: M 5 = HAIL
GRTST 24HR M ON M 6 = FREEZING RAIN OR DRIZZLE
GRTST DEPTH: M ON M 7 = DUSTSTORM OR SANDSTORM:
VSBY 1/2 MILE OR LESS
8 = SMOKE OR HAZE
[NO. OF DAYS WITH] [WEATHER - DAYS WITH] 9 = BLOWING SNOW
X = TORNADO
MAX 32 OR BELOW: 10 0.01 INCH OR MORE: 0
MAX 90 OR ABOVE: 0 0.10 INCH OR MORE: 0
MIN 32 OR BELOW: 24 0.50 INCH OR MORE: 0
MIN 0 OR BELOW: 0 1.00 INCH OR MORE: 0
[HDD (BASE 65) ]
TOTAL THIS MO. 952 CLEAR (SCALE 0-3) 10
DPTR FM NORMAL M PTCLDY (SCALE 4-7) 8
TOTAL FM JUL 1 1887 CLOUDY (SCALE 8-10) 12
DPTR FM NORMAL M
[CDD (BASE 65) ]
TOTAL THIS MO. 0
DPTR FM NORMAL M [PRESSURE DATA]
TOTAL FM JAN 1 257 HIGHEST SLP M ON M
DPTR FM NORMAL 257 LOWEST SLP M ON M
[REMARKS]
#FINAL-11-22#