000
CXUS52 KTBW 021826
CF6RSW
PRELIMINARY LOCAL CLIMATOLOGICAL DATA (WS FORM: F-6)
STATION: FORT MYERS SW INTL
MONTH: MAY
YEAR: 2021
LATITUDE: 26 31 N
LONGITUDE: 81 45 W
TEMPERATURE IN F: :PCPN: SNOW: WIND :SUNSHINE: SKY :PK WND
================================================================================
1 2 3 4 5 6A 6B 7 8 9 10 11 12 13 14 15 16 17 18
12Z AVG MX 2MIN
DY MAX MIN AVG DEP HDD CDD WTR SNW DPTH SPD SPD DIR MIN PSBL S-S WX SPD DR
================================================================================
1 90 66 78 2 0 13 0.00 0.0 0 4.5 16 230 M M 1 21 230
2 89 69 79 3 0 14 0.00 0.0 0 7.0 20 220 M M 0 1 23 240
3 90 72 81 5 0 16 0.00 0.0 0 9.5 21 240 M M 1 25 220
4 92 75 84 8 0 19 0.00 0.0 0 8.1 21 230 M M 0 24 240
5 91 71 81 4 0 16 T 0.0 0 6.1 18 240 M M 0 22 230
6 90 74 82 5 0 17 0.00 0.0 0 5.4 17 260 M M 1 18 27 270
7 90 66 78 1 0 13 0.00 0.0 0 6.6 14 350 M M 2 21 290
8 90 65 78 1 0 13 0.00 0.0 0 9.4 20 80 M M 2 31 50
9 92 66 79 2 0 14 0.00 0.0 0 8.2 26 220 M M 2 3 32 220
10 90 71 81 4 0 16 T 0.0 0 6.8 17 230 M M 1 21 230
11 92 70 81 4 0 16 0.02 0.0 0 5.0 17 60 M M 4 8 21 80
12 90 74 82 5 0 17 0.00 0.0 0 6.8 14 270 M M 2 18 240
13 87 73 80 2 0 15 0.00 0.0 0 6.3 16 30 M M 2 3 21 30
14 89 68 79 1 0 14 0.00 0.0 0 9.1 20 70 M M 4 24 70
15 89 67 78 0 0 13 0.00 0.0 0 12.3 22 80 M M 2 27 70
16 89 65 77 -1 0 12 0.00 0.0 0 10.7 23 80 M M 1 27 80
17 88 64 76 -2 0 11 0.00 0.0 0 10.0 22 80 M M 1 26 80
18 89 64 77 -1 0 12 0.00 0.0 0 13.1 25 70 M M 2 32 90
19 89 70 80 2 0 15 T 0.0 0 15.6 28 90 M M 3 33 70
20 88 71 80 2 0 15 T 0.0 0 16.3 28 90 M M 4 35 100
21 88 65 77 -2 0 12 0.00 0.0 0 14.7 28 80 M M 2 34 110
22 88 65 77 -2 0 12 T 0.0 0 13.7 25 70 M M 1 31 60
23 89 65 77 -2 0 12 0.00 0.0 0 9.5 18 90 M M 1 22 80
24 91 62 77 -2 0 12 0.00 0.0 0 6.8 17 70 M M 1 21 80
25 91 64 78 -1 0 13 0.00 0.0 0 7.7 18 70 M M 2 27 100
26 90 64 77 -2 0 12 0.00 0.0 0 5.9 17 230 M M 3 21 130
27 91 67 79 -1 0 14 0.00 0.0 0 4.7 17 240 M M 2 21 240
28 89 69 79 -1 0 14 0.00 0.0 0 5.9 18 240 M M 1 23 250
29 89 69 79 -1 0 14 0.00 0.0 0 4.9 16 240 M M 1 21 240
30 91 69 80 0 0 15 0.53 0.0 0 4.9 23 10 M M 2 13 28 10
31 91 67 79 -1 0 14 0.00 0.0 0 8.9 24 120 M M 1 29 60
================================================================================
SM 2782 2107 0 435 0.55 0.0 264.4 M 52
================================================================================
AV 89.7 68.0 8.5 FASTST M M 2 MAX(MPH)
MISC ----> # 28 90 35 100
================================================================================
NOTES:
# LAST OF SEVERAL OCCURRENCES
COLUMN 17 PEAK WIND IN M.P.H.
PRELIMINARY LOCAL CLIMATOLOGICAL DATA (WS FORM: F-6) , PAGE 2
STATION: FORT MYERS SW INTL
MONTH: MAY
YEAR: 2021
LATITUDE: 26 31 N
LONGITUDE: 81 45 W
[TEMPERATURE DATA] [PRECIPITATION DATA] SYMBOLS USED IN COLUMN 16
AVERAGE MONTHLY: 78.9 TOTAL FOR MONTH: 0.55 1 = FOG OR MIST
DPTR FM NORMAL: 0.9 DPTR FM NORMAL: -2.47 2 = FOG REDUCING VISIBILITY
HIGHEST: 92 ON 11, 9 GRTST 24HR 0.53 ON 30-30 TO 1/4 MILE OR LESS
LOWEST: 62 ON 24 3 = THUNDER
SNOW, ICE PELLETS, HAIL 4 = ICE PELLETS
TOTAL MONTH: 0.0 INCH 5 = HAIL
GRTST 24HR 0.0 6 = FREEZING RAIN OR DRIZZLE
GRTST DEPTH: 0 7 = DUSTSTORM OR SANDSTORM:
VSBY 1/2 MILE OR LESS
8 = SMOKE OR HAZE
[NO. OF DAYS WITH] [WEATHER - DAYS WITH] 9 = BLOWING SNOW
X = TORNADO
MAX 32 OR BELOW: 0 0.01 INCH OR MORE: 2
MAX 90 OR ABOVE: 17 0.10 INCH OR MORE: 1
MIN 32 OR BELOW: 0 0.50 INCH OR MORE: 1
MIN 0 OR BELOW: 0 1.00 INCH OR MORE: 0
[HDD (BASE 65) ]
TOTAL THIS MO. 0 CLEAR (SCALE 0-3) 28
DPTR FM NORMAL 0 PTCLDY (SCALE 4-7) 3
TOTAL FM JUL 1 209 CLOUDY (SCALE 8-10) 0
DPTR FM NORMAL -59
[CDD (BASE 65) ]
TOTAL THIS MO. 435
DPTR FM NORMAL 32 [PRESSURE DATA]
TOTAL FM JAN 1 1214 HIGHEST SLP 30.23 ON 21
DPTR FM NORMAL 178 LOWEST SLP 29.88 ON 29
[REMARKS]
#FINAL-05-21#