000
CXUS53 KMPX 011820
CF6RWF
PRELIMINARY LOCAL CLIMATOLOGICAL DATA (WS FORM: F-6)
STATION: REDWOOD FALLS MN
MONTH: NOVEMBER
YEAR: 2023
LATITUDE: 44 32 N
LONGITUDE: 95 5 W
TEMPERATURE IN F: :PCPN: SNOW: WIND :SUNSHINE: SKY :PK WND
================================================================================
1 2 3 4 5 6A 6B 7 8 9 10 11 12 13 14 15 16 17 18
12Z AVG MX 2MIN
DY MAX MIN AVG DEP HDD CDD WTR SNW DPTH SPD SPD DIR MIN PSBL S-S WX SPD DR
================================================================================
1 45 23 34 -6 31 0 0.00 M M 8.4 17 200 M M 4 24 200
2 47 25 36 -4 29 0 0.00 M M 5.8 10 140 M M 3 18 14 230
3 51 31 41 2 24 0 0.00 M M 6.9 14 320 M M 5 19 290
4 57 24 41 2 24 0 0.00 M M 5.6 13 210 M M 1 1 19 210
5 66 30 48 10 17 0 0.00 M M 12.2 30 170 M M 0 1 41 180
6 54 36 45 7 20 0 T M M 12.0 24 280 M M 3 32 290
7 48 30 39 2 26 0 T M M 9.1 20 120 M M 6 27 110
8 57 35 46 9 19 0 0.00 M M 9.0 28 300 M M 4 45 320
9 49 32 41 5 24 0 T M M 14.9 26 260 M M 3 35 300
10 38 32 35 -1 30 0 0.00 M M 5.8 16 280 M M 10 22 290
11 51 29 40 5 25 0 0.00 M M 11.8 23 140 M M 3 31 130
12 62 27 45 10 20 0 0.00 M M 11.1 25 290 M M 0 34 280
13 59 33 46 12 19 0 0.00 M M 8.8 17 150 M M 0 25 150
14 67 39 53 19 12 0 0.00 M M 16.9 32 190 M M 0 47 190
15 60 29 45 12 20 0 0.00 M M 7.7 15 140 M M 0 18 130
16 67 31 49 16 16 0 0.00 M M 18.0 31 200 M M 0 44 290
17 49 23 36 4 29 0 0.00 M M 9.1 20 220 M M 0 1 27 230
18 62 30 46 14 19 0 0.00 M M 5.9 13 280 M M 0 20 260
19 60 31 46 15 19 0 0.00 M M 8.8 18 130 M M 1 8 25 130
20 48 41 45 14 20 0 T M M 5.3 12 100 M M 10 17 90
21 41 24 33 3 32 0 T M M 12.1 25 300 M M 4 1 39 300
22 57 21 39 9 26 0 0.00 M M 12.1 26 200 M M 0 34 200
23 30 14 22 -7 43 0 0.00 M M 12.4 18 330 M M 0 29 330
24 29 7 18 -11 47 0 0.00 M M 4.0 12 330 M M 1 22 340
25 28 20 24 -4 41 0 T M M 6.3 13 200 M M 10 18 16 210
26 34 15 25 -3 40 0 T M M 13.8 26 300 M M 8 18 39 300
27 18 7 13 -14 52 0 T M M 9.6 17 310 M M 6 1 27 320
28 41 4 23 -4 42 0 0.00 M M 11.1 23 200 M M 0 31 200
29 52 26 39 13 26 0 0.00 M M 8.5 16 260 M M 0 23 260
30 40 21 31 5 34 0 0.00 M M 9.2 17 320 M M 0 24 320
================================================================================
SM 1467 770 826 0 T M 292.2 M 82
================================================================================
AV 48.9 25.7 9.7 FASTST M M 3 MAX(MPH)
MISC ----> 32 190 47 190
================================================================================
NOTES:
# LAST OF SEVERAL OCCURRENCES
COLUMN 17 PEAK WIND IN M.P.H.
PRELIMINARY LOCAL CLIMATOLOGICAL DATA (WS FORM: F-6) , PAGE 2
STATION: REDWOOD FALLS MN
MONTH: NOVEMBER
YEAR: 2023
LATITUDE: 44 32 N
LONGITUDE: 95 5 W
[TEMPERATURE DATA] [PRECIPITATION DATA] SYMBOLS USED IN COLUMN 16
AVERAGE MONTHLY: 37.3 TOTAL FOR MONTH: T 1 = FOG OR MIST
DPTR FM NORMAL: 4.2 DPTR FM NORMAL: -1.19 2 = FOG REDUCING VISIBILITY
HIGHEST: 67 ON 16,14 GRTST 24HR T ON 6- 6 TO 1/4 MILE OR LESS
LOWEST: 4 ON 28 3 = THUNDER
SNOW, ICE PELLETS, HAIL 4 = ICE PELLETS
TOTAL MONTH: M 5 = HAIL
GRTST 24HR M ON M 6 = FREEZING RAIN OR DRIZZLE
GRTST DEPTH: M ON M 7 = DUSTSTORM OR SANDSTORM:
VSBY 1/2 MILE OR LESS
8 = SMOKE OR HAZE
[NO. OF DAYS WITH] [WEATHER - DAYS WITH] 9 = BLOWING SNOW
X = TORNADO
MAX 32 OR BELOW: 4 0.01 INCH OR MORE: 0
MAX 90 OR ABOVE: 0 0.10 INCH OR MORE: 0
MIN 32 OR BELOW: 25 0.50 INCH OR MORE: 0
MIN 0 OR BELOW: 0 1.00 INCH OR MORE: 0
[HDD (BASE 65) ]
TOTAL THIS MO. 826 CLEAR (SCALE 0-3) 18
DPTR FM NORMAL -132 PTCLDY (SCALE 4-7) 8
TOTAL FM JUL 1 1348 CLOUDY (SCALE 8-10) 4
DPTR FM NORMAL -314
[CDD (BASE 65) ]
TOTAL THIS MO. 0
DPTR FM NORMAL 0 [PRESSURE DATA]
TOTAL FM JAN 1 956 HIGHEST SLP 30.73 ON 24
DPTR FM NORMAL 266 LOWEST SLP 29.50 ON 6
[REMARKS]
#FINAL-11-23#