000
CXUS55 KCYS 220950
CF6RWL
PRELIMINARY LOCAL CLIMATOLOGICAL DATA (WS FORM: F-6)
STATION: RAWLINS WYOMING AIRPORT
MONTH: APRIL
YEAR: 2023
LATITUDE: 41 47 N
LONGITUDE: 107 12 W
TEMPERATURE IN F: :PCPN: SNOW: WIND :SUNSHINE: SKY :PK WND
================================================================================
1 2 3 4 5 6A 6B 7 8 9 10 11 12 13 14 15 16 17 18
12Z AVG MX 2MIN
DY MAX MIN AVG DEP HDD CDD WTR SNW DPTH SPD SPD DIR MIN PSBL S-S WX SPD DR
================================================================================
1 43 25 34 -4 31 0 0.00 M M 24.0 44 230 M M 2 61 230
2 39 27 33 -5 32 0 0.07 M M 17.2 32 270 M M 10 1 44 270
3 31 20 26 -12 39 0 0.48 M M 17.5 29 60 M M 10 12 52 40
4 22 7 15 -23 50 0 0.71 M M 16.7 37 60 M M 10 128 56 50
5 24 7 16 -22 49 0 0.07 M M 13.5 24 230 M M 8 18 32 250
6 28 13 21 -18 44 0 0.00 M M 19.0 35 230 M M 0 49 230
7 44 2 23 -16 42 0 0.00 M M 4.8 18 230 M M 0 26 230
8 45 19 32 -7 33 0 0.00 M M 8.0 20 240 M M 3 31 230
9 48 29 39 0 26 0 0.00 M M 11.6 24 240 M M 0 36 270
10 56 36 46 7 19 0 0.00 M M 9.5 22 240 M M 0 29 240
11 64 34 49 10 16 0 0.00 M M 13.7 31 200 M M 0 52 210
12 66 45 56 16 9 0 0.00 M M 17.0 33 200 M M 0 45 200
13 61 27 44 4 21 0 0.05 M M 18.8 35 210 M M 2 1 48 230
14 39 26 33 -7 32 0 T M M 9.0 21 250 M M 8 18 30 240
15 40 24 32 -8 33 0 0.04 M M 12.2 24 280 M M 5 18 35 240
16 54 24 39 -1 26 0 0.00 M M 10.2 25 250 M M 0 38 230
17 63 35 49 9 16 0 0.00 M M 14.2 29 200 M M 0 37 200
18 55 28 42 1 23 0 0.25 M M 15.6 38 290 M M 4 138 50 300
19 38 24 31 -10 34 0 T M M 22.2 31 270 M M 4 8 47 240
20 40 21 31 -10 34 0 0.00 M M 22.1 32 270 M M 2 43 270
21 37 23 30 -11 35 0 0.05 M M 15.4 30 240 M M 7 128 43 230
22 40 22 31 -11 34 0 T M M 6.1 15 280 M M 6 18 26 30
23 48 20 34 -8 31 0 0.00 M M 9.9 21 240 M M 2 30 220
24 57 24 41 -1 24 0 T M M 12.3 24 290 M M 2 32 230
25 48 33 41 -1 24 0 0.34 M M 10.0 16 350 M M 8 1 28 20
26 57 31 44 1 21 0 0.00 M M 8.8 23 260 M M 3 30 250
27 59 32 46 3 19 0 0.10 M M 19.5 41 320 M M 4 1 66 280
28 54 30 42 -1 23 0 T M M 10.2 21 260 M M 3 28 290
29 68 40 54 10 11 0 0.00 M M 11.7 21 300 M M 0 30 290
30 69 34 52 8 13 0 0.00 M M 6.3 18 320 M M 0 27 280
================================================================================
SM 1437 762 844 0 2.16 M 407.0 M 103
================================================================================
AV 47.9 25.4 13.6 FASTST M M 3 MAX(MPH)
MISC ----> 44 230 66 280
================================================================================
NOTES:
# LAST OF SEVERAL OCCURRENCES
COLUMN 17 PEAK WIND IN M.P.H.
PRELIMINARY LOCAL CLIMATOLOGICAL DATA (WS FORM: F-6) , PAGE 2
STATION: RAWLINS WYOMING AIRPORT
MONTH: APRIL
YEAR: 2023
LATITUDE: 41 47 N
LONGITUDE: 107 12 W
[TEMPERATURE DATA] [PRECIPITATION DATA] SYMBOLS USED IN COLUMN 16
AVERAGE MONTHLY: 36.7 TOTAL FOR MONTH: 2.16 1 = FOG OR MIST
DPTR FM NORMAL: -3.7 DPTR FM NORMAL: 0.90 2 = FOG REDUCING VISIBILITY
HIGHEST: 69 ON 30 GRTST 24HR 12.33 ON 21-22 TO 1/4 MILE OR LESS
LOWEST: 2 ON 7 3 = THUNDER
SNOW, ICE PELLETS, HAIL 4 = ICE PELLETS
TOTAL MONTH: M 5 = HAIL
GRTST 24HR M ON M 6 = FREEZING RAIN OR DRIZZLE
GRTST DEPTH: M ON M 7 = DUSTSTORM OR SANDSTORM:
VSBY 1/2 MILE OR LESS
8 = SMOKE OR HAZE
[NO. OF DAYS WITH] [WEATHER - DAYS WITH] 9 = BLOWING SNOW
X = TORNADO
MAX 32 OR BELOW: 4 0.01 INCH OR MORE: 10
MAX 90 OR ABOVE: 0 0.10 INCH OR MORE: 5
MIN 32 OR BELOW: 23 0.50 INCH OR MORE: 1
MIN 0 OR BELOW: 0 1.00 INCH OR MORE: 0
[HDD (BASE 65) ]
TOTAL THIS MO. 844 CLEAR (SCALE 0-3) 17
DPTR FM NORMAL 106 PTCLDY (SCALE 4-7) 9
TOTAL FM JUL 1 8121 CLOUDY (SCALE 8-10) 4
DPTR FM NORMAL 599
[CDD (BASE 65) ]
TOTAL THIS MO. 0
DPTR FM NORMAL 0 [PRESSURE DATA]
TOTAL FM JAN 1 0 HIGHEST SLP 30.44 ON 6
DPTR FM NORMAL 0 LOWEST SLP 29.35 ON 13
[REMARKS]
#FINAL-04-23#
ASOS TIPPING BUCKET HAD SIGNIFICANT PRECIPITTION ERRORS FOR THE ENTIRE MONTH.
THEREFORE, USED THE COOP BACKUP FOR ALL PRECIPITATION REPORTS.
UPDATED LATE TO INCLUDE DELAYED REPORT OF COOP PRECIP FROM APRIL 17-30.
APRIL 7... RECORD LOW TEMPERATURE: 2F (PREVIOUS: 3F IN 1973)