000
CXUS56 KSTO 011300
CF6SAC
PRELIMINARY LOCAL CLIMATOLOGICAL DATA (WS FORM: F-6)
STATION: SACRAMENTO EXEC. AIRPORT CA
MONTH: SEPTEMBER
YEAR: 2022
LATITUDE: 38 31 N
LONGITUDE: 121 30 W
TEMPERATURE IN F: :PCPN: SNOW: WIND :SUNSHINE: SKY :PK WND
================================================================================
1 2 3 4 5 6A 6B 7 8 9 10 11 12 13 14 15 16 17 18
12Z AVG MX 2MIN
DY MAX MIN AVG DEP HDD CDD WTR SNW DPTH SPD SPD DIR MIN PSBL S-S WX SPD DR
================================================================================
1 105 59 82 8 0 17 0.00 M M 4.1 14 320 M M 0 20 320
2 103 67 85 11 0 20 0.00 M M 4.7 10 200 M M 0 17 200
3 100 63 82 8 0 17 0.00 M M 3.7 10 200 M M 0 14 200
4 105 62 84 10 0 19 0.00 M M 3.7 16 320 M M 0 19 320
5 114 68 91 17 0 26 0.00 M M 5.6 16 320 M M 0 25 320
6 114 73 94 20 0 29 0.00 M M 4.7 15 320 M M 0 18 320
7 107 73 90 16 0 25 0.00 0.0 M 6.8 14 230 M M 0 22 190
8 112 68 90 16 0 25 0.00 0.0 M 5.4 16 330 M M 0 20 320
9 106 67 87 13 0 22 0.00 M M 5.3 14 220 M M 0 19 320
10 87 70 79 5 0 14 0.00 M M 8.8 25 220 M M 0 34 220
11 91 67 79 6 0 14 0.00 M M 4.3 12 210 M M 0 17 200
12 92 66 79 6 0 14 0.00 M M 5.6 16 230 M M 0 19 220
13 81 61 71 -2 0 6 0.00 M M 10.8 21 220 M M 0 29 220
14 80 57 69 -4 0 4 0.00 M M 7.1 17 210 M M 0 23 230
15 78 58 68 -5 0 3 0.00 M M 5.2 15 220 M M 0 20 220
16 84 55 70 -3 0 5 0.00 M M 5.1 14 220 M M 0 18 210
17 77 58 68 -4 0 3 0.00 M M 9.0 22 200 M M 0 35 200
18 75 60 68 -4 0 3 0.04 M M 9.6 22 160 M M 7 33 150
19 76 61 69 -3 0 4 0.21 M M 5.5 23 40 M M 10 13 66 30
20 77 59 68 -4 0 3 0.00 M M 3.6 12 310 M M 5 1 18 280
21 78 58 68 -4 0 3 0.03 M M 3.7 10 210 M M 5 20 320
22 84 56 70 -2 0 5 0.00 M M 6.8 16 310 M M 0 24 310
23 89 55 72 1 0 7 0.00 M M 3.3 15 320 M M 0 20 330
24 96 56 76 5 0 11 0.00 M M 4.5 16 320 M M 0 1 20 330
25 95 58 77 6 0 12 0.00 M M 5.0 16 300 M M 0 18 310
26 92 59 76 5 0 11 0.00 M M 6.0 13 230 M M 0 16 240
27 84 54 69 -1 0 4 0.00 M M 6.3 12 220 M M 0 16 190
28 87 57 72 2 0 7 0.00 M M 5.0 14 220 M M 0 16 230
29 89 56 73 3 0 8 0.00 M M 4.1 13 330 M M 0 21 330
30 92 53 73 3 0 8 0.00 M M 3.4 14 320 M M 0 25 330
================================================================================
SM 2750 1834 0 349 0.28 0.0 166.7 M 27
================================================================================
AV 91.7 61.1 5.6 FASTST M M 1 MAX(MPH)
MISC ----> 25 220 66 30
================================================================================
NOTES:
# LAST OF SEVERAL OCCURRENCES
COLUMN 17 PEAK WIND IN M.P.H.
PRELIMINARY LOCAL CLIMATOLOGICAL DATA (WS FORM: F-6) , PAGE 2
STATION: SACRAMENTO EXEC. AIRPORT CA
MONTH: SEPTEMBER
YEAR: 2022
LATITUDE: 38 31 N
LONGITUDE: 121 30 W
[TEMPERATURE DATA] [PRECIPITATION DATA] SYMBOLS USED IN COLUMN 16
AVERAGE MONTHLY: 76.4 TOTAL FOR MONTH: 0.28 1 = FOG OR MIST
DPTR FM NORMAL: 3.9 DPTR FM NORMAL: 0.19 2 = FOG REDUCING VISIBILITY
HIGHEST: 114 ON 6, 5 GRTST 24HR 0.21 ON 18-19 TO 1/4 MILE OR LESS
LOWEST: 53 ON 30 3 = THUNDER
SNOW, ICE PELLETS, HAIL 4 = ICE PELLETS
TOTAL MONTH: 0.0 INCH 5 = HAIL
GRTST 24HR 0.0 6 = FREEZING RAIN OR DRIZZLE
GRTST DEPTH: M ON M 7 = DUSTSTORM OR SANDSTORM:
VSBY 1/2 MILE OR LESS
8 = SMOKE OR HAZE
[NO. OF DAYS WITH] [WEATHER - DAYS WITH] 9 = BLOWING SNOW
X = TORNADO
MAX 32 OR BELOW: 0 0.01 INCH OR MORE: 3
MAX 90 OR ABOVE: 15 0.10 INCH OR MORE: 1
MIN 32 OR BELOW: 0 0.50 INCH OR MORE: 0
MIN 0 OR BELOW: 0 1.00 INCH OR MORE: 0
[HDD (BASE 65) ]
TOTAL THIS MO. 0 CLEAR (SCALE 0-3) 26
DPTR FM NORMAL -5 PTCLDY (SCALE 4-7) 3
TOTAL FM JUL 1 0 CLOUDY (SCALE 8-10) 1
DPTR FM NORMAL 0
[CDD (BASE 65) ]
TOTAL THIS MO. 349
DPTR FM NORMAL 119 [PRESSURE DATA]
TOTAL FM JAN 1 1605 HIGHEST SLP 30.09 ON 22
DPTR FM NORMAL 378 LOWEST SLP 29.43 ON 9
[REMARKS]
#FINAL-09-22#